{"id":7,"date":"2021-06-14T14:25:31","date_gmt":"2021-06-14T14:25:31","guid":{"rendered":"https:\/\/mercigracias.ch\/PourToutesTesGraces\/?page_id=7"},"modified":"2021-07-16T14:41:36","modified_gmt":"2021-07-16T14:41:36","slug":"contact","status":"publish","type":"page","link":"https:\/\/mercigracias.ch\/PourToutesTesGraces\/?page_id=7","title":{"rendered":"Contact"},"content":{"rendered":"\n<p class=\"wp-block-paragraph\">Si vous souhaiter me raconter une de vos exp\u00e9riences \u00e9tranges, il vous est possible de me contacter via le formulaire ci-dessous. <br>Apr\u00e8s validation celle-ci pourra para\u00eetre dans une page du site sp\u00e9ciale r\u00e9serv\u00e9es aux visiteurs.<\/p>\n\n\n<div class=\"wp-block-jetpack-contact-form is-layout-flex wp-container-jetpack-contact-form-is-layout-7f6ac06e wp-block-jetpack-contact-form-is-layout-flex\"><a href=\"https:\/\/mercigracias.ch\/PourToutesTesGraces\/?page_id=7\" target=\"_blank\" rel=\"noopener noreferrer\">Soumettre un formulaire.<\/a><\/div>","protected":false},"excerpt":{"rendered":"<p>Si vous souhaiter me raconter une de vos exp\u00e9riences \u00e9tranges, il vous est possible de me contacter via le formulaire ci-dessous. Apr\u00e8s validation celle-ci pourra para\u00eetre dans une page du site sp\u00e9ciale r\u00e9serv\u00e9es aux visiteurs.<\/p>\n","protected":false},"author":1,"featured_media":0,"parent":0,"menu_order":0,"comment_status":"closed","ping_status":"closed","template":"","meta":{"footnotes":""},"class_list":["post-7","page","type-page","status-publish","hentry","entry"],"jetpack_sharing_enabled":true,"_links":{"self":[{"href":"https:\/\/mercigracias.ch\/PourToutesTesGraces\/index.php?rest_route=\/wp\/v2\/pages\/7","targetHints":{"allow":["GET"]}}],"collection":[{"href":"https:\/\/mercigracias.ch\/PourToutesTesGraces\/index.php?rest_route=\/wp\/v2\/pages"}],"about":[{"href":"https:\/\/mercigracias.ch\/PourToutesTesGraces\/index.php?rest_route=\/wp\/v2\/types\/page"}],"author":[{"embeddable":true,"href":"https:\/\/mercigracias.ch\/PourToutesTesGraces\/index.php?rest_route=\/wp\/v2\/users\/1"}],"replies":[{"embeddable":true,"href":"https:\/\/mercigracias.ch\/PourToutesTesGraces\/index.php?rest_route=%2Fwp%2Fv2%2Fcomments&post=7"}],"version-history":[{"count":3,"href":"https:\/\/mercigracias.ch\/PourToutesTesGraces\/index.php?rest_route=\/wp\/v2\/pages\/7\/revisions"}],"predecessor-version":[{"id":53,"href":"https:\/\/mercigracias.ch\/PourToutesTesGraces\/index.php?rest_route=\/wp\/v2\/pages\/7\/revisions\/53"}],"wp:attachment":[{"href":"https:\/\/mercigracias.ch\/PourToutesTesGraces\/index.php?rest_route=%2Fwp%2Fv2%2Fmedia&parent=7"}],"curies":[{"name":"wp","href":"https:\/\/api.w.org\/{rel}","templated":true}]}}

<p class="wp-block-paragraph">Si vous souhaiter me raconter une de vos expériences étranges, il vous est possible de me contacter via le formulaire ci-dessous. <br>Après validation celle-ci pourra paraître dans une page du site spéciale réservées aux visiteurs.</p>


<div class="wp-block-jetpack-contact-form is-layout-flex wp-container-jetpack-contact-form-is-layout-7f6ac06e wp-block-jetpack-contact-form-is-layout-flex"><a href="https://mercigracias.ch/PourToutesTesGraces/?page_id=7" target="_blank" rel="noopener noreferrer">Soumettre un formulaire.</a></div>

<p>Si vous souhaiter me raconter une de vos expériences étranges, il vous est possible de me contacter via le formulaire ci-dessous. Après validation celle-ci pourra paraître dans une page du site spéciale réservées aux visiteurs.</p>
