{"id":1016,"date":"2026-01-25T16:44:23","date_gmt":"2026-01-25T16:44:23","guid":{"rendered":"https:\/\/mercigracias.ch\/?page_id=1016"},"modified":"2026-07-13T05:32:00","modified_gmt":"2026-07-13T05:32:00","slug":"chez-ma-marraine","status":"publish","type":"page","link":"https:\/\/mercigracias.ch\/?page_id=1016","title":{"rendered":"Chez ma marraine&#8230;"},"content":{"rendered":"\n<p class=\"wp-block-paragraph\">&lt;Enregistr\u00e9 le 15 Septembre 2016&gt;<\/p>\n\n\n\n<p class=\"wp-block-paragraph\">Mon oncle n&rsquo;a pas voulu que j&rsquo;aille \u00e0 l&rsquo;orphelinat, alors j&rsquo;ai \u00e9t\u00e9 plac\u00e9e chez ma marraine de confirmation&#8230; Comme \u00e7a, je pouvais retourner \u00e0 l&rsquo;\u00e9cole, dans la m\u00eame classe. Je ne te dis pas comment je me sentais&#8230; avec tous ces regards, tous mes copains et copines je ne les voyais plus&#8230;<\/p>\n\n\n\n<p class=\"wp-block-paragraph\">C&rsquo;\u00e9tait le chaos. Je pleurais tout le temps&#8230;<br>&#8230;<br>(<em>Emotions&#8230; C&rsquo;est fou qu&rsquo;apr\u00e8s 44 -45 ans, que l&rsquo;\u00e9motion soit toujours autant pr\u00e9sente&#8230; Mais nous \u00e9tions en 2016, de nouveaux \u00e9v\u00e8nements s&rsquo;\u00e9taient pass\u00e9s&#8230;<\/em>)<\/p>\n\n\n\n<p class=\"wp-block-paragraph\">Mon oncle venait me chercher les week-ends. Ma m\u00e8re et ma s\u0153ur ont habit\u00e9 chez lui pendant une ann\u00e9e. Apr\u00e8s on a tous emm\u00e9nag\u00e9 dans un village voisin, et on y est rest\u00e9&#8230;<\/p>\n\n\n\n<p class=\"wp-block-paragraph\">Quand \u00e0 mon P\u00e8re, il a du vendre le restaurant, car il ne pouvait plus le faire marcher. On n&rsquo;\u00e9tait plus l\u00e0, et en plus la proc\u00e9dure de divorce \u00e9tait commenc\u00e9e&#8230;<\/p>\n\n\n\n<p class=\"wp-block-paragraph\">C&rsquo;\u00e9tait le chaos, le chaos&#8230; total !<\/p>\n\n\n\n<p class=\"wp-block-paragraph\">Alors pour me concentrer \u00e0 l&rsquo;\u00e9cole ? Tu pouvais toujours courir&#8230;<\/p>\n\n\n\n<p class=\"wp-block-paragraph\">Et Moi, sans le restaurant, sans tout ce monde que je rencontrais&#8230;?<\/p>\n\n\n\n<ul class=\"wp-block-list\">\n<li>C&rsquo;\u00e9tait ma famille !<\/li>\n<\/ul>\n\n\n\n<p class=\"wp-block-paragraph\">Et d&rsquo;un coup, ton monde s&rsquo;\u00e9croule&#8230; et selon l&rsquo;\u00e2ge que tu as, comment faire pout trouver la force de continuer ta route ?<br>Mon fr\u00e8re, lui il avait 18 ans, ma s\u0153ur 15, mais moi 13&#8230;!<\/p>\n\n\n\n<p class=\"wp-block-paragraph\">Heureusement, il y avait ma marraine&#8230; Elle devait avoir 50 ans et la grand-m\u00e8re, elle devait avoir 80 ans&#8230; Ma marraine \u00e9tait mari\u00e9e, c&rsquo;\u00e9taient des gentils gens, ils avaient 3 enfants, et un chien, un loulou&#8230;<\/p>\n\n\n\n<p class=\"wp-block-paragraph\">Une des fille avait 27 ans, elle vivait avec son copain, mais elle revenait chez ma marraine une fois par mois&#8230; <br>Imagine pour moi c&rsquo;\u00e9tait \u00e2g\u00e9, j&rsquo;avais 13 &#8211; 14 ans&#8230;!<br>Mais j&rsquo;\u00e9tais tr\u00e8s contente quand elle venait&#8230; c&rsquo;\u00e9tait comme un bol d&rsquo;air, surtout qu&rsquo;elle \u00e9tait rigolo, toujours contente&#8230;<\/p>\n\n\n\n<p class=\"wp-block-paragraph\">Elle avait l&rsquo;humour et la joie de vivre de son p\u00e8re. Apr\u00e8s il y avait le fils, c&rsquo;\u00e9tait le dernier, le petit dernier, je ne sais pas \u00e0 l&rsquo;\u00e9poque quel \u00e2ge il avait, vers 23, 24 ans sans doute&#8230; mais pour moi, il \u00e9tait vieux, hein !<\/p>\n\n\n\n<p class=\"wp-block-paragraph\">Il \u00e9tait fianc\u00e9 avec une coiffeuse&#8230; Je ne me souviens plus comment s&rsquo;appelait, sa copine&#8230; Il venait aussi de temps en temps \u00e0 la maison, et allait des fois dormir chez elle, parfois c&rsquo;\u00e9tait elle qui venait dormir chez lui&#8230;<\/p>\n\n\n\n<p class=\"wp-block-paragraph\">La grand-m\u00e8re avait la scl\u00e9rose en plaques et c&rsquo;\u00e9tait le mari de ma marraine qui s&rsquo;en occupait, c&rsquo;est lui qui la soignait. M\u00eame s&rsquo;il devait avoir la soixantaine, c&rsquo;\u00e9tait lui qui la soignait&#8230; Elle \u00e9tait sur une chaise roulante&#8230;<\/p>\n\n\n\n<p class=\"wp-block-paragraph\">Il travaillait au d\u00e9but, je crois dans la ma\u00e7onnerie mais il avait perdu son boulot \u00e0 l&rsquo;\u00e9poque des restructurations&#8230; Tu vois, il y avait eu tous ces italiens qui \u00e9taient arriv\u00e9s en suisse&#8230; Alors lui, il d\u00e9testait les italiens ! <br>Il les appelait les \u00ab\u00a0Val Uts\u00a0\u00bb&#8230; et il disait \u00e0 ses enfants&#8230;: <br>&#8211; Bon, mais vous ne me ram\u00e8nerez pas des \u00ab\u00a0Val Uts\u00a0\u00bb&#8230;et voil\u00e0 que la premi\u00e8re, elle lui ram\u00e8ne un italien&#8230; Elle \u00e9tait tr\u00e8s attach\u00e9e \u00e0 sa m\u00e8re, mais elle aimait beaucoup son papa, et voil\u00e0 qu&rsquo;elle tombe amoureuse d&rsquo;un \u00ab\u00a0Val Ut\u00a0\u00bb, un beau \u00ab\u00a0Val Ut\u00a0\u00bb, un grand gaillard bien fait, bien construit&#8230;<br><br>C&rsquo;\u00e9tait vraiment une famille tr\u00e8s tendre&#8230; Une tr\u00e8s belle famille. <br>Ils avaient un chien, un chien un blanc, il s&rsquo;appelait Loulou. <br>Alors celui-l\u00e0, c&rsquo;\u00e9tait vraiment l&rsquo;ami du p\u00e8re, quand il dormait, il allait dormir sur lui, sur le canap\u00e9, l\u00e0 o\u00f9 il faisait toujours sa petite sieste de 10 minutes \u00e0 un quart d&rsquo;heure, et quand il partait au lait, au village d&rsquo;\u00e0 c\u00f4t\u00e9 il prenait sa vespa&#8230; et il disait : <br>&#8211; Loulou ?&#8230; On va au lait !<br>Il suffisait qu&rsquo;il prenne son seau pour aller chercher le lait, il le secouait comme \u00e7a&#8230; et hop le chien sautait sur le scooter&#8230; sur la Vespa, parce qu&rsquo;il savait que c&rsquo;\u00e9tait l&rsquo;heure d&rsquo;aller au lait&#8230;<\/p>\n\n\n\n<p class=\"wp-block-paragraph\">C&rsquo;\u00e9tait quelque chose de tr\u00e8s dr\u00f4le&#8230; Oh oui, c&rsquo;\u00e9tait vraiment quelque chose de nouveau, tant de douceurs&#8230; C&rsquo;\u00e9tait un chien blanc avec de longs poils&#8230; Il se mettait devant, les deux pattes sur le guidon, on aurait presque pu croire que c&rsquo;\u00e9tait le chien qui conduisait&#8230;<br>Lui et ma marraine, on voyait qu&rsquo;ils s&rsquo;aimaient beaucoup.<\/p>\n\n\n\n<p class=\"wp-block-paragraph\">Quand j&rsquo;\u00e9tais encore au buffet, le grand p\u00e8re \u00e9tait encore vivant, il \u00e9tait venu un soir de nouvel an&#8230; et maman nous avait dit qu&rsquo;il avait dans\u00e9 jusque 3 \u2013 4 heures du matin&#8230;<br>C&rsquo;\u00e9tait une belle famille, heureusement qu&rsquo;ils ont \u00e9t\u00e9 l\u00e0 pour moi, car l&rsquo;ann\u00e9e que j&rsquo;ai pass\u00e9e chez eux, pour moi c&rsquo;\u00e9tait une ann\u00e9e de souffrance&#8230;<\/p>\n\n\n\n<p class=\"wp-block-paragraph\">Une ann\u00e9e o\u00f9 j&rsquo;\u00e9tais \u00e9teinte, totalement \u00e9teinte&#8230; C&rsquo;\u00e9tait une d\u00e9pression cach\u00e9e&#8230;<\/p>\n\n\n\n<p class=\"wp-block-paragraph\">&#8211;<em> La famille n&rsquo;existait plus&#8230; ton p\u00e8re tu ne savais m\u00eame pas o\u00f9 il \u00e9tait<\/em>&#8230;<\/p>\n\n\n\n<p class=\"wp-block-paragraph\">&#8211; Ben oui, il \u00e9tait au buffet&#8230; Pour moi c&rsquo;\u00e9tait violent !<br>A chaque fois que je fermais les volets je voyais le buffet, puisque la maison de ma marraine \u00e9tait presque en face&#8230; C&rsquo;\u00e9tait en face de la gare, et juste \u00e0 c\u00f4t\u00e9 il y avait le buffet&#8230; Mais je n&rsquo;avais pas le droit d&rsquo;y aller&#8230; Interdiction d&rsquo;y aller&#8230; Soi disant d\u00e9cid\u00e9 par le juge. C&rsquo;\u00e9tait assez violent !<\/p>\n\n\n\n<p class=\"wp-block-paragraph\">Et tout \u00e7a sans savoir pourquoi&#8230;<\/p>\n\n\n\n<p class=\"wp-block-paragraph\">Donc \u00e7a avait \u00e9t\u00e9 une ann\u00e9e de souffrance, mais ma marraine, elle savait que pour moi \u00e7a avait \u00e9t\u00e9 une ann\u00e9e extr\u00eamement difficile, et elle a tout fait pour que je me sente bien&#8230; <\/p>\n\n\n\n<p class=\"wp-block-paragraph\">Elle disait c&rsquo;est incroyable&#8230; cette fille, le matin quand je vais la r\u00e9veiller, elle est en boule sous le duvet, je me demande toujours si elle a fugu\u00e9e ou si elle respire encore&#8230; <br>Les premi\u00e8res fois elle avait eu la trouille, elle se disait : <br>&#8211; Elle a fugu\u00e9e, elle s&rsquo;est tir\u00e9e&#8230; <\/p>\n\n\n\n<p class=\"wp-block-paragraph\">En fin de compte, je faisais boule tout au fond du lit&#8230; C&rsquo;\u00e9tait l&rsquo;horreur.<\/p>\n\n\n\n<p class=\"wp-block-paragraph\">\u00c7a veut dire que quand je les ai quitt\u00e9s plus tard, je n&rsquo;ai plus pu y retourner&#8230; Je ne pouvais plus ! Ce n&rsquo;\u00e9tait pas \u00e0 cause d&rsquo;eux, \u00e7a n&rsquo;avait rien \u00e0 voir&#8230; Je ne pouvais m\u00eame plus rentrer dans le village. Et quand je passais en train, c&rsquo;\u00e9tait d\u00e9j\u00e0 trop&#8230; C&rsquo;\u00e9tait une r\u00e9activation, quoi !<\/p>\n\n\n\n<ul class=\"wp-block-list\">\n<li>Il fallait que je zappe !<\/li>\n<\/ul>\n\n\n\n<p class=\"wp-block-paragraph\">&#8211;<em> Tu en as encore les larmes aux yeux&#8230;!<\/em>  <\/p>\n\n\n\n<p class=\"wp-block-paragraph\">(Long silence)<\/p>\n\n\n\n<p class=\"wp-block-paragraph\">&#8211; Oui, et je passais devant le restaurant, tous les jours pour aller \u00e0 l&rsquo;\u00e9cole&#8230;<\/p>\n\n\n\n<p class=\"wp-block-paragraph\">Un d\u00e9sastre, le chaos&#8230; <\/p>\n\n\n\n<p class=\"wp-block-paragraph\"><\/p>\n","protected":false},"excerpt":{"rendered":"<p>&lt;Enregistr\u00e9 le 15 Septembre 2016&gt; Mon oncle n&rsquo;a pas voulu que j&rsquo;aille \u00e0 l&rsquo;orphelinat, alors j&rsquo;ai \u00e9t\u00e9 plac\u00e9e chez ma marraine de confirmation&#8230; Comme \u00e7a, je pouvais retourner \u00e0 l&rsquo;\u00e9cole, dans la m\u00eame classe. Je ne te dis pas comment je me sentais&#8230; avec tous ces regards, tous mes copains et copines je ne les [&hellip;]<\/p>\n","protected":false},"author":1,"featured_media":0,"parent":0,"menu_order":0,"comment_status":"open","ping_status":"closed","template":"pages-chapitre-05","meta":{"footnotes":""},"class_list":["post-1016","page","type-page","status-publish","hentry"],"jetpack_sharing_enabled":true,"_links":{"self":[{"href":"https:\/\/mercigracias.ch\/index.php?rest_route=\/wp\/v2\/pages\/1016","targetHints":{"allow":["GET"]}}],"collection":[{"href":"https:\/\/mercigracias.ch\/index.php?rest_route=\/wp\/v2\/pages"}],"about":[{"href":"https:\/\/mercigracias.ch\/index.php?rest_route=\/wp\/v2\/types\/page"}],"author":[{"embeddable":true,"href":"https:\/\/mercigracias.ch\/index.php?rest_route=\/wp\/v2\/users\/1"}],"replies":[{"embeddable":true,"href":"https:\/\/mercigracias.ch\/index.php?rest_route=%2Fwp%2Fv2%2Fcomments&post=1016"}],"version-history":[{"count":10,"href":"https:\/\/mercigracias.ch\/index.php?rest_route=\/wp\/v2\/pages\/1016\/revisions"}],"predecessor-version":[{"id":5658,"href":"https:\/\/mercigracias.ch\/index.php?rest_route=\/wp\/v2\/pages\/1016\/revisions\/5658"}],"wp:attachment":[{"href":"https:\/\/mercigracias.ch\/index.php?rest_route=%2Fwp%2Fv2%2Fmedia&parent=1016"}],"curies":[{"name":"wp","href":"https:\/\/api.w.org\/{rel}","templated":true}]}}

<p class="wp-block-paragraph">&lt;Enregistré le 15 Septembre 2016&gt;</p>



<p class="wp-block-paragraph">Mon oncle n&rsquo;a pas voulu que j&rsquo;aille à l&rsquo;orphelinat, alors j&rsquo;ai été placée chez ma marraine de confirmation&#8230; Comme ça, je pouvais retourner à l&rsquo;école, dans la même classe. Je ne te dis pas comment je me sentais&#8230; avec tous ces regards, tous mes copains et copines je ne les voyais plus&#8230;</p>



<p class="wp-block-paragraph">C&rsquo;était le chaos. Je pleurais tout le temps&#8230;<br>&#8230;<br>(<em>Emotions&#8230; C&rsquo;est fou qu&rsquo;après 44 -45 ans, que l&rsquo;émotion soit toujours autant présente&#8230; Mais nous étions en 2016, de nouveaux évènements s&rsquo;étaient passés&#8230;</em>)</p>



<p class="wp-block-paragraph">Mon oncle venait me chercher les week-ends. Ma mère et ma sœur ont habité chez lui pendant une année. Après on a tous emménagé dans un village voisin, et on y est resté&#8230;</p>



<p class="wp-block-paragraph">Quand à mon Père, il a du vendre le restaurant, car il ne pouvait plus le faire marcher. On n&rsquo;était plus là, et en plus la procédure de divorce était commencée&#8230;</p>



<p class="wp-block-paragraph">C&rsquo;était le chaos, le chaos&#8230; total !</p>



<p class="wp-block-paragraph">Alors pour me concentrer à l&rsquo;école ? Tu pouvais toujours courir&#8230;</p>



<p class="wp-block-paragraph">Et Moi, sans le restaurant, sans tout ce monde que je rencontrais&#8230;?</p>



<ul class="wp-block-list">
<li>C&rsquo;était ma famille !</li>
</ul>



<p class="wp-block-paragraph">Et d&rsquo;un coup, ton monde s&rsquo;écroule&#8230; et selon l&rsquo;âge que tu as, comment faire pout trouver la force de continuer ta route ?<br>Mon frère, lui il avait 18 ans, ma sœur 15, mais moi 13&#8230;!</p>



<p class="wp-block-paragraph">Heureusement, il y avait ma marraine&#8230; Elle devait avoir 50 ans et la grand-mère, elle devait avoir 80 ans&#8230; Ma marraine était mariée, c&rsquo;étaient des gentils gens, ils avaient 3 enfants, et un chien, un loulou&#8230;</p>



<p class="wp-block-paragraph">Une des fille avait 27 ans, elle vivait avec son copain, mais elle revenait chez ma marraine une fois par mois&#8230; <br>Imagine pour moi c&rsquo;était âgé, j&rsquo;avais 13 &#8211; 14 ans&#8230;!<br>Mais j&rsquo;étais très contente quand elle venait&#8230; c&rsquo;était comme un bol d&rsquo;air, surtout qu&rsquo;elle était rigolo, toujours contente&#8230;</p>



<p class="wp-block-paragraph">Elle avait l&rsquo;humour et la joie de vivre de son père. Après il y avait le fils, c&rsquo;était le dernier, le petit dernier, je ne sais pas à l&rsquo;époque quel âge il avait, vers 23, 24 ans sans doute&#8230; mais pour moi, il était vieux, hein !</p>



<p class="wp-block-paragraph">Il était fiancé avec une coiffeuse&#8230; Je ne me souviens plus comment s&rsquo;appelait, sa copine&#8230; Il venait aussi de temps en temps à la maison, et allait des fois dormir chez elle, parfois c&rsquo;était elle qui venait dormir chez lui&#8230;</p>



<p class="wp-block-paragraph">La grand-mère avait la sclérose en plaques et c&rsquo;était le mari de ma marraine qui s&rsquo;en occupait, c&rsquo;est lui qui la soignait. Même s&rsquo;il devait avoir la soixantaine, c&rsquo;était lui qui la soignait&#8230; Elle était sur une chaise roulante&#8230;</p>



<p class="wp-block-paragraph">Il travaillait au début, je crois dans la maçonnerie mais il avait perdu son boulot à l&rsquo;époque des restructurations&#8230; Tu vois, il y avait eu tous ces italiens qui étaient arrivés en suisse&#8230; Alors lui, il détestait les italiens ! <br>Il les appelait les « Val Uts »&#8230; et il disait à ses enfants&#8230;: <br>&#8211; Bon, mais vous ne me ramènerez pas des « Val Uts »&#8230;et voilà que la première, elle lui ramène un italien&#8230; Elle était très attachée à sa mère, mais elle aimait beaucoup son papa, et voilà qu&rsquo;elle tombe amoureuse d&rsquo;un « Val Ut », un beau « Val Ut », un grand gaillard bien fait, bien construit&#8230;<br><br>C&rsquo;était vraiment une famille très tendre&#8230; Une très belle famille. <br>Ils avaient un chien, un chien un blanc, il s&rsquo;appelait Loulou. <br>Alors celui-là, c&rsquo;était vraiment l&rsquo;ami du père, quand il dormait, il allait dormir sur lui, sur le canapé, là où il faisait toujours sa petite sieste de 10 minutes à un quart d&rsquo;heure, et quand il partait au lait, au village d&rsquo;à côté il prenait sa vespa&#8230; et il disait : <br>&#8211; Loulou ?&#8230; On va au lait !<br>Il suffisait qu&rsquo;il prenne son seau pour aller chercher le lait, il le secouait comme ça&#8230; et hop le chien sautait sur le scooter&#8230; sur la Vespa, parce qu&rsquo;il savait que c&rsquo;était l&rsquo;heure d&rsquo;aller au lait&#8230;</p>



<p class="wp-block-paragraph">C&rsquo;était quelque chose de très drôle&#8230; Oh oui, c&rsquo;était vraiment quelque chose de nouveau, tant de douceurs&#8230; C&rsquo;était un chien blanc avec de longs poils&#8230; Il se mettait devant, les deux pattes sur le guidon, on aurait presque pu croire que c&rsquo;était le chien qui conduisait&#8230;<br>Lui et ma marraine, on voyait qu&rsquo;ils s&rsquo;aimaient beaucoup.</p>



<p class="wp-block-paragraph">Quand j&rsquo;étais encore au buffet, le grand père était encore vivant, il était venu un soir de nouvel an&#8230; et maman nous avait dit qu&rsquo;il avait dansé jusque 3 – 4 heures du matin&#8230;<br>C&rsquo;était une belle famille, heureusement qu&rsquo;ils ont été là pour moi, car l&rsquo;année que j&rsquo;ai passée chez eux, pour moi c&rsquo;était une année de souffrance&#8230;</p>



<p class="wp-block-paragraph">Une année où j&rsquo;étais éteinte, totalement éteinte&#8230; C&rsquo;était une dépression cachée&#8230;</p>



<p class="wp-block-paragraph">&#8211;<em> La famille n&rsquo;existait plus&#8230; ton père tu ne savais même pas où il était</em>&#8230;</p>



<p class="wp-block-paragraph">&#8211; Ben oui, il était au buffet&#8230; Pour moi c&rsquo;était violent !<br>A chaque fois que je fermais les volets je voyais le buffet, puisque la maison de ma marraine était presque en face&#8230; C&rsquo;était en face de la gare, et juste à côté il y avait le buffet&#8230; Mais je n&rsquo;avais pas le droit d&rsquo;y aller&#8230; Interdiction d&rsquo;y aller&#8230; Soi disant décidé par le juge. C&rsquo;était assez violent !</p>



<p class="wp-block-paragraph">Et tout ça sans savoir pourquoi&#8230;</p>



<p class="wp-block-paragraph">Donc ça avait été une année de souffrance, mais ma marraine, elle savait que pour moi ça avait été une année extrêmement difficile, et elle a tout fait pour que je me sente bien&#8230; </p>



<p class="wp-block-paragraph">Elle disait c&rsquo;est incroyable&#8230; cette fille, le matin quand je vais la réveiller, elle est en boule sous le duvet, je me demande toujours si elle a fuguée ou si elle respire encore&#8230; <br>Les premières fois elle avait eu la trouille, elle se disait : <br>&#8211; Elle a fuguée, elle s&rsquo;est tirée&#8230; </p>



<p class="wp-block-paragraph">En fin de compte, je faisais boule tout au fond du lit&#8230; C&rsquo;était l&rsquo;horreur.</p>



<p class="wp-block-paragraph">Ça veut dire que quand je les ai quittés plus tard, je n&rsquo;ai plus pu y retourner&#8230; Je ne pouvais plus ! Ce n&rsquo;était pas à cause d&rsquo;eux, ça n&rsquo;avait rien à voir&#8230; Je ne pouvais même plus rentrer dans le village. Et quand je passais en train, c&rsquo;était déjà trop&#8230; C&rsquo;était une réactivation, quoi !</p>



<ul class="wp-block-list">
<li>Il fallait que je zappe !</li>
</ul>



<p class="wp-block-paragraph">&#8211;<em> Tu en as encore les larmes aux yeux&#8230;!</em>  </p>



<p class="wp-block-paragraph">(Long silence)</p>



<p class="wp-block-paragraph">&#8211; Oui, et je passais devant le restaurant, tous les jours pour aller à l&rsquo;école&#8230;</p>



<p class="wp-block-paragraph">Un désastre, le chaos&#8230; </p>



<p class="wp-block-paragraph"></p>

<p>&lt;Enregistré le 15 Septembre 2016&gt; Mon oncle n&rsquo;a pas voulu que j&rsquo;aille à l&rsquo;orphelinat, alors j&rsquo;ai été placée chez ma marraine de confirmation&#8230; Comme ça, je pouvais retourner à l&rsquo;école, dans la même classe. Je ne te dis pas comment je me sentais&#8230; avec tous ces regards, tous mes copains et copines je ne les [&hellip;]</p>
