{"id":1077,"date":"2026-01-29T13:46:31","date_gmt":"2026-01-29T13:46:31","guid":{"rendered":"https:\/\/mercigracias.ch\/?page_id=1077"},"modified":"2026-06-19T05:28:05","modified_gmt":"2026-06-19T05:28:05","slug":"ma-verrue","status":"publish","type":"page","link":"https:\/\/mercigracias.ch\/?page_id=1077","title":{"rendered":"Ma verrue"},"content":{"rendered":"\n<p class=\"wp-block-paragraph\">&lt;Enregistr\u00e9 le 23 D\u00e9cembre 2021&gt;<\/p>\n\n\n\n<p class=\"wp-block-paragraph\">J&rsquo;avais 7 ans quand ma premi\u00e8re verrue est apparue, tout d&rsquo;un coup elle avait pouss\u00e9 sur mon index droit. Elle \u00e9tait d&rsquo;une hauteur comme \u00e7a&#8230; un centim\u00e8tre, un bon centim\u00e8tre&#8230; M\u00eame si j&rsquo;avais des petits doigts, elle \u00e9tait grosse, pointue, et je la bougeais comme \u00e7a&#8230;<\/p>\n\n\n\n<p class=\"wp-block-paragraph\">Elle oscillait tellement elle \u00e9tait grande&#8230;<\/p>\n\n\n\n<p class=\"wp-block-paragraph\">Un truc \u00e9norme, un truc de sorci\u00e8re&#8230; (Rire)<\/p>\n\n\n\n<p class=\"wp-block-paragraph\">Heureusement, on avait une sommeli\u00e8re, H\u00e9l\u00e8ne, et elle nous a dit :<br>&#8211; Mais il faut lui faire les secrets sur sa verrue, \u00e0 cette gamine !<br>&#8211; Bon bon, dit maman, oui&#8230; il va falloir qu&rsquo;on fasse quelque chose quand m\u00eame.<\/p>\n\n\n\n<p class=\"wp-block-paragraph\">Et finalement la sommeli\u00e8re a rajout\u00e9 : <br>&#8211; Oh il mais il y a bien les s\u0153urs \u00e0 Vuisternens-en-Ogoz&#8230; o\u00f9 j&rsquo;habite, qui enl\u00e8vent les verrues. <br>&#8211; Ah bon ? Et bien pendant qu&rsquo;on ira chercher H\u00e9l\u00e8ne, puisqu&rsquo;il fallait aller la chercher pour qu&rsquo;elle travaille chez nous, on passera vite pour aller au secret !<\/p>\n\n\n\n<p class=\"wp-block-paragraph\">Quand on est arriv\u00e9 l\u00e0-bas, je me souviens il a fallu descendre des marches, c&rsquo;\u00e9tait dans une ferme, dans une vieille cuisine&#8230;<br>Il a fallu descendre les marches sur du b\u00e9ton&#8230; C&rsquo;\u00e9tait encore en b\u00e9ton dans la cuisine, et il y avait une grande table&#8230;<\/p>\n\n\n\n<p class=\"wp-block-paragraph\">Elle m&rsquo;a fait m&rsquo;assoir et elle a dit : <br>&#8211; Oh l\u00e0 l\u00e0&#8230; celle-l\u00e0, elle est grande alors !<\/p>\n\n\n\n<p class=\"wp-block-paragraph\">Puis elle a pris un morceau de lard&#8230; Elle me l&rsquo;a frott\u00e9e dessus, et elle m&rsquo;a dit :<\/p>\n\n\n\n<p class=\"wp-block-paragraph\">&#8211; Bon, et bien on va l&rsquo;enlever, hein ?<\/p>\n\n\n\n<p class=\"wp-block-paragraph\">Elle a pris son morceau de lard, elle a tourn\u00e9 autour, fait des pri\u00e8res, et elle a dit :<\/p>\n\n\n\n<p class=\"wp-block-paragraph\">&#8211; Voil\u00e0 ! Maintenant je vais m&rsquo;en occuper&#8230; Je vais aller enterrer le lard dans le jardin, et puis quand le lard, il sera mang\u00e9 et bien la verrue, elle n&rsquo;y sera plus&#8230;<\/p>\n\n\n\n<p class=\"wp-block-paragraph\">Et c&rsquo;est exactement ce qui s&rsquo;est pass\u00e9. Je voulais la voir descendre, mais quinze jours apr\u00e8s je dis : <br>&#8211; Oh&#8230; mais elle n&rsquo;est plus l\u00e0 !?<\/p>\n\n\n\n<p class=\"wp-block-paragraph\">Autant importante elle \u00e9tait&#8230; autant je ne l&rsquo;ai pas vu descendre !<\/p>\n\n\n\n<p class=\"wp-block-paragraph\">Tout d&rsquo;un coup c&rsquo;\u00e9tait fini&#8230; C&rsquo;\u00e9tait pr\u00eat. <\/p>\n\n\n\n<ul class=\"wp-block-list\">\n<li>Voil\u00e0&#8230; C&rsquo;\u00e9tait une histoire, de sorci\u00e8re&#8230;(Rire)<\/li>\n<\/ul>\n\n\n\n<p class=\"wp-block-paragraph\">M\u00eame moi, en \u00e9tant enfant c&rsquo;\u00e9tait une histoire comme celle du P\u00e8re No\u00ebl, tu n&rsquo;en reviens pas&#8230;!<\/p>\n\n\n\n<p class=\"wp-block-paragraph\">Merci Gracias<\/p>\n","protected":false},"excerpt":{"rendered":"<p>&lt;Enregistr\u00e9 le 23 D\u00e9cembre 2021&gt; J&rsquo;avais 7 ans quand ma premi\u00e8re verrue est apparue, tout d&rsquo;un coup elle avait pouss\u00e9 sur mon index droit. Elle \u00e9tait d&rsquo;une hauteur comme \u00e7a&#8230; un centim\u00e8tre, un bon centim\u00e8tre&#8230; M\u00eame si j&rsquo;avais des petits doigts, elle \u00e9tait grosse, pointue, et je la bougeais comme \u00e7a&#8230; Elle oscillait tellement elle [&hellip;]<\/p>\n","protected":false},"author":1,"featured_media":0,"parent":0,"menu_order":0,"comment_status":"open","ping_status":"closed","template":"pages-chapitre-05","meta":{"footnotes":""},"class_list":["post-1077","page","type-page","status-publish","hentry"],"jetpack_sharing_enabled":true,"_links":{"self":[{"href":"https:\/\/mercigracias.ch\/index.php?rest_route=\/wp\/v2\/pages\/1077","targetHints":{"allow":["GET"]}}],"collection":[{"href":"https:\/\/mercigracias.ch\/index.php?rest_route=\/wp\/v2\/pages"}],"about":[{"href":"https:\/\/mercigracias.ch\/index.php?rest_route=\/wp\/v2\/types\/page"}],"author":[{"embeddable":true,"href":"https:\/\/mercigracias.ch\/index.php?rest_route=\/wp\/v2\/users\/1"}],"replies":[{"embeddable":true,"href":"https:\/\/mercigracias.ch\/index.php?rest_route=%2Fwp%2Fv2%2Fcomments&post=1077"}],"version-history":[{"count":5,"href":"https:\/\/mercigracias.ch\/index.php?rest_route=\/wp\/v2\/pages\/1077\/revisions"}],"predecessor-version":[{"id":4705,"href":"https:\/\/mercigracias.ch\/index.php?rest_route=\/wp\/v2\/pages\/1077\/revisions\/4705"}],"wp:attachment":[{"href":"https:\/\/mercigracias.ch\/index.php?rest_route=%2Fwp%2Fv2%2Fmedia&parent=1077"}],"curies":[{"name":"wp","href":"https:\/\/api.w.org\/{rel}","templated":true}]}}

<p class="wp-block-paragraph">&lt;Enregistré le 23 Décembre 2021&gt;</p>



<p class="wp-block-paragraph">J&rsquo;avais 7 ans quand ma première verrue est apparue, tout d&rsquo;un coup elle avait poussé sur mon index droit. Elle était d&rsquo;une hauteur comme ça&#8230; un centimètre, un bon centimètre&#8230; Même si j&rsquo;avais des petits doigts, elle était grosse, pointue, et je la bougeais comme ça&#8230;</p>



<p class="wp-block-paragraph">Elle oscillait tellement elle était grande&#8230;</p>



<p class="wp-block-paragraph">Un truc énorme, un truc de sorcière&#8230; (Rire)</p>



<p class="wp-block-paragraph">Heureusement, on avait une sommelière, Hélène, et elle nous a dit :<br>&#8211; Mais il faut lui faire les secrets sur sa verrue, à cette gamine !<br>&#8211; Bon bon, dit maman, oui&#8230; il va falloir qu&rsquo;on fasse quelque chose quand même.</p>



<p class="wp-block-paragraph">Et finalement la sommelière a rajouté : <br>&#8211; Oh il mais il y a bien les sœurs à Vuisternens-en-Ogoz&#8230; où j&rsquo;habite, qui enlèvent les verrues. <br>&#8211; Ah bon ? Et bien pendant qu&rsquo;on ira chercher Hélène, puisqu&rsquo;il fallait aller la chercher pour qu&rsquo;elle travaille chez nous, on passera vite pour aller au secret !</p>



<p class="wp-block-paragraph">Quand on est arrivé là-bas, je me souviens il a fallu descendre des marches, c&rsquo;était dans une ferme, dans une vieille cuisine&#8230;<br>Il a fallu descendre les marches sur du béton&#8230; C&rsquo;était encore en béton dans la cuisine, et il y avait une grande table&#8230;</p>



<p class="wp-block-paragraph">Elle m&rsquo;a fait m&rsquo;assoir et elle a dit : <br>&#8211; Oh là là&#8230; celle-là, elle est grande alors !</p>



<p class="wp-block-paragraph">Puis elle a pris un morceau de lard&#8230; Elle me l&rsquo;a frottée dessus, et elle m&rsquo;a dit :</p>



<p class="wp-block-paragraph">&#8211; Bon, et bien on va l&rsquo;enlever, hein ?</p>



<p class="wp-block-paragraph">Elle a pris son morceau de lard, elle a tourné autour, fait des prières, et elle a dit :</p>



<p class="wp-block-paragraph">&#8211; Voilà ! Maintenant je vais m&rsquo;en occuper&#8230; Je vais aller enterrer le lard dans le jardin, et puis quand le lard, il sera mangé et bien la verrue, elle n&rsquo;y sera plus&#8230;</p>



<p class="wp-block-paragraph">Et c&rsquo;est exactement ce qui s&rsquo;est passé. Je voulais la voir descendre, mais quinze jours après je dis : <br>&#8211; Oh&#8230; mais elle n&rsquo;est plus là !?</p>



<p class="wp-block-paragraph">Autant importante elle était&#8230; autant je ne l&rsquo;ai pas vu descendre !</p>



<p class="wp-block-paragraph">Tout d&rsquo;un coup c&rsquo;était fini&#8230; C&rsquo;était prêt. </p>



<ul class="wp-block-list">
<li>Voilà&#8230; C&rsquo;était une histoire, de sorcière&#8230;(Rire)</li>
</ul>



<p class="wp-block-paragraph">Même moi, en étant enfant c&rsquo;était une histoire comme celle du Père Noël, tu n&rsquo;en reviens pas&#8230;!</p>



<p class="wp-block-paragraph">Merci Gracias</p>

<p>&lt;Enregistré le 23 Décembre 2021&gt; J&rsquo;avais 7 ans quand ma première verrue est apparue, tout d&rsquo;un coup elle avait poussé sur mon index droit. Elle était d&rsquo;une hauteur comme ça&#8230; un centimètre, un bon centimètre&#8230; Même si j&rsquo;avais des petits doigts, elle était grosse, pointue, et je la bougeais comme ça&#8230; Elle oscillait tellement elle [&hellip;]</p>
