{"id":1086,"date":"2026-01-29T14:26:51","date_gmt":"2026-01-29T14:26:51","guid":{"rendered":"https:\/\/mercigracias.ch\/?page_id=1086"},"modified":"2026-07-13T05:05:32","modified_gmt":"2026-07-13T05:05:32","slug":"jai-ete-adoptee-2","status":"publish","type":"page","link":"https:\/\/mercigracias.ch\/?page_id=1086","title":{"rendered":"J&rsquo;ai \u00e9t\u00e9 adopt\u00e9e !"},"content":{"rendered":"\n<p class=\"wp-block-paragraph\">&lt;Enregistr\u00e9 le 30 Ao\u00fbt 2014 et 21 Janvier 2017&gt;<\/p>\n\n\n\n<p class=\"wp-block-paragraph\">Je me souviens, je devais avoir 7 ans, quand j&rsquo;ai commenc\u00e9 l&rsquo;\u00e9cole.<\/p>\n\n\n\n<p class=\"wp-block-paragraph\">C&rsquo;est vers ce moment l\u00e0, que je vois les diff\u00e9rences dans les caract\u00e8res, et entre mon fr\u00e8re, ma s\u0153ur et tout le monde, qui sont tous pointilleux&#8230; J&rsquo;avais l&rsquo;impression de n&rsquo;avoir rien \u00e0 faire l\u00e0-dedans, alors je me suis dit :<br>&#8211; Mais pourquoi tu ne leur ressembles pas ?<\/p>\n\n\n\n<p class=\"wp-block-paragraph\">Tu n&rsquo;es pas comme, eux&#8230; Il y a autre chose, et l\u00e0 je dis \u00e0 maman :<br>&#8211; Ecoute maman, je pense que quand j&rsquo;\u00e9tais b\u00e9b\u00e9&#8230;<\/p>\n\n\n\n<p class=\"wp-block-paragraph\">&#8230;Il faut dire que j&rsquo;avais d\u00e9j\u00e0 appris l&rsquo;histoire&#8230; Je ne sais pas si c&rsquo;est mon fr\u00e8re qui me l&rsquo;avait dit un jour : <br>&#8211; Mais tu sais&#8230;<\/p>\n\n\n\n<p class=\"wp-block-paragraph\">Certainement que j&rsquo;avais d\u00fb l&rsquo;apprendre comme \u00e7a, et l\u00e0 maman, elle \u00e9tait dans sa cuisine en train de travailler et elle se f\u00e2che, et elle me dit :<br>&#8211; Non mais tu crois quoi&#8230; ?<br>Regarde tout ce que j&rsquo;ai \u00e0 faire, je travaille jour et nuit&#8230;<\/p>\n\n\n\n<p class=\"wp-block-paragraph\">Tout \u00e7a, parce que je lui avais annonc\u00e9 que j&rsquo;avais \u00e9t\u00e9 adopt\u00e9e ?<br>Je lui avais juste demand\u00e9 si j&rsquo;avais \u00e9t\u00e9 adopt\u00e9e&#8230;<\/p>\n\n\n\n<p class=\"wp-block-paragraph\">&#8211; Non mais tu crois quoi ? <br>Qu&rsquo;on allait adopter un enfant ? Non mais \u00e7a va pas la t\u00eate ? (Rire)<\/p>\n\n\n\n<p class=\"wp-block-paragraph\">Elle \u00e9tait boulevers\u00e9e de mon truc et disait : <br>&#8211; Mais t&rsquo;as un s\u00e9rieux souci, toi, hein ! &#8230;Comment tu pourrais penser qu&rsquo;on pouvait t&rsquo; adopter&#8230;<\/p>\n\n\n\n<p class=\"wp-block-paragraph\">&#8211; Mais regarde Maman, je suis diff\u00e9rente de vous, je ne sais pas&#8230; <br>Je ne suis pas la m\u00eame chose, et puis regarde, m\u00eame la couleur des cheveux, elle est diff\u00e9rente, je suis blonde, vous \u00eates tous fonc\u00e9&#8230; Vraiment non&#8230; et puis je ne vous ressemble pas, je ne sais pas&#8230;<\/p>\n\n\n\n<p class=\"wp-block-paragraph\">Alors l\u00e0, elle \u00e9tait \u00e0 bout :<br>&#8211; Non mais arr\u00eate tout de suite&#8230;!<\/p>\n\n\n\n<p class=\"wp-block-paragraph\">Et elle commence \u00e0 me raconter comment c&rsquo;\u00e9tait l\u00e0-bas&#8230;<br>&#8211; Mais de toute fa\u00e7on je n&rsquo;avais pas le temps de venir te voir !<br>Et c&rsquo;est gr\u00e2ce \u00e0 ta tache de naissance, celle l\u00e0, pr\u00e8s de l&rsquo;\u0153il que je te reconnaissais. J&rsquo;avais juste le temps de venir une fois par mois, pour venir payer pour qu&rsquo;ils te gardent, avec tout ce que j&rsquo;avais \u00e0 faire&#8230; <br>S&rsquo;il n&rsquo;y avait pas eu cette tache, je n&rsquo;aurais pas su laquelle \u00e9tait la mienne&#8230; C&rsquo;est ce qui me sauvait, vous \u00e9tiez tous habill\u00e9s la m\u00eame chose, pour moi c&rsquo;\u00e9tait des b\u00e9b\u00e9s&#8230;<\/p>\n\n\n\n<p class=\"wp-block-paragraph\">Alors cet instinct maternel, elle l&rsquo;annonce bien qu&rsquo;elle ne l&rsquo;a pas eu du tout&#8230; mais alors pas du tout !<\/p>\n\n\n\n<p class=\"wp-block-paragraph\">Alors que pour mon fr\u00e8re, quand elle l&rsquo;a eu , elle avait eu l&rsquo;instinct maternel tellement fort pour lui, que quand il pleurait dans la maternit\u00e9 avec les autres b\u00e9b\u00e9s, elle reconnaissait lequel \u00e9tait le sien&#8230; Elle savait lequel c&rsquo;\u00e9tait, et ils devaient tout de suite lui amener, parce qu&rsquo;elle avait imm\u00e9diatement des mont\u00e9es de lait, tellement \u00e7a l&rsquo;\u00e9nervait&#8230; <\/p>\n\n\n\n<p class=\"wp-block-paragraph\">Elle ne supportait pas de l&rsquo;entendre pleurer !<\/p>\n\n\n\n<p class=\"wp-block-paragraph\">Mais elle avait du temps&#8230; Elle venait de commencer, dans le petit bistrot de mon p\u00e8re, ils n&rsquo;avaient pas encore achet\u00e9 le restaurant.<\/p>\n\n\n\n<p class=\"wp-block-paragraph\">Alors bien s\u00fbr qu&rsquo;apr\u00e8s \u00e7a, quand il y a eu ma s\u0153ur et le d\u00e9m\u00e9nagement pour arriver au Buffet&#8230;<\/p>\n\n\n\n<p class=\"wp-block-paragraph\">Avec ma s\u0153ur, elle n&rsquo;avait d\u00e9j\u00e0 plus trop le temps, et puis le P\u00e8re&#8230; Il \u00e9tait ravi, lui qui souhaitait tellement une fille ! Alors quand elle est arriv\u00e9e, c&rsquo;\u00e9tait lui qui \u00e9tait au comble du bonheur&#8230; C&rsquo;\u00e9tait lui qui devenait enfin \u00ab\u00a0P\u00e8re\u00a0\u00bb&#8230; Il jubilait !<\/p>\n\n\n\n<p class=\"wp-block-paragraph\">Maman ? On ne sait pas&#8230; Quand tu es tellement dans ce que tu fais et que tu penses que c&rsquo;est toi qui doit faire, que ce n&rsquo;est pas les autres qui peuvent faire&#8230; Quand tu as vraiment deux mains droites et que tu vois l&rsquo;autre faire un petit peu de travers, alors \u00e9videment, tu veux syst\u00e9matiquement faire avec&#8230; et toi aussi, tu es comme \u00e7a !<\/p>\n\n\n\n<p class=\"wp-block-paragraph\">&#8211; <em>Oui&#8230;je sais&#8230;.<\/em><\/p>\n\n\n\n<p class=\"wp-block-paragraph\">Si on fait quelque chose et qu&rsquo;elles ne sont pas faites comme tu veux&#8230; et tout, tu vas refaire derri\u00e8re&#8230;<br>Mais nom d&rsquo;un chien, et bien non&#8230; C&rsquo;est dur comme \u00e7a&#8230; !<br>Toc, toc (Elle toque sur la table&#8230;)<\/p>\n\n\n\n<p class=\"wp-block-paragraph\">Et Maman avec \u00e7a, ce n&rsquo;\u00e9tait pas une patronne. Mais le p\u00e8re, je ne sais pas&#8230; Mais ce que je savais, c&rsquo;est que lui, il avait l&rsquo;\u0153il !<\/p>\n\n\n\n<p class=\"wp-block-paragraph\">L&rsquo;\u0153il d&rsquo;un patron, tandis que maman, elle avait l&rsquo;\u0153il d&rsquo;une employ\u00e9e hautement qualifi\u00e9e, mais elle n&rsquo;avait pas l&rsquo;\u0153il d&rsquo;un patron puisqu&rsquo;elle ne pouvait pas transmettre.<\/p>\n\n\n\n<p class=\"wp-block-paragraph\">Quand elle r\u00e9curait le bistrot, le p\u00e8re il se f\u00e2chait&#8230;<br>&#8211; Non mais non de bleu ! Tu as Francisca, c&rsquo;est \u00e0 Francisca de le faire&#8230; Elle te sert \u00e0 quoi ?<\/p>\n\n\n\n<p class=\"wp-block-paragraph\">Et puis le soir aussi, quand elle balayait son restaurant&#8230; Il lui disait, mais tu n&rsquo;a pas \u00e0 balayer le restaurant&#8230; et Maman :<br>&#8211; Non mais on n&rsquo;a pas le temps le matin, \u00e7a recommence, il y a d&rsquo;autres choses&#8230;<\/p>\n\n\n\n<p class=\"wp-block-paragraph\">Alors le soir, elle montait toutes les chaises sur les tables et puis elle balayait encore avant de monter se coucher&#8230;<\/p>\n\n\n\n<p class=\"wp-block-paragraph\">C&rsquo;\u00e9tait trop !<\/p>\n","protected":false},"excerpt":{"rendered":"<p>&lt;Enregistr\u00e9 le 30 Ao\u00fbt 2014 et 21 Janvier 2017&gt; Je me souviens, je devais avoir 7 ans, quand j&rsquo;ai commenc\u00e9 l&rsquo;\u00e9cole. C&rsquo;est vers ce moment l\u00e0, que je vois les diff\u00e9rences dans les caract\u00e8res, et entre mon fr\u00e8re, ma s\u0153ur et tout le monde, qui sont tous pointilleux&#8230; J&rsquo;avais l&rsquo;impression de n&rsquo;avoir rien \u00e0 faire [&hellip;]<\/p>\n","protected":false},"author":1,"featured_media":0,"parent":0,"menu_order":0,"comment_status":"open","ping_status":"closed","template":"pages-chapitre-04","meta":{"footnotes":""},"class_list":["post-1086","page","type-page","status-publish","hentry"],"jetpack_sharing_enabled":true,"_links":{"self":[{"href":"https:\/\/mercigracias.ch\/index.php?rest_route=\/wp\/v2\/pages\/1086","targetHints":{"allow":["GET"]}}],"collection":[{"href":"https:\/\/mercigracias.ch\/index.php?rest_route=\/wp\/v2\/pages"}],"about":[{"href":"https:\/\/mercigracias.ch\/index.php?rest_route=\/wp\/v2\/types\/page"}],"author":[{"embeddable":true,"href":"https:\/\/mercigracias.ch\/index.php?rest_route=\/wp\/v2\/users\/1"}],"replies":[{"embeddable":true,"href":"https:\/\/mercigracias.ch\/index.php?rest_route=%2Fwp%2Fv2%2Fcomments&post=1086"}],"version-history":[{"count":7,"href":"https:\/\/mercigracias.ch\/index.php?rest_route=\/wp\/v2\/pages\/1086\/revisions"}],"predecessor-version":[{"id":5628,"href":"https:\/\/mercigracias.ch\/index.php?rest_route=\/wp\/v2\/pages\/1086\/revisions\/5628"}],"wp:attachment":[{"href":"https:\/\/mercigracias.ch\/index.php?rest_route=%2Fwp%2Fv2%2Fmedia&parent=1086"}],"curies":[{"name":"wp","href":"https:\/\/api.w.org\/{rel}","templated":true}]}}

J&rsquo;ai été adoptée !

<p class="wp-block-paragraph">&lt;Enregistré le 30 Août 2014 et 21 Janvier 2017&gt;</p>



<p class="wp-block-paragraph">Je me souviens, je devais avoir 7 ans, quand j&rsquo;ai commencé l&rsquo;école.</p>



<p class="wp-block-paragraph">C&rsquo;est vers ce moment là, que je vois les différences dans les caractères, et entre mon frère, ma sœur et tout le monde, qui sont tous pointilleux&#8230; J&rsquo;avais l&rsquo;impression de n&rsquo;avoir rien à faire là-dedans, alors je me suis dit :<br>&#8211; Mais pourquoi tu ne leur ressembles pas ?</p>



<p class="wp-block-paragraph">Tu n&rsquo;es pas comme, eux&#8230; Il y a autre chose, et là je dis à maman :<br>&#8211; Ecoute maman, je pense que quand j&rsquo;étais bébé&#8230;</p>



<p class="wp-block-paragraph">&#8230;Il faut dire que j&rsquo;avais déjà appris l&rsquo;histoire&#8230; Je ne sais pas si c&rsquo;est mon frère qui me l&rsquo;avait dit un jour : <br>&#8211; Mais tu sais&#8230;</p>



<p class="wp-block-paragraph">Certainement que j&rsquo;avais dû l&rsquo;apprendre comme ça, et là maman, elle était dans sa cuisine en train de travailler et elle se fâche, et elle me dit :<br>&#8211; Non mais tu crois quoi&#8230; ?<br>Regarde tout ce que j&rsquo;ai à faire, je travaille jour et nuit&#8230;</p>



<p class="wp-block-paragraph">Tout ça, parce que je lui avais annoncé que j&rsquo;avais été adoptée ?<br>Je lui avais juste demandé si j&rsquo;avais été adoptée&#8230;</p>



<p class="wp-block-paragraph">&#8211; Non mais tu crois quoi ? <br>Qu&rsquo;on allait adopter un enfant ? Non mais ça va pas la tête ? (Rire)</p>



<p class="wp-block-paragraph">Elle était bouleversée de mon truc et disait : <br>&#8211; Mais t&rsquo;as un sérieux souci, toi, hein ! &#8230;Comment tu pourrais penser qu&rsquo;on pouvait t&rsquo; adopter&#8230;</p>



<p class="wp-block-paragraph">&#8211; Mais regarde Maman, je suis différente de vous, je ne sais pas&#8230; <br>Je ne suis pas la même chose, et puis regarde, même la couleur des cheveux, elle est différente, je suis blonde, vous êtes tous foncé&#8230; Vraiment non&#8230; et puis je ne vous ressemble pas, je ne sais pas&#8230;</p>



<p class="wp-block-paragraph">Alors là, elle était à bout :<br>&#8211; Non mais arrête tout de suite&#8230;!</p>



<p class="wp-block-paragraph">Et elle commence à me raconter comment c&rsquo;était là-bas&#8230;<br>&#8211; Mais de toute façon je n&rsquo;avais pas le temps de venir te voir !<br>Et c&rsquo;est grâce à ta tache de naissance, celle là, près de l&rsquo;œil que je te reconnaissais. J&rsquo;avais juste le temps de venir une fois par mois, pour venir payer pour qu&rsquo;ils te gardent, avec tout ce que j&rsquo;avais à faire&#8230; <br>S&rsquo;il n&rsquo;y avait pas eu cette tache, je n&rsquo;aurais pas su laquelle était la mienne&#8230; C&rsquo;est ce qui me sauvait, vous étiez tous habillés la même chose, pour moi c&rsquo;était des bébés&#8230;</p>



<p class="wp-block-paragraph">Alors cet instinct maternel, elle l&rsquo;annonce bien qu&rsquo;elle ne l&rsquo;a pas eu du tout&#8230; mais alors pas du tout !</p>



<p class="wp-block-paragraph">Alors que pour mon frère, quand elle l&rsquo;a eu , elle avait eu l&rsquo;instinct maternel tellement fort pour lui, que quand il pleurait dans la maternité avec les autres bébés, elle reconnaissait lequel était le sien&#8230; Elle savait lequel c&rsquo;était, et ils devaient tout de suite lui amener, parce qu&rsquo;elle avait immédiatement des montées de lait, tellement ça l&rsquo;énervait&#8230; </p>



<p class="wp-block-paragraph">Elle ne supportait pas de l&rsquo;entendre pleurer !</p>



<p class="wp-block-paragraph">Mais elle avait du temps&#8230; Elle venait de commencer, dans le petit bistrot de mon père, ils n&rsquo;avaient pas encore acheté le restaurant.</p>



<p class="wp-block-paragraph">Alors bien sûr qu&rsquo;après ça, quand il y a eu ma sœur et le déménagement pour arriver au Buffet&#8230;</p>



<p class="wp-block-paragraph">Avec ma sœur, elle n&rsquo;avait déjà plus trop le temps, et puis le Père&#8230; Il était ravi, lui qui souhaitait tellement une fille ! Alors quand elle est arrivée, c&rsquo;était lui qui était au comble du bonheur&#8230; C&rsquo;était lui qui devenait enfin « Père »&#8230; Il jubilait !</p>



<p class="wp-block-paragraph">Maman ? On ne sait pas&#8230; Quand tu es tellement dans ce que tu fais et que tu penses que c&rsquo;est toi qui doit faire, que ce n&rsquo;est pas les autres qui peuvent faire&#8230; Quand tu as vraiment deux mains droites et que tu vois l&rsquo;autre faire un petit peu de travers, alors évidement, tu veux systématiquement faire avec&#8230; et toi aussi, tu es comme ça !</p>



<p class="wp-block-paragraph">&#8211; <em>Oui&#8230;je sais&#8230;.</em></p>



<p class="wp-block-paragraph">Si on fait quelque chose et qu&rsquo;elles ne sont pas faites comme tu veux&#8230; et tout, tu vas refaire derrière&#8230;<br>Mais nom d&rsquo;un chien, et bien non&#8230; C&rsquo;est dur comme ça&#8230; !<br>Toc, toc (Elle toque sur la table&#8230;)</p>



<p class="wp-block-paragraph">Et Maman avec ça, ce n&rsquo;était pas une patronne. Mais le père, je ne sais pas&#8230; Mais ce que je savais, c&rsquo;est que lui, il avait l&rsquo;œil !</p>



<p class="wp-block-paragraph">L&rsquo;œil d&rsquo;un patron, tandis que maman, elle avait l&rsquo;œil d&rsquo;une employée hautement qualifiée, mais elle n&rsquo;avait pas l&rsquo;œil d&rsquo;un patron puisqu&rsquo;elle ne pouvait pas transmettre.</p>



<p class="wp-block-paragraph">Quand elle récurait le bistrot, le père il se fâchait&#8230;<br>&#8211; Non mais non de bleu ! Tu as Francisca, c&rsquo;est à Francisca de le faire&#8230; Elle te sert à quoi ?</p>



<p class="wp-block-paragraph">Et puis le soir aussi, quand elle balayait son restaurant&#8230; Il lui disait, mais tu n&rsquo;a pas à balayer le restaurant&#8230; et Maman :<br>&#8211; Non mais on n&rsquo;a pas le temps le matin, ça recommence, il y a d&rsquo;autres choses&#8230;</p>



<p class="wp-block-paragraph">Alors le soir, elle montait toutes les chaises sur les tables et puis elle balayait encore avant de monter se coucher&#8230;</p>



<p class="wp-block-paragraph">C&rsquo;était trop !</p>

<p>&lt;Enregistré le 30 Août 2014 et 21 Janvier 2017&gt; Je me souviens, je devais avoir 7 ans, quand j&rsquo;ai commencé l&rsquo;école. C&rsquo;est vers ce moment là, que je vois les différences dans les caractères, et entre mon frère, ma sœur et tout le monde, qui sont tous pointilleux&#8230; J&rsquo;avais l&rsquo;impression de n&rsquo;avoir rien à faire [&hellip;]</p>
