{"id":1094,"date":"2026-01-29T17:56:11","date_gmt":"2026-01-29T17:56:11","guid":{"rendered":"https:\/\/mercigracias.ch\/?page_id=1094"},"modified":"2026-07-13T04:16:44","modified_gmt":"2026-07-13T04:16:44","slug":"la-grande-depression","status":"publish","type":"page","link":"https:\/\/mercigracias.ch\/?page_id=1094","title":{"rendered":"La grande d\u00e9pression"},"content":{"rendered":"\n<p class=\"wp-block-paragraph\">&lt;Enregistr\u00e9 le 15 Septembre 2016&gt;<\/p>\n\n\n\n<p class=\"wp-block-paragraph\">Personne n&rsquo;osait parler de son mal-\u00eatre et de notre malaise&#8230; C&rsquo;\u00e9tait quelque chose et il fallait continuer&#8230;<\/p>\n\n\n\n<p class=\"wp-block-paragraph\">&#8211; <em>Et dans cette histoire, la proc\u00e9dure de divorce, elle ne faisait que de commencer \u00e0 ce moment l\u00e0&#8230; non ?<\/em><\/p>\n\n\n\n<p class=\"wp-block-paragraph\">&#8211; Oui&#8230; Mais maman quand elle a \u00e9t\u00e9 vivre chez son fr\u00e8re, elle \u00e9tait en parfaite d\u00e9pression&#8230; Ah non, mais \u00e7a on n&rsquo;en parle pas&#8230;<br>Si tu pouvais encore appeler \u00e7a une m\u00e8re !<\/p>\n\n\n\n<p class=\"wp-block-paragraph\">Si tu pouvais encore appeler \u00e7a une m\u00e8re&#8230;(Emotion de tristesse) <br>C&rsquo;\u00e9tait une loque.<\/p>\n\n\n\n<p class=\"wp-block-paragraph\">Ma s\u0153ur, elle \u00e9tait avec nous, elle \u00e9tait aussi chez notre oncle.<\/p>\n\n\n\n<p class=\"wp-block-paragraph\">Alors moi j&rsquo;allais \u00e0 l&rsquo;\u00e9cole les lundi, mardi, mercredi et le jeudi mon oncle venait me chercher&#8230; Le jeudi, j&rsquo;\u00e9tais chez eux et il me ramenait le soir chez ma marraine et il revenait me chercher le samedi soir&#8230;<\/p>\n\n\n\n<p class=\"wp-block-paragraph\">Parce qu&rsquo;on avait \u00e9cole le samedi. <br>Tu vois les allers et venus qu&rsquo;il a fait mon oncle ?!<\/p>\n\n\n\n<p class=\"wp-block-paragraph\">Mais je pense que pour maman, c&rsquo;\u00e9tait bien qu&rsquo;il l&rsquo;avait ramen\u00e9e chez lui, que son fr\u00e8re soit l\u00e0. Il a bien fallu qu&rsquo;il soit l\u00e0 !<\/p>\n\n\n\n<p class=\"wp-block-paragraph\">Elle n&rsquo;aurait pas pu supporter, s&rsquo;il n&rsquo;y avait pas eu son fr\u00e8re et ma tante. Elle aussi \u00e9tait bienveillante avec Maman&#8230; Elle a toujours \u00e9t\u00e9 tr\u00e8s tr\u00e8s gentille&#8230;<\/p>\n\n\n\n<p class=\"wp-block-paragraph\">Quant \u00e0 mon fr\u00e8re, il avait \u00e9t\u00e9 plac\u00e9e dans une famille une ann\u00e9e auparavant, chez une veuve qui avait cinq enfants. L&rsquo;office des mineurs, l&rsquo;avait plac\u00e9 l\u00e0-bas. C&rsquo;\u00e9tait une enseignante. Mais c&rsquo;\u00e9tait tr\u00e8s bien pour lui, il y avait aussi une famille, des enfants, c&rsquo;\u00e9tait tr\u00e8s gai, \u00e7a le changeait du cadre.<\/p>\n\n\n\n<p class=\"wp-block-paragraph\">Et ma s\u0153ur, je crois qu&rsquo;elle avait fait un remplacement de trois mois comme vendeuse \u00e0 la boulangerie du village, en face du restaurant, de notre \u00ab\u00a0chez nous\u00a0\u00bb&#8230;<\/p>\n\n\n\n<p class=\"wp-block-paragraph\"><\/p>\n","protected":false},"excerpt":{"rendered":"<p>&lt;Enregistr\u00e9 le 15 Septembre 2016&gt; Personne n&rsquo;osait parler de son mal-\u00eatre et de notre malaise&#8230; C&rsquo;\u00e9tait quelque chose et il fallait continuer&#8230; &#8211; Et dans cette histoire, la proc\u00e9dure de divorce, elle ne faisait que de commencer \u00e0 ce moment l\u00e0&#8230; non ? &#8211; Oui&#8230; Mais maman quand elle a \u00e9t\u00e9 vivre chez son fr\u00e8re, [&hellip;]<\/p>\n","protected":false},"author":1,"featured_media":0,"parent":0,"menu_order":0,"comment_status":"open","ping_status":"closed","template":"pages-chapitre-05","meta":{"footnotes":""},"class_list":["post-1094","page","type-page","status-publish","hentry"],"jetpack_sharing_enabled":true,"_links":{"self":[{"href":"https:\/\/mercigracias.ch\/index.php?rest_route=\/wp\/v2\/pages\/1094","targetHints":{"allow":["GET"]}}],"collection":[{"href":"https:\/\/mercigracias.ch\/index.php?rest_route=\/wp\/v2\/pages"}],"about":[{"href":"https:\/\/mercigracias.ch\/index.php?rest_route=\/wp\/v2\/types\/page"}],"author":[{"embeddable":true,"href":"https:\/\/mercigracias.ch\/index.php?rest_route=\/wp\/v2\/users\/1"}],"replies":[{"embeddable":true,"href":"https:\/\/mercigracias.ch\/index.php?rest_route=%2Fwp%2Fv2%2Fcomments&post=1094"}],"version-history":[{"count":6,"href":"https:\/\/mercigracias.ch\/index.php?rest_route=\/wp\/v2\/pages\/1094\/revisions"}],"predecessor-version":[{"id":5610,"href":"https:\/\/mercigracias.ch\/index.php?rest_route=\/wp\/v2\/pages\/1094\/revisions\/5610"}],"wp:attachment":[{"href":"https:\/\/mercigracias.ch\/index.php?rest_route=%2Fwp%2Fv2%2Fmedia&parent=1094"}],"curies":[{"name":"wp","href":"https:\/\/api.w.org\/{rel}","templated":true}]}}

La grande dépression

<p class="wp-block-paragraph">&lt;Enregistré le 15 Septembre 2016&gt;</p>



<p class="wp-block-paragraph">Personne n&rsquo;osait parler de son mal-être et de notre malaise&#8230; C&rsquo;était quelque chose et il fallait continuer&#8230;</p>



<p class="wp-block-paragraph">&#8211; <em>Et dans cette histoire, la procédure de divorce, elle ne faisait que de commencer à ce moment là&#8230; non ?</em></p>



<p class="wp-block-paragraph">&#8211; Oui&#8230; Mais maman quand elle a été vivre chez son frère, elle était en parfaite dépression&#8230; Ah non, mais ça on n&rsquo;en parle pas&#8230;<br>Si tu pouvais encore appeler ça une mère !</p>



<p class="wp-block-paragraph">Si tu pouvais encore appeler ça une mère&#8230;(Emotion de tristesse) <br>C&rsquo;était une loque.</p>



<p class="wp-block-paragraph">Ma sœur, elle était avec nous, elle était aussi chez notre oncle.</p>



<p class="wp-block-paragraph">Alors moi j&rsquo;allais à l&rsquo;école les lundi, mardi, mercredi et le jeudi mon oncle venait me chercher&#8230; Le jeudi, j&rsquo;étais chez eux et il me ramenait le soir chez ma marraine et il revenait me chercher le samedi soir&#8230;</p>



<p class="wp-block-paragraph">Parce qu&rsquo;on avait école le samedi. <br>Tu vois les allers et venus qu&rsquo;il a fait mon oncle ?!</p>



<p class="wp-block-paragraph">Mais je pense que pour maman, c&rsquo;était bien qu&rsquo;il l&rsquo;avait ramenée chez lui, que son frère soit là. Il a bien fallu qu&rsquo;il soit là !</p>



<p class="wp-block-paragraph">Elle n&rsquo;aurait pas pu supporter, s&rsquo;il n&rsquo;y avait pas eu son frère et ma tante. Elle aussi était bienveillante avec Maman&#8230; Elle a toujours été très très gentille&#8230;</p>



<p class="wp-block-paragraph">Quant à mon frère, il avait été placée dans une famille une année auparavant, chez une veuve qui avait cinq enfants. L&rsquo;office des mineurs, l&rsquo;avait placé là-bas. C&rsquo;était une enseignante. Mais c&rsquo;était très bien pour lui, il y avait aussi une famille, des enfants, c&rsquo;était très gai, ça le changeait du cadre.</p>



<p class="wp-block-paragraph">Et ma sœur, je crois qu&rsquo;elle avait fait un remplacement de trois mois comme vendeuse à la boulangerie du village, en face du restaurant, de notre « chez nous »&#8230;</p>



<p class="wp-block-paragraph"></p>

<p>&lt;Enregistré le 15 Septembre 2016&gt; Personne n&rsquo;osait parler de son mal-être et de notre malaise&#8230; C&rsquo;était quelque chose et il fallait continuer&#8230; &#8211; Et dans cette histoire, la procédure de divorce, elle ne faisait que de commencer à ce moment là&#8230; non ? &#8211; Oui&#8230; Mais maman quand elle a été vivre chez son frère, [&hellip;]</p>
