{"id":1115,"date":"2026-01-31T12:11:52","date_gmt":"2026-01-31T12:11:52","guid":{"rendered":"https:\/\/mercigracias.ch\/?page_id=1115"},"modified":"2026-07-12T17:20:25","modified_gmt":"2026-07-12T17:20:25","slug":"alors-tout-est-foutu","status":"publish","type":"page","link":"https:\/\/mercigracias.ch\/?page_id=1115","title":{"rendered":"Alors tout est foutu&#8230;"},"content":{"rendered":"\n<p class=\"wp-block-paragraph\">&lt;Enregistr\u00e9 le 13 Septembre 2016&gt;<\/p>\n\n\n\n<p class=\"wp-block-paragraph\">Arriv\u00e9e dans ce nouvel appartement, je me rends compte que c&rsquo;est lourd&#8230; C&rsquo;\u00e9tait comme si tu \u00e9tais dans une cage \u00e0 lapin ou je ne sais pas&#8230; Il y avait une atmosph\u00e8re tellement pesante !<\/p>\n\n\n\n<p class=\"wp-block-paragraph\">Alors je d\u00e9cide de partir \u00e0 pied au village de mon enfance&#8230;<br>Partir chez Francisca, m\u00eame si elle habitait dans une cave, mais enfin o\u00f9  c&rsquo;\u00e9tait la vie !<br>M\u00eame si elle allait faire comme d&rsquo;habitude des pommes de terres bien grasses, d\u00e9gueulasses, qui sont immangeables&#8230;(Rire) mais au moins c&rsquo;\u00e9tait la vie&#8230;<\/p>\n\n\n\n<p class=\"wp-block-paragraph\">On va dormir ensemble, elle va me faire dormir dans son lit qui est puant, qui n&rsquo;est pas lav\u00e9. C&rsquo;est sale, c&rsquo;est cochon, et dans la cave ce n&rsquo;est que du b\u00e9ton&#8230; mais l\u00e0, au moins je sens la vie&#8230;<\/p>\n\n\n\n<p class=\"wp-block-paragraph\">Parce que sinon c&rsquo;\u00e9tait toujours des choses sans importance, des choses qui se passaient sur le moment et qui bien souvent n&rsquo;\u00e9taient pas si importantes&#8230;<\/p>\n\n\n\n<p class=\"wp-block-paragraph\">&#8211; <em>Mais qu&rsquo;est ce que cette p\u00e9riode a d\u00e9velopp\u00e9 en toi ?<\/em> <br>&#8211; Qu&rsquo;est ce que \u00e7a a d\u00e9velopp\u00e9 ? Mais tout&#8230; hein !<\/p>\n\n\n\n<p class=\"wp-block-paragraph\">&#8211; <em>Oui, mais comment s&rsquo;est pass\u00e9e ta r\u00e9silience&#8230;<\/em>?<br><em>Qu&rsquo;est ce que \u00e7a a d\u00e9velopp\u00e9 en toi&#8230;? Qu&rsquo;est ce que \u00e7a a d\u00e9velopp\u00e9 par rapport \u00e0 cette situation ?<\/em><br>&#8211; Mais il y a la prise de conscience quand tu es dans ce nouveau village, qu&rsquo;elle veut te contr\u00f4ler et que tu te dis que toutes tes \u00e9coles, c&rsquo;est foutu&#8230; Que tu n&rsquo;iras pas bien loin, parce que tu ne pourras pas faire plus, avec tout ce qui avait \u00e9t\u00e9 fait&#8230; Et en plus de \u00e7a, tu devras encore te d\u00e9fendre pour y arriver&#8230; Ah ben mince alors&#8230; !<\/p>\n\n\n\n<p class=\"wp-block-paragraph\">&#8211; <em>Parce que l&rsquo;\u00e9cole Jolimont o\u00f9 tu avais \u00e9t\u00e9&#8230;?<\/em> <br>&#8211; Jolimont, c&rsquo;\u00e9tait la seule ann\u00e9e o\u00f9 j&rsquo;avais \u00e9t\u00e9 et o\u00f9 \u00e7a m&rsquo;a construite&#8230; Cette ann\u00e9e l\u00e0, avec les s\u0153urs, c&rsquo;est s\u00fbr que je me suis battue&#8230;<\/p>\n\n\n\n<p class=\"wp-block-paragraph\">&#8211;<em>Cette ann\u00e9e l\u00e0, c&rsquo;\u00e9tait juste apr\u00e8s \u00eatre arriv\u00e9e dans ce nouveau village&#8230;?<\/em> <br>&#8211; Oui, quand j&rsquo;habitais chez ma marraine, j&rsquo;allais \u00e0 mon ancienne \u00e9cole&#8230; et je passais devant le restaurant tous les jours !<\/p>\n\n\n\n<p class=\"wp-block-paragraph\">Mais avec les s\u0153urs \u00e0 Fribourg, c&rsquo;est sur cette ann\u00e9e l\u00e0, que j&rsquo;ai pu m&rsquo;appuyer, parce que c&rsquo;\u00e9taient des personnes qui se sentaient concern\u00e9es&#8230; Elles \u00e9taient attentives et elles te regardaient !<\/p>\n\n\n\n<p class=\"wp-block-paragraph\">J&rsquo;avais 14 ans&#8230; Mais elles te regardaient au moins. Elles \u00e9taient concern\u00e9es par toi, alors j&rsquo;essayais d&rsquo;\u00eatre attentive&#8230;<\/p>\n\n\n\n<p class=\"wp-block-paragraph\">C&rsquo;\u00e9taient des bonnes s\u0153urs mais en m\u00eame temps c&rsquo;\u00e9taient comme des parents qui \u00e9taient attentifs \u00e0 te voir, \u00e0 te transmettre quelque chose. Comme des enfants normaux qui ont eu tout le temps des parents attentifs, qui t&rsquo;ont suivi.<\/p>\n\n\n\n<p class=\"wp-block-paragraph\">&#8211; <em>Et l\u00e0-bas, tu n&rsquo;y es rest\u00e9e qu&rsquo;une ann\u00e9e ?<\/em><\/p>\n\n\n\n<p class=\"wp-block-paragraph\">&#8211; Oui&#8230; J&rsquo;ai vraiment regrett\u00e9. Parce qu&rsquo;apr\u00e8s \u00e7a, Jolimont a \u00e9t\u00e9 ferm\u00e9e, et c&rsquo;est devenu une \u00e9cole publique \u00e0 Fribourg, alors on n&rsquo;a plus pu continuer, et il a fallu aller \u00e0 Nant&#8230;<\/p>\n\n\n\n<ul class=\"wp-block-list\">\n<li>Mais Nant, C&rsquo;\u00e9tait l&rsquo;\u00e9cole des cancres !<\/li>\n<\/ul>\n\n\n\n<p class=\"wp-block-paragraph\">L&rsquo;\u00e9cole de ceux qui n&rsquo;avaient pas r\u00e9ussi&#8230; Et l\u00e0, \u00e7a a \u00e9t\u00e9 une ann\u00e9e totalement perdue&#8230; Il aurait fallu me mettre dans une \u00e9cole priv\u00e9e pour qu&rsquo;on continue et avoir au moins, deux ans de normal&#8230; deux ans !<\/p>\n\n\n\n<p class=\"wp-block-paragraph\">Parce qu&rsquo;avec le drame qu&rsquo;il y avait eu, de toute fa\u00e7on c&rsquo;\u00e9tait foutu&#8230; Moi je peux dire que dans mes \u00e9coles qui ont \u00e9t\u00e9 positives, c&rsquo;\u00e9taient ma deuxi\u00e8me ann\u00e9e et celle de Jolimont.<\/p>\n\n\n\n<p class=\"wp-block-paragraph\">La deuxi\u00e8me ann\u00e9e, c&rsquo;\u00e9tait aussi parce qu&rsquo;on avait eu une sommeli\u00e8re fran\u00e7aise, et qui me disait :<br>&#8211; Tu veux faire ta lecture avec moi ?<\/p>\n\n\n\n<p class=\"wp-block-paragraph\">Et j&rsquo;\u00e9tais tellement contente de faire ma lecture avec elle&#8230; <br>Elle s&rsquo;occupait de moi. C&rsquo;est l\u00e0 que j&rsquo;avais touch\u00e9 les premi\u00e8res places, hein&#8230; et \u00e0 Jolimont parce qu&rsquo;il y avait les s\u0153urs qui s&rsquo;\u00e9taient int\u00e9ress\u00e9es \u00e0 moi&#8230; Voil\u00e0.<\/p>\n\n\n\n<p class=\"wp-block-paragraph\">Mais le reste c&rsquo;\u00e9tait foutu. Parce que de toute fa\u00e7on chez Rossier, m\u00eame s&rsquo;il \u00e9tait gentil, ma t\u00eate ne pouvait pas&#8230;<\/p>\n\n\n\n<p class=\"wp-block-paragraph\">Parce que tu crois qu&rsquo;\u00e0 partir de 10 ou 11 ans quand l&rsquo;office des mineurs, te dit&#8230; alors qu&rsquo;il y a un drame qui se pr\u00e9pare, que ton fr\u00e8re et ta s\u0153ur&#8230; que ta s\u0153ur est en \u00e9tat de mort \u00e0 Bern et qu&rsquo;il faut aller la trouver&#8230; Que ton fr\u00e8re est en \u00e9tat de mort de l&rsquo;autre c\u00f4t\u00e9&#8230; mais tu travailles comment ?<\/p>\n\n\n\n<p class=\"wp-block-paragraph\">Eux, ils ont eu leur temps&#8230; mais moi je n&rsquo;ai pas eu de temps et ma m\u00e8re, \u00e7a ne l&rsquo;int\u00e9ressait pas le moins du monde&#8230; Elle s&rsquo;\u00e9tait juste souci\u00e9e pour mon fr\u00e8re, il devait y arriver c&rsquo;\u00e9tait le gar\u00e7on&#8230;<\/p>\n\n\n\n<p class=\"wp-block-paragraph\">Ma s\u0153ur, elle y est quand m\u00eame arriv\u00e9e \u00e0 ses bouts, \u00e0 ses fins \u00e0 Jolimont, et elle avait pu faire son \u00e9cole primaire&#8230; A cette p\u00e9riode, c&rsquo;\u00e9tait encore normal.<\/p>\n\n\n\n<p class=\"wp-block-paragraph\">&#8211; <em>Parce que son p\u00e8re s&rsquo;en occupait peut-\u00eatre ?<\/em> <br>&#8211; Non, je ne pense pas, mais la vie \u00e9tait encore normale dans la maison \u00e0 cette p\u00e9riode.<\/p>\n\n\n\n<p class=\"wp-block-paragraph\">Elle est partie, je crois vers 13 ans \u00e0 Fribourg&#8230; mais jusque l\u00e0 c&rsquo;\u00e9tait encore du normal, enfin plus ou moins&#8230; Parce qu&rsquo;elle rentrait dans le lard de mon p\u00e8re !<br>Tu parles, elle l&rsquo;envoyait chier&#8230; Elle l&rsquo;envoyait chier !<\/p>\n\n\n\n<p class=\"wp-block-paragraph\">C&rsquo;est pour \u00e7a qu&rsquo;il l&rsquo;avait mis au pensionnat&#8230; Tu voyais un petit peu ! <br>A table chez nous, quand elle \u00e9tait en rogne, elle lan\u00e7ait la pur\u00e9e sur les murs avec sa cuill\u00e8re&#8230;<\/p>\n\n\n\n<p class=\"wp-block-paragraph\">C&rsquo;\u00e9tait pas normal, chez nous et maman elle mettait tout dans le commerce&#8230; C&rsquo;\u00e9tait comme notre petit voisin, ici&#8230; Tu dors, tu ne dors pas, tu traines \u00e0 11 heures du soir encore en v\u00e9lo et tu ne vois pas les parents&#8230; Mais heureusement, tu as un ange qui suit derri\u00e8re&#8230; Tu es un miracul\u00e9.<br>Comme un soir en rentrant je le vois \u00e0 11 heures du soir, qui se promenait en v\u00e9lo sans lumi\u00e8re dans le village&#8230; Je me suis dit :<br>&#8211; Mais c&rsquo;est pas possible&#8230; sans lumi\u00e8re, en v\u00e9lo ?<br>&#8230;Et le lendemain, il devait aller \u00e0 l&rsquo;\u00e9cole&#8230; Tu te dis, non mais ce n&rsquo;est pas possible !<\/p>\n\n\n\n<p class=\"wp-block-paragraph\">&#8211; <em>Mais qu&rsquo;est ce que faisaient les parents&#8230;?<\/em> <br>&#8211; Mais sa m\u00e8re, elle \u00e9tait&#8230; Elle \u00e9tait dans son histoire !<br>Comme maman, elle vivait son histoire de divorce, et puis&#8230; voil\u00e0.<\/p>\n\n\n\n<p class=\"wp-block-paragraph\">C&rsquo;est juste impensable.<\/p>\n\n\n\n<p class=\"wp-block-paragraph\">Moi, je ne pense pas que j&rsquo;ai \u00e9t\u00e9 une bonne m\u00e8re&#8230; parce que je n&rsquo;ai pas pu les aider au niveau scolaire&#8230; Non, je ne pense pas. <br>Je pense que j&rsquo;ai loup\u00e9 des coches&#8230;<\/p>\n\n\n\n<p class=\"wp-block-paragraph\">Mon fils, j&rsquo;ai quand m\u00eame essay\u00e9 de lui mettre un r\u00e9p\u00e9titeur&#8230;<br>Pour ma fille on n&rsquo;en parle pas parce que c&rsquo;\u00e9tait porte ferm\u00e9e, l\u00e0-dessus&#8230; et puis elle s&rsquo;en sortait au niveau scolaire.<\/p>\n\n\n\n<p class=\"wp-block-paragraph\">Mais de moi-m\u00eame je n&rsquo;ai pas pu les aider. Mais pour tout le reste j&rsquo;\u00e9tais l\u00e0, au moins au niveau du c\u0153ur&#8230; La pr\u00e9sence c&rsquo;est au niveau du c\u0153ur, du soutien&#8230; Je leur montrais qu&rsquo;ils m&rsquo;int\u00e9ressaient.<\/p>\n\n\n\n<p class=\"wp-block-paragraph\">Parce que chez nous, cause toujours, tu m&rsquo;int\u00e9resses&#8230; <\/p>\n\n\n\n<p class=\"wp-block-paragraph\">Oui, si tu fais les verres, alors l\u00e0, oui, je t&rsquo;aime&#8230;! (Rire)<\/p>\n\n\n\n<p class=\"wp-block-paragraph\"><\/p>\n","protected":false},"excerpt":{"rendered":"<p>&lt;Enregistr\u00e9 le 13 Septembre 2016&gt; Arriv\u00e9e dans ce nouvel appartement, je me rends compte que c&rsquo;est lourd&#8230; C&rsquo;\u00e9tait comme si tu \u00e9tais dans une cage \u00e0 lapin ou je ne sais pas&#8230; Il y avait une atmosph\u00e8re tellement pesante ! Alors je d\u00e9cide de partir \u00e0 pied au village de mon enfance&#8230;Partir chez Francisca, m\u00eame [&hellip;]<\/p>\n","protected":false},"author":1,"featured_media":0,"parent":0,"menu_order":0,"comment_status":"open","ping_status":"closed","template":"pages-chapitre-06","meta":{"footnotes":""},"class_list":["post-1115","page","type-page","status-publish","hentry"],"jetpack_sharing_enabled":true,"_links":{"self":[{"href":"https:\/\/mercigracias.ch\/index.php?rest_route=\/wp\/v2\/pages\/1115","targetHints":{"allow":["GET"]}}],"collection":[{"href":"https:\/\/mercigracias.ch\/index.php?rest_route=\/wp\/v2\/pages"}],"about":[{"href":"https:\/\/mercigracias.ch\/index.php?rest_route=\/wp\/v2\/types\/page"}],"author":[{"embeddable":true,"href":"https:\/\/mercigracias.ch\/index.php?rest_route=\/wp\/v2\/users\/1"}],"replies":[{"embeddable":true,"href":"https:\/\/mercigracias.ch\/index.php?rest_route=%2Fwp%2Fv2%2Fcomments&post=1115"}],"version-history":[{"count":8,"href":"https:\/\/mercigracias.ch\/index.php?rest_route=\/wp\/v2\/pages\/1115\/revisions"}],"predecessor-version":[{"id":5554,"href":"https:\/\/mercigracias.ch\/index.php?rest_route=\/wp\/v2\/pages\/1115\/revisions\/5554"}],"wp:attachment":[{"href":"https:\/\/mercigracias.ch\/index.php?rest_route=%2Fwp%2Fv2%2Fmedia&parent=1115"}],"curies":[{"name":"wp","href":"https:\/\/api.w.org\/{rel}","templated":true}]}}

<p class="wp-block-paragraph">&lt;Enregistré le 13 Septembre 2016&gt;</p>



<p class="wp-block-paragraph">Arrivée dans ce nouvel appartement, je me rends compte que c&rsquo;est lourd&#8230; C&rsquo;était comme si tu étais dans une cage à lapin ou je ne sais pas&#8230; Il y avait une atmosphère tellement pesante !</p>



<p class="wp-block-paragraph">Alors je décide de partir à pied au village de mon enfance&#8230;<br>Partir chez Francisca, même si elle habitait dans une cave, mais enfin où  c&rsquo;était la vie !<br>Même si elle allait faire comme d&rsquo;habitude des pommes de terres bien grasses, dégueulasses, qui sont immangeables&#8230;(Rire) mais au moins c&rsquo;était la vie&#8230;</p>



<p class="wp-block-paragraph">On va dormir ensemble, elle va me faire dormir dans son lit qui est puant, qui n&rsquo;est pas lavé. C&rsquo;est sale, c&rsquo;est cochon, et dans la cave ce n&rsquo;est que du béton&#8230; mais là, au moins je sens la vie&#8230;</p>



<p class="wp-block-paragraph">Parce que sinon c&rsquo;était toujours des choses sans importance, des choses qui se passaient sur le moment et qui bien souvent n&rsquo;étaient pas si importantes&#8230;</p>



<p class="wp-block-paragraph">&#8211; <em>Mais qu&rsquo;est ce que cette période a développé en toi ?</em> <br>&#8211; Qu&rsquo;est ce que ça a développé ? Mais tout&#8230; hein !</p>



<p class="wp-block-paragraph">&#8211; <em>Oui, mais comment s&rsquo;est passée ta résilience&#8230;</em>?<br><em>Qu&rsquo;est ce que ça a développé en toi&#8230;? Qu&rsquo;est ce que ça a développé par rapport à cette situation ?</em><br>&#8211; Mais il y a la prise de conscience quand tu es dans ce nouveau village, qu&rsquo;elle veut te contrôler et que tu te dis que toutes tes écoles, c&rsquo;est foutu&#8230; Que tu n&rsquo;iras pas bien loin, parce que tu ne pourras pas faire plus, avec tout ce qui avait été fait&#8230; Et en plus de ça, tu devras encore te défendre pour y arriver&#8230; Ah ben mince alors&#8230; !</p>



<p class="wp-block-paragraph">&#8211; <em>Parce que l&rsquo;école Jolimont où tu avais été&#8230;?</em> <br>&#8211; Jolimont, c&rsquo;était la seule année où j&rsquo;avais été et où ça m&rsquo;a construite&#8230; Cette année là, avec les sœurs, c&rsquo;est sûr que je me suis battue&#8230;</p>



<p class="wp-block-paragraph">&#8211;<em>Cette année là, c&rsquo;était juste après être arrivée dans ce nouveau village&#8230;?</em> <br>&#8211; Oui, quand j&rsquo;habitais chez ma marraine, j&rsquo;allais à mon ancienne école&#8230; et je passais devant le restaurant tous les jours !</p>



<p class="wp-block-paragraph">Mais avec les sœurs à Fribourg, c&rsquo;est sur cette année là, que j&rsquo;ai pu m&rsquo;appuyer, parce que c&rsquo;étaient des personnes qui se sentaient concernées&#8230; Elles étaient attentives et elles te regardaient !</p>



<p class="wp-block-paragraph">J&rsquo;avais 14 ans&#8230; Mais elles te regardaient au moins. Elles étaient concernées par toi, alors j&rsquo;essayais d&rsquo;être attentive&#8230;</p>



<p class="wp-block-paragraph">C&rsquo;étaient des bonnes sœurs mais en même temps c&rsquo;étaient comme des parents qui étaient attentifs à te voir, à te transmettre quelque chose. Comme des enfants normaux qui ont eu tout le temps des parents attentifs, qui t&rsquo;ont suivi.</p>



<p class="wp-block-paragraph">&#8211; <em>Et là-bas, tu n&rsquo;y es restée qu&rsquo;une année ?</em></p>



<p class="wp-block-paragraph">&#8211; Oui&#8230; J&rsquo;ai vraiment regretté. Parce qu&rsquo;après ça, Jolimont a été fermée, et c&rsquo;est devenu une école publique à Fribourg, alors on n&rsquo;a plus pu continuer, et il a fallu aller à Nant&#8230;</p>



<ul class="wp-block-list">
<li>Mais Nant, C&rsquo;était l&rsquo;école des cancres !</li>
</ul>



<p class="wp-block-paragraph">L&rsquo;école de ceux qui n&rsquo;avaient pas réussi&#8230; Et là, ça a été une année totalement perdue&#8230; Il aurait fallu me mettre dans une école privée pour qu&rsquo;on continue et avoir au moins, deux ans de normal&#8230; deux ans !</p>



<p class="wp-block-paragraph">Parce qu&rsquo;avec le drame qu&rsquo;il y avait eu, de toute façon c&rsquo;était foutu&#8230; Moi je peux dire que dans mes écoles qui ont été positives, c&rsquo;étaient ma deuxième année et celle de Jolimont.</p>



<p class="wp-block-paragraph">La deuxième année, c&rsquo;était aussi parce qu&rsquo;on avait eu une sommelière française, et qui me disait :<br>&#8211; Tu veux faire ta lecture avec moi ?</p>



<p class="wp-block-paragraph">Et j&rsquo;étais tellement contente de faire ma lecture avec elle&#8230; <br>Elle s&rsquo;occupait de moi. C&rsquo;est là que j&rsquo;avais touché les premières places, hein&#8230; et à Jolimont parce qu&rsquo;il y avait les sœurs qui s&rsquo;étaient intéressées à moi&#8230; Voilà.</p>



<p class="wp-block-paragraph">Mais le reste c&rsquo;était foutu. Parce que de toute façon chez Rossier, même s&rsquo;il était gentil, ma tête ne pouvait pas&#8230;</p>



<p class="wp-block-paragraph">Parce que tu crois qu&rsquo;à partir de 10 ou 11 ans quand l&rsquo;office des mineurs, te dit&#8230; alors qu&rsquo;il y a un drame qui se prépare, que ton frère et ta sœur&#8230; que ta sœur est en état de mort à Bern et qu&rsquo;il faut aller la trouver&#8230; Que ton frère est en état de mort de l&rsquo;autre côté&#8230; mais tu travailles comment ?</p>



<p class="wp-block-paragraph">Eux, ils ont eu leur temps&#8230; mais moi je n&rsquo;ai pas eu de temps et ma mère, ça ne l&rsquo;intéressait pas le moins du monde&#8230; Elle s&rsquo;était juste souciée pour mon frère, il devait y arriver c&rsquo;était le garçon&#8230;</p>



<p class="wp-block-paragraph">Ma sœur, elle y est quand même arrivée à ses bouts, à ses fins à Jolimont, et elle avait pu faire son école primaire&#8230; A cette période, c&rsquo;était encore normal.</p>



<p class="wp-block-paragraph">&#8211; <em>Parce que son père s&rsquo;en occupait peut-être ?</em> <br>&#8211; Non, je ne pense pas, mais la vie était encore normale dans la maison à cette période.</p>



<p class="wp-block-paragraph">Elle est partie, je crois vers 13 ans à Fribourg&#8230; mais jusque là c&rsquo;était encore du normal, enfin plus ou moins&#8230; Parce qu&rsquo;elle rentrait dans le lard de mon père !<br>Tu parles, elle l&rsquo;envoyait chier&#8230; Elle l&rsquo;envoyait chier !</p>



<p class="wp-block-paragraph">C&rsquo;est pour ça qu&rsquo;il l&rsquo;avait mis au pensionnat&#8230; Tu voyais un petit peu ! <br>A table chez nous, quand elle était en rogne, elle lançait la purée sur les murs avec sa cuillère&#8230;</p>



<p class="wp-block-paragraph">C&rsquo;était pas normal, chez nous et maman elle mettait tout dans le commerce&#8230; C&rsquo;était comme notre petit voisin, ici&#8230; Tu dors, tu ne dors pas, tu traines à 11 heures du soir encore en vélo et tu ne vois pas les parents&#8230; Mais heureusement, tu as un ange qui suit derrière&#8230; Tu es un miraculé.<br>Comme un soir en rentrant je le vois à 11 heures du soir, qui se promenait en vélo sans lumière dans le village&#8230; Je me suis dit :<br>&#8211; Mais c&rsquo;est pas possible&#8230; sans lumière, en vélo ?<br>&#8230;Et le lendemain, il devait aller à l&rsquo;école&#8230; Tu te dis, non mais ce n&rsquo;est pas possible !</p>



<p class="wp-block-paragraph">&#8211; <em>Mais qu&rsquo;est ce que faisaient les parents&#8230;?</em> <br>&#8211; Mais sa mère, elle était&#8230; Elle était dans son histoire !<br>Comme maman, elle vivait son histoire de divorce, et puis&#8230; voilà.</p>



<p class="wp-block-paragraph">C&rsquo;est juste impensable.</p>



<p class="wp-block-paragraph">Moi, je ne pense pas que j&rsquo;ai été une bonne mère&#8230; parce que je n&rsquo;ai pas pu les aider au niveau scolaire&#8230; Non, je ne pense pas. <br>Je pense que j&rsquo;ai loupé des coches&#8230;</p>



<p class="wp-block-paragraph">Mon fils, j&rsquo;ai quand même essayé de lui mettre un répétiteur&#8230;<br>Pour ma fille on n&rsquo;en parle pas parce que c&rsquo;était porte fermée, là-dessus&#8230; et puis elle s&rsquo;en sortait au niveau scolaire.</p>



<p class="wp-block-paragraph">Mais de moi-même je n&rsquo;ai pas pu les aider. Mais pour tout le reste j&rsquo;étais là, au moins au niveau du cœur&#8230; La présence c&rsquo;est au niveau du cœur, du soutien&#8230; Je leur montrais qu&rsquo;ils m&rsquo;intéressaient.</p>



<p class="wp-block-paragraph">Parce que chez nous, cause toujours, tu m&rsquo;intéresses&#8230; </p>



<p class="wp-block-paragraph">Oui, si tu fais les verres, alors là, oui, je t&rsquo;aime&#8230;! (Rire)</p>



<p class="wp-block-paragraph"></p>

<p>&lt;Enregistré le 13 Septembre 2016&gt; Arrivée dans ce nouvel appartement, je me rends compte que c&rsquo;est lourd&#8230; C&rsquo;était comme si tu étais dans une cage à lapin ou je ne sais pas&#8230; Il y avait une atmosphère tellement pesante ! Alors je décide de partir à pied au village de mon enfance&#8230;Partir chez Francisca, même [&hellip;]</p>
