{"id":1123,"date":"2026-02-01T21:55:09","date_gmt":"2026-02-01T21:55:09","guid":{"rendered":"https:\/\/mercigracias.ch\/?page_id=1123"},"modified":"2026-07-13T06:34:40","modified_gmt":"2026-07-13T06:34:40","slug":"chantage-affectif","status":"publish","type":"page","link":"https:\/\/mercigracias.ch\/?page_id=1123","title":{"rendered":"Chantage affectif"},"content":{"rendered":"\n<p class=\"wp-block-paragraph\">&lt;Enregistr\u00e9 les 20 F\u00e9vrier 2015 et 10 Octobre 2016&gt;<\/p>\n\n\n\n<p class=\"wp-block-paragraph\">&#8211; Mon P\u00e8re ? J&rsquo;osais pas y aller&#8230;<br>&#8211; <em>Pourtant tu m&rsquo;avais dit qu&rsquo;il \u00e9tait venu plusieurs fois pour t&rsquo;inviter \u00e0 manger au Jumbo&#8230;<\/em><\/p>\n\n\n\n<p class=\"wp-block-paragraph\">&#8211; Oui&#8230; Mais je me disais : <br>Mais qu&rsquo;est ce que je vais dire \u00e0 Maman, si je ne rentre pas ce soir, ou si je rentre plus tard&#8230;? Et si je te le ram\u00e8ne \u00e0 la maison, \u00e7a va \u00eatre quoi ? <br>Elle ne va plus me parler&#8230;?<\/p>\n\n\n\n<p class=\"wp-block-paragraph\">&#8211; <em>Un chantage affectif&#8230;<\/em> <br>&#8211; Tu es mis \u00e0 risque et tu ne sais m\u00eame pas si tu vas devoir quitter la maison&#8230; Tu n&rsquo;en sais rien, puisqu&rsquo;on t&rsquo;a d\u00e9j\u00e0 mis dehors, tu ne sais pas jusqu&rsquo;o\u00f9 \u00e7a irait&#8230;<\/p>\n\n\n\n<p class=\"wp-block-paragraph\">&#8211; <em>La peur du bannissement !<\/em> <br>&#8211; Tu vois quand tu voyais les enfants hier soir, dans l&rsquo;\u00e9mission de \u00ab\u00a0Temps Pr\u00e9sent\u00a0\u00bb \u00e0 la t\u00e9l\u00e9, c&rsquo;\u00e9tait un petit peu comme \u00e7a.<br>Et mes enfants ont peut-\u00eatre aussi pu sentir \u00e7a, parce que quand l&rsquo;un a pu l\u00e2cher, peut-\u00eatre que l&rsquo;autre, il va aussi l\u00e2cher&#8230;<\/p>\n\n\n\n<p class=\"wp-block-paragraph\">Quand j&rsquo;ai quitt\u00e9 le buffet, je pensais que le P\u00e8re, il avait l\u00e2ch\u00e9&#8230; <\/p>\n\n\n\n<p class=\"wp-block-paragraph\">J&rsquo;avais souci que Maman l\u00e2che aussi, donc il fallait que je sois gentille, parce que je n&rsquo;aurais eu personne qui se serait occup\u00e9 de moi&#8230; Il fallait arranger les choses parce qu&rsquo;un avait d\u00e9j\u00e0 l\u00e2ch\u00e9, j&rsquo;avais souci que l&rsquo;autre l\u00e2che aussi&#8230;<\/p>\n\n\n\n<p class=\"wp-block-paragraph\">&#8211; <em>Parce que finalement, elle ne te montrait pas qu&rsquo;elle s&rsquo;int\u00e9ressait \u00e0 ce que toi, tu aimais, ou \u00e0 ta personnalit\u00e9, tu voyais bien qu&rsquo;inconsciemment, c&rsquo;\u00e9tait toujours sa part \u00e0 elle et que tu ne comptais pas&#8230; Parce que si tu avais compt\u00e9, elle t&rsquo;aurait laiss\u00e9 aller voir ton p\u00e8re&#8230; ou autre chose&#8230; <\/em><br>&#8211; Mais est ce que moi, je suis vraiment ouverte par rapport \u00e0 mes enfants ?<\/p>\n\n\n\n<p class=\"wp-block-paragraph\">&#8211; <em>Bien s\u00fbr, toi tu les laisses choisir. Ils ont le libre choix&#8230; Si ta fille habite chez lui quand il est \u00e0 l&rsquo;\u00e9tranger pour \u00eatre plus proche de l&rsquo;universit\u00e9, c&rsquo;est bien que tu lui laisses le libre choix.<\/em>..<\/p>\n\n\n\n<p class=\"wp-block-paragraph\">Oui, ben elle, \u00e7a ne me fait rien du tout qu&rsquo;elle habite chez lui parce que je sens qu&rsquo;elle est&#8230; <br>&#8211; <em>Qu&rsquo;elle ne comprend pas tout ?<\/em><\/p>\n\n\n\n<p class=\"wp-block-paragraph\">&#8211; Parce que, c&rsquo;est \u00e0 dire qu&rsquo;il ne pourra jamais rien chambouler, qu&rsquo;elle prend ce qu&rsquo;elle veut et que le reste&#8230; <br>&#8211; <em>Et l\u00e0, tu te sens ennuy\u00e9e pour ton fils, parce que&#8230;?<\/em><\/p>\n\n\n\n<p class=\"wp-block-paragraph\">&#8211; Parce qu&rsquo;il est comme moi&#8230; <br>&#8211; <em>Qu&rsquo;il en souffrirait&#8230;?<\/em><\/p>\n\n\n\n<p class=\"wp-block-paragraph\">&#8211; Je suis ennuy\u00e9e pour lui, parce que je sais qu&rsquo;il peut lui faire du mal&#8230; Ma fille, je sais que (Rire) il peut y aller pour lui faire du mal, il n&rsquo;y arrivera pas&#8230; Alors \u00e7a ne me fait rien, il peut y aller tranquille&#8230; Qu&rsquo;elle vive l\u00e0-bas, aucun souci !<\/p>\n\n\n\n<p class=\"wp-block-paragraph\">Mais mon fils, je sais qu&rsquo;il va lui faire du mal&#8230; Alors \u00e7a, non ! <br>&#8211; <em>Parce qu&rsquo;il te ressemble trop au niveau \u00e9motionnel ?<\/em><\/p>\n\n\n\n<p class=\"wp-block-paragraph\">&#8211; Oui&#8230; et \u00e7a, je ne peux pas le supporter !<\/p>\n\n\n\n<p class=\"wp-block-paragraph\">&#8230;(Moment de silence)<\/p>\n\n\n\n<p class=\"wp-block-paragraph\">&#8211; <em>Et pour ton fr\u00e8re, comment \u00e7a s&rsquo;est pass\u00e9 la relation avec son P\u00e8re apr\u00e8s ?<\/em> <br>&#8211; C&rsquo;\u00e9tait sa copine, la fille du policier qui mettait aussi la barri\u00e8re pour qu&rsquo;il ne puisse pas rencontrer son p\u00e8re. <\/p>\n\n\n\n<p class=\"wp-block-paragraph\">&#8211; <em>T&rsquo;en es s\u00fbre ?<\/em> <br>&#8211; Oui, j&rsquo;en suis s\u00fbre&#8230; Finalement c&rsquo;\u00e9tait pareil, il ne fallait pas que \u00e7a se reproduise. C&rsquo;\u00e9tait comme \u00e7a tu comprends, il y avait eu&#8230;<\/p>\n\n\n\n<p class=\"wp-block-paragraph\">Tu vois quand ils nous avaient sortis, ils avaient mis tout \u00e7a sur le compte du P\u00e8re&#8230; <br>-Ah Ah&#8230; Dis donc ! Qu&rsquo;il avait dit \u00e0 mon p\u00e8re&#8230;(le policier) <br>Soi disant qu&rsquo;il rigolait devant la maison, en parlant de mon P\u00e8re&#8230; <br>Mon p\u00e8re ? Il ne rigolait pas du tout, quand on est parti, ce n&rsquo;\u00e9tait pas vrai ! J&rsquo;\u00e9tais l\u00e0&#8230; !<\/p>\n\n\n\n<p class=\"wp-block-paragraph\">Mais non, puisqu&rsquo; il nous disait \u00e0 moi et \u00e0 ma s\u0153ur :<br>&#8211; Vous allez o\u00f9, mais vous allez o\u00f9&#8230; ?!<\/p>\n\n\n\n<p class=\"wp-block-paragraph\">Plus tard, Il l&rsquo;a dit \u00e0 ma s\u0153ur : <br>&#8211; Je ne savais pas ce qui se passait, je suis vraiment d\u00e9sol\u00e9&#8230; <br>&#8211; <em>Lui aussi, il a \u00e9t\u00e9 d\u00e9pass\u00e9&#8230;<\/em><\/p>\n\n\n\n<p class=\"wp-block-paragraph\"><\/p>\n","protected":false},"excerpt":{"rendered":"<p>&lt;Enregistr\u00e9 les 20 F\u00e9vrier 2015 et 10 Octobre 2016&gt; &#8211; Mon P\u00e8re ? J&rsquo;osais pas y aller&#8230;&#8211; Pourtant tu m&rsquo;avais dit qu&rsquo;il \u00e9tait venu plusieurs fois pour t&rsquo;inviter \u00e0 manger au Jumbo&#8230; &#8211; Oui&#8230; Mais je me disais : Mais qu&rsquo;est ce que je vais dire \u00e0 Maman, si je ne rentre pas ce soir, [&hellip;]<\/p>\n","protected":false},"author":1,"featured_media":0,"parent":0,"menu_order":0,"comment_status":"open","ping_status":"closed","template":"pages-chapitre-06","meta":{"footnotes":""},"class_list":["post-1123","page","type-page","status-publish","hentry"],"jetpack_sharing_enabled":true,"_links":{"self":[{"href":"https:\/\/mercigracias.ch\/index.php?rest_route=\/wp\/v2\/pages\/1123","targetHints":{"allow":["GET"]}}],"collection":[{"href":"https:\/\/mercigracias.ch\/index.php?rest_route=\/wp\/v2\/pages"}],"about":[{"href":"https:\/\/mercigracias.ch\/index.php?rest_route=\/wp\/v2\/types\/page"}],"author":[{"embeddable":true,"href":"https:\/\/mercigracias.ch\/index.php?rest_route=\/wp\/v2\/users\/1"}],"replies":[{"embeddable":true,"href":"https:\/\/mercigracias.ch\/index.php?rest_route=%2Fwp%2Fv2%2Fcomments&post=1123"}],"version-history":[{"count":6,"href":"https:\/\/mercigracias.ch\/index.php?rest_route=\/wp\/v2\/pages\/1123\/revisions"}],"predecessor-version":[{"id":5716,"href":"https:\/\/mercigracias.ch\/index.php?rest_route=\/wp\/v2\/pages\/1123\/revisions\/5716"}],"wp:attachment":[{"href":"https:\/\/mercigracias.ch\/index.php?rest_route=%2Fwp%2Fv2%2Fmedia&parent=1123"}],"curies":[{"name":"wp","href":"https:\/\/api.w.org\/{rel}","templated":true}]}}

<p class="wp-block-paragraph">&lt;Enregistré les 20 Février 2015 et 10 Octobre 2016&gt;</p>



<p class="wp-block-paragraph">&#8211; Mon Père ? J&rsquo;osais pas y aller&#8230;<br>&#8211; <em>Pourtant tu m&rsquo;avais dit qu&rsquo;il était venu plusieurs fois pour t&rsquo;inviter à manger au Jumbo&#8230;</em></p>



<p class="wp-block-paragraph">&#8211; Oui&#8230; Mais je me disais : <br>Mais qu&rsquo;est ce que je vais dire à Maman, si je ne rentre pas ce soir, ou si je rentre plus tard&#8230;? Et si je te le ramène à la maison, ça va être quoi ? <br>Elle ne va plus me parler&#8230;?</p>



<p class="wp-block-paragraph">&#8211; <em>Un chantage affectif&#8230;</em> <br>&#8211; Tu es mis à risque et tu ne sais même pas si tu vas devoir quitter la maison&#8230; Tu n&rsquo;en sais rien, puisqu&rsquo;on t&rsquo;a déjà mis dehors, tu ne sais pas jusqu&rsquo;où ça irait&#8230;</p>



<p class="wp-block-paragraph">&#8211; <em>La peur du bannissement !</em> <br>&#8211; Tu vois quand tu voyais les enfants hier soir, dans l&rsquo;émission de « Temps Présent » à la télé, c&rsquo;était un petit peu comme ça.<br>Et mes enfants ont peut-être aussi pu sentir ça, parce que quand l&rsquo;un a pu lâcher, peut-être que l&rsquo;autre, il va aussi lâcher&#8230;</p>



<p class="wp-block-paragraph">Quand j&rsquo;ai quitté le buffet, je pensais que le Père, il avait lâché&#8230; </p>



<p class="wp-block-paragraph">J&rsquo;avais souci que Maman lâche aussi, donc il fallait que je sois gentille, parce que je n&rsquo;aurais eu personne qui se serait occupé de moi&#8230; Il fallait arranger les choses parce qu&rsquo;un avait déjà lâché, j&rsquo;avais souci que l&rsquo;autre lâche aussi&#8230;</p>



<p class="wp-block-paragraph">&#8211; <em>Parce que finalement, elle ne te montrait pas qu&rsquo;elle s&rsquo;intéressait à ce que toi, tu aimais, ou à ta personnalité, tu voyais bien qu&rsquo;inconsciemment, c&rsquo;était toujours sa part à elle et que tu ne comptais pas&#8230; Parce que si tu avais compté, elle t&rsquo;aurait laissé aller voir ton père&#8230; ou autre chose&#8230; </em><br>&#8211; Mais est ce que moi, je suis vraiment ouverte par rapport à mes enfants ?</p>



<p class="wp-block-paragraph">&#8211; <em>Bien sûr, toi tu les laisses choisir. Ils ont le libre choix&#8230; Si ta fille habite chez lui quand il est à l&rsquo;étranger pour être plus proche de l&rsquo;université, c&rsquo;est bien que tu lui laisses le libre choix.</em>..</p>



<p class="wp-block-paragraph">Oui, ben elle, ça ne me fait rien du tout qu&rsquo;elle habite chez lui parce que je sens qu&rsquo;elle est&#8230; <br>&#8211; <em>Qu&rsquo;elle ne comprend pas tout ?</em></p>



<p class="wp-block-paragraph">&#8211; Parce que, c&rsquo;est à dire qu&rsquo;il ne pourra jamais rien chambouler, qu&rsquo;elle prend ce qu&rsquo;elle veut et que le reste&#8230; <br>&#8211; <em>Et là, tu te sens ennuyée pour ton fils, parce que&#8230;?</em></p>



<p class="wp-block-paragraph">&#8211; Parce qu&rsquo;il est comme moi&#8230; <br>&#8211; <em>Qu&rsquo;il en souffrirait&#8230;?</em></p>



<p class="wp-block-paragraph">&#8211; Je suis ennuyée pour lui, parce que je sais qu&rsquo;il peut lui faire du mal&#8230; Ma fille, je sais que (Rire) il peut y aller pour lui faire du mal, il n&rsquo;y arrivera pas&#8230; Alors ça ne me fait rien, il peut y aller tranquille&#8230; Qu&rsquo;elle vive là-bas, aucun souci !</p>



<p class="wp-block-paragraph">Mais mon fils, je sais qu&rsquo;il va lui faire du mal&#8230; Alors ça, non ! <br>&#8211; <em>Parce qu&rsquo;il te ressemble trop au niveau émotionnel ?</em></p>



<p class="wp-block-paragraph">&#8211; Oui&#8230; et ça, je ne peux pas le supporter !</p>



<p class="wp-block-paragraph">&#8230;(Moment de silence)</p>



<p class="wp-block-paragraph">&#8211; <em>Et pour ton frère, comment ça s&rsquo;est passé la relation avec son Père après ?</em> <br>&#8211; C&rsquo;était sa copine, la fille du policier qui mettait aussi la barrière pour qu&rsquo;il ne puisse pas rencontrer son père. </p>



<p class="wp-block-paragraph">&#8211; <em>T&rsquo;en es sûre ?</em> <br>&#8211; Oui, j&rsquo;en suis sûre&#8230; Finalement c&rsquo;était pareil, il ne fallait pas que ça se reproduise. C&rsquo;était comme ça tu comprends, il y avait eu&#8230;</p>



<p class="wp-block-paragraph">Tu vois quand ils nous avaient sortis, ils avaient mis tout ça sur le compte du Père&#8230; <br>-Ah Ah&#8230; Dis donc ! Qu&rsquo;il avait dit à mon père&#8230;(le policier) <br>Soi disant qu&rsquo;il rigolait devant la maison, en parlant de mon Père&#8230; <br>Mon père ? Il ne rigolait pas du tout, quand on est parti, ce n&rsquo;était pas vrai ! J&rsquo;étais là&#8230; !</p>



<p class="wp-block-paragraph">Mais non, puisqu&rsquo; il nous disait à moi et à ma sœur :<br>&#8211; Vous allez où, mais vous allez où&#8230; ?!</p>



<p class="wp-block-paragraph">Plus tard, Il l&rsquo;a dit à ma sœur : <br>&#8211; Je ne savais pas ce qui se passait, je suis vraiment désolé&#8230; <br>&#8211; <em>Lui aussi, il a été dépassé&#8230;</em></p>



<p class="wp-block-paragraph"></p>

<p>&lt;Enregistré les 20 Février 2015 et 10 Octobre 2016&gt; &#8211; Mon Père ? J&rsquo;osais pas y aller&#8230;&#8211; Pourtant tu m&rsquo;avais dit qu&rsquo;il était venu plusieurs fois pour t&rsquo;inviter à manger au Jumbo&#8230; &#8211; Oui&#8230; Mais je me disais : Mais qu&rsquo;est ce que je vais dire à Maman, si je ne rentre pas ce soir, [&hellip;]</p>
