{"id":1140,"date":"2026-02-02T10:55:10","date_gmt":"2026-02-02T10:55:10","guid":{"rendered":"https:\/\/mercigracias.ch\/?page_id=1140"},"modified":"2026-06-19T06:50:29","modified_gmt":"2026-06-19T06:50:29","slug":"le-buffet-est-a-vendre","status":"publish","type":"page","link":"https:\/\/mercigracias.ch\/?page_id=1140","title":{"rendered":"Le buffet est \u00e0 vendre !"},"content":{"rendered":"\n<p class=\"wp-block-paragraph\">&lt;Enregistr\u00e9 le 10 juin 2020&gt;<\/p>\n\n\n\n<figure class=\"wp-block-audio\"><audio controls src=\"https:\/\/mercigracias.ch\/wp-content\/uploads\/2026\/02\/20200610-2256_LeBuffetEstAVendre.m4a\"><\/audio><\/figure>\n\n\n\n<p class=\"wp-block-paragraph\">Alors je travaillais \u00e0 l&rsquo;usine, et il y en avait une, Marlyse, qui me dit :<br>&#8211; Alors le buffet est \u00e0 vendre&#8230; ?<br>&#8211; Quoi ?&#8230;pas que je sache, non&#8230;<br>(Pour moi, le monde s&rsquo;\u00e9croulait d\u00e9finitivement)<\/p>\n\n\n\n<p class=\"wp-block-paragraph\">Je suis rentr\u00e9e \u00e0 la maison et j&rsquo;ai dit \u00e0 Maman&#8230; : <br>&#8211; Le buffet est \u00e0 vendre !<br>&#8211; Mais arr\u00eate, ce n&rsquo;est pas possible, il doit avoir ma signature. <br>C&rsquo;est pas possible&#8230;<\/p>\n\n\n\n<p class=\"wp-block-paragraph\">Voil\u00e0 que je raconte \u00e7a aussi \u00e0 mon fr\u00e8re, \u00e0 l&rsquo;\u00e9quipe, et il me dit :<br>&#8211; Mais non, ce n&rsquo;est rien du tout&#8230; C&rsquo;est du blabla&#8230;<\/p>\n\n\n\n<p class=\"wp-block-paragraph\">Mais moi j&rsquo;avais bien senti que Marlyse quand elle me l&rsquo;avait dit, elle me l&rsquo;avait dit pour de vrai&#8230; et que si il y avait des blablas dans le village, ce n&rsquo;\u00e9tait pas du vent !<\/p>\n\n\n\n<p class=\"wp-block-paragraph\">Alors quand j&rsquo;ai recommenc\u00e9 l&rsquo;\u00e9cole, \u00e0 la place d&rsquo;aller \u00e0 l&rsquo;\u00e9cole, je suis partie faire du stop sur la route, juste \u00e0 c\u00f4t\u00e9 de chez nous&#8230;<br>Je suis partie au bord de la route, et il y a quelqu&rsquo;un qui s&rsquo;arr\u00eate&#8230; <br>Il me pose la question comment \u00e7a se faisait que je fasse du stop&#8230;<\/p>\n\n\n\n<p class=\"wp-block-paragraph\">Et puis j&rsquo;avais besoin de raconter, j&rsquo;avais 14 ans&#8230;<\/p>\n\n\n\n<p class=\"wp-block-paragraph\">Alors je commence \u00e0 lui raconter mon histoire, et puis il me dit :<br>&#8211; Ah, ben vous avez de la chance, parce que je suis cur\u00e9&#8230;<br>Et il me dit : <br>&#8211; Bon, mais \u00e7a ne va pas&#8230; Ecoutez moi, je ne peux pas vous laisser comme \u00e7a&#8230; Revenir en stop&#8230; Vous \u00eates vraiment trop jeune. <br>Allez voir chez votre p\u00e8re, moi, je dois aller faire un tour \u00e0 Fribourg, pour quelque chose, mais je d\u00e9pose juste ce que j&rsquo;ai \u00e0 d\u00e9poser et je fais le retour&#8230; Je viens vous reprendre&#8230; Vous m&rsquo;attendez !<\/p>\n\n\n\n<p class=\"wp-block-paragraph\">Donc, je suis revenue avec lui&#8230;<\/p>\n\n\n\n<p class=\"wp-block-paragraph\">Ce que je disais, c&rsquo;\u00e9tait combien j&rsquo;avais \u00e9t\u00e9 prot\u00e9g\u00e9e&#8230;<\/p>\n\n\n\n<p class=\"wp-block-paragraph\">Puisque m\u00eame l\u00e0, on me mettait un cur\u00e9 sur la route&#8230; qui non seulement m&rsquo;\u00e9coutait mais me prot\u00e9geait, me ramenait&#8230; Je ne l&rsquo;ai plus jamais revu, ni entendu&#8230; Je ne sais m\u00eame pas o\u00f9 il \u00e9tait cur\u00e9, Je n&rsquo;en sais rien du tout&#8230;<\/p>\n\n\n\n<p class=\"wp-block-paragraph\">Je sais juste qu&rsquo;il \u00e9tait l\u00e0, sur la route&#8230; pour moi !<\/p>\n\n\n\n<p class=\"wp-block-paragraph\">Il m&rsquo;avait dit :<br>&#8211; Vous ne pouvez pas faire du stop&#8230; Vous n&rsquo;avez pas l&rsquo;\u00e2ge de faire \u00e7a, ce n&rsquo;est pas possible&#8230; Vous \u00eates trop jeune !<\/p>\n\n\n\n<p class=\"wp-block-paragraph\">Merci Gracias<\/p>\n","protected":false},"excerpt":{"rendered":"<p>&lt;Enregistr\u00e9 le 10 juin 2020&gt; Alors je travaillais \u00e0 l&rsquo;usine, et il y en avait une, Marlyse, qui me dit :&#8211; Alors le buffet est \u00e0 vendre&#8230; ?&#8211; Quoi ?&#8230;pas que je sache, non&#8230;(Pour moi, le monde s&rsquo;\u00e9croulait d\u00e9finitivement) Je suis rentr\u00e9e \u00e0 la maison et j&rsquo;ai dit \u00e0 Maman&#8230; : &#8211; Le buffet est [&hellip;]<\/p>\n","protected":false},"author":1,"featured_media":0,"parent":0,"menu_order":0,"comment_status":"open","ping_status":"closed","template":"pages-chapitre-06","meta":{"footnotes":""},"class_list":["post-1140","page","type-page","status-publish","hentry"],"jetpack_sharing_enabled":true,"_links":{"self":[{"href":"https:\/\/mercigracias.ch\/index.php?rest_route=\/wp\/v2\/pages\/1140","targetHints":{"allow":["GET"]}}],"collection":[{"href":"https:\/\/mercigracias.ch\/index.php?rest_route=\/wp\/v2\/pages"}],"about":[{"href":"https:\/\/mercigracias.ch\/index.php?rest_route=\/wp\/v2\/types\/page"}],"author":[{"embeddable":true,"href":"https:\/\/mercigracias.ch\/index.php?rest_route=\/wp\/v2\/users\/1"}],"replies":[{"embeddable":true,"href":"https:\/\/mercigracias.ch\/index.php?rest_route=%2Fwp%2Fv2%2Fcomments&post=1140"}],"version-history":[{"count":7,"href":"https:\/\/mercigracias.ch\/index.php?rest_route=\/wp\/v2\/pages\/1140\/revisions"}],"predecessor-version":[{"id":4723,"href":"https:\/\/mercigracias.ch\/index.php?rest_route=\/wp\/v2\/pages\/1140\/revisions\/4723"}],"wp:attachment":[{"href":"https:\/\/mercigracias.ch\/index.php?rest_route=%2Fwp%2Fv2%2Fmedia&parent=1140"}],"curies":[{"name":"wp","href":"https:\/\/api.w.org\/{rel}","templated":true}]}}

Le buffet est à vendre !

<p class="wp-block-paragraph">&lt;Enregistré le 10 juin 2020&gt;</p>



<figure class="wp-block-audio"><audio controls src="https://mercigracias.ch/wp-content/uploads/2026/02/20200610-2256_LeBuffetEstAVendre.m4a"></audio></figure>



<p class="wp-block-paragraph">Alors je travaillais à l&rsquo;usine, et il y en avait une, Marlyse, qui me dit :<br>&#8211; Alors le buffet est à vendre&#8230; ?<br>&#8211; Quoi ?&#8230;pas que je sache, non&#8230;<br>(Pour moi, le monde s&rsquo;écroulait définitivement)</p>



<p class="wp-block-paragraph">Je suis rentrée à la maison et j&rsquo;ai dit à Maman&#8230; : <br>&#8211; Le buffet est à vendre !<br>&#8211; Mais arrête, ce n&rsquo;est pas possible, il doit avoir ma signature. <br>C&rsquo;est pas possible&#8230;</p>



<p class="wp-block-paragraph">Voilà que je raconte ça aussi à mon frère, à l&rsquo;équipe, et il me dit :<br>&#8211; Mais non, ce n&rsquo;est rien du tout&#8230; C&rsquo;est du blabla&#8230;</p>



<p class="wp-block-paragraph">Mais moi j&rsquo;avais bien senti que Marlyse quand elle me l&rsquo;avait dit, elle me l&rsquo;avait dit pour de vrai&#8230; et que si il y avait des blablas dans le village, ce n&rsquo;était pas du vent !</p>



<p class="wp-block-paragraph">Alors quand j&rsquo;ai recommencé l&rsquo;école, à la place d&rsquo;aller à l&rsquo;école, je suis partie faire du stop sur la route, juste à côté de chez nous&#8230;<br>Je suis partie au bord de la route, et il y a quelqu&rsquo;un qui s&rsquo;arrête&#8230; <br>Il me pose la question comment ça se faisait que je fasse du stop&#8230;</p>



<p class="wp-block-paragraph">Et puis j&rsquo;avais besoin de raconter, j&rsquo;avais 14 ans&#8230;</p>



<p class="wp-block-paragraph">Alors je commence à lui raconter mon histoire, et puis il me dit :<br>&#8211; Ah, ben vous avez de la chance, parce que je suis curé&#8230;<br>Et il me dit : <br>&#8211; Bon, mais ça ne va pas&#8230; Ecoutez moi, je ne peux pas vous laisser comme ça&#8230; Revenir en stop&#8230; Vous êtes vraiment trop jeune. <br>Allez voir chez votre père, moi, je dois aller faire un tour à Fribourg, pour quelque chose, mais je dépose juste ce que j&rsquo;ai à déposer et je fais le retour&#8230; Je viens vous reprendre&#8230; Vous m&rsquo;attendez !</p>



<p class="wp-block-paragraph">Donc, je suis revenue avec lui&#8230;</p>



<p class="wp-block-paragraph">Ce que je disais, c&rsquo;était combien j&rsquo;avais été protégée&#8230;</p>



<p class="wp-block-paragraph">Puisque même là, on me mettait un curé sur la route&#8230; qui non seulement m&rsquo;écoutait mais me protégeait, me ramenait&#8230; Je ne l&rsquo;ai plus jamais revu, ni entendu&#8230; Je ne sais même pas où il était curé, Je n&rsquo;en sais rien du tout&#8230;</p>



<p class="wp-block-paragraph">Je sais juste qu&rsquo;il était là, sur la route&#8230; pour moi !</p>



<p class="wp-block-paragraph">Il m&rsquo;avait dit :<br>&#8211; Vous ne pouvez pas faire du stop&#8230; Vous n&rsquo;avez pas l&rsquo;âge de faire ça, ce n&rsquo;est pas possible&#8230; Vous êtes trop jeune !</p>



<p class="wp-block-paragraph">Merci Gracias</p>

<p>&lt;Enregistré le 10 juin 2020&gt; Alors je travaillais à l&rsquo;usine, et il y en avait une, Marlyse, qui me dit :&#8211; Alors le buffet est à vendre&#8230; ?&#8211; Quoi ?&#8230;pas que je sache, non&#8230;(Pour moi, le monde s&rsquo;écroulait définitivement) Je suis rentrée à la maison et j&rsquo;ai dit à Maman&#8230; : &#8211; Le buffet est [&hellip;]</p>
