{"id":1167,"date":"2026-02-03T14:11:03","date_gmt":"2026-02-03T14:11:03","guid":{"rendered":"https:\/\/mercigracias.ch\/?page_id=1167"},"modified":"2026-06-19T08:52:58","modified_gmt":"2026-06-19T08:52:58","slug":"le-divorce-de-maman","status":"publish","type":"page","link":"https:\/\/mercigracias.ch\/?page_id=1167","title":{"rendered":"Le divorce de maman"},"content":{"rendered":"\n<p class=\"wp-block-paragraph\">&lt;Enregistr\u00e9 le 16 Septembre 2021><\/p>\n\n\n\n<p class=\"wp-block-paragraph\">Je me souviens, je lui coupe les cheveux, pour aller au tribunal&#8230; c&rsquo;\u00e9tait le matin, et j&rsquo;\u00e9tais encore en apprentissage. J&rsquo;avais 16 ans et le jour o\u00f9 elle va au tribunal, je me l\u00e8ve \u00e0 5 heures du matin pour lui faire ses cheveux, <br>pour qu&rsquo;ils soient parfaits, pour qu&rsquo;elle aille au tribunal, et pour qu&rsquo;il la trouve belle&#8230; pour que mon P\u00e8re la trouve belle !<\/p>\n\n\n\n<p class=\"wp-block-paragraph\">Alors ce jour l\u00e0, il fallait qu&rsquo;elle soit tr\u00e8s, tr\u00e8s belle&#8230; et elle \u00e9tait magnifique !<\/p>\n\n\n\n<p class=\"wp-block-paragraph\">Depuis l\u00e0, je la trouve toujours belle, d&rsquo;ailleurs&#8230;<br><br>Alors apr\u00e8s, je lui propose le mari d&rsquo;une de ses copines, qui l&rsquo;aimait beaucoup, sa copine \u00e9tait d\u00e9c\u00e9d\u00e9e d&rsquo;un crabe&#8230; Elle avait \u00e9t\u00e9 \u00e0 l&rsquo;\u00e9cole avec, et son mari \u00e9tait tr\u00e8s gentil&#8230; On se connaissait bien, c&rsquo;\u00e9tait des gens gentils&#8230; Je lui avais trouv\u00e9 un homme vraiment agr\u00e9able, il avait les cheveux noirs, un peu comme mon P\u00e8re, boucl\u00e9s&#8230;<\/p>\n\n\n\n<p class=\"wp-block-paragraph\">Alors je m&rsquo;\u00e9tais dit :<br>&#8211; Il pourrait bien aller celui-l\u00e0&#8230;<\/p>\n\n\n\n<p class=\"wp-block-paragraph\">Alors je prends rendez vous avec lui pour Maman&#8230; et je lui dis :<br>&#8211; Oh&#8230; Oui, oui !<br>&#8211; Mais comment va ta maman&#8230; ? Tu crois que dans l&rsquo;\u00e9tat o\u00f9&#8230;<\/p>\n\n\n\n<p class=\"wp-block-paragraph\">&#8211; Mais oui, bien s\u00fbr ! &#8230;et je suis s\u00fbre qu&rsquo;elle va prendre.<\/p>\n\n\n\n<p class=\"wp-block-paragraph\">Voil\u00e0, parce que je la trouvais aussi tr\u00e8s belle et qu&rsquo;il la trouverait parfaite aussi et tout&#8230; <\/p>\n\n\n\n<p class=\"wp-block-paragraph\">Mais il n&rsquo;y avait rien \u00e0 faire, hein&#8230;!<\/p>\n\n\n\n<p class=\"wp-block-paragraph\">Apr\u00e8s, il y en avait un autre, je ne te dis pas, qui lui t\u00e9l\u00e9phonait aussi&#8230; et qui vient s&rsquo;assoir \u00e0 c\u00f4t\u00e9 de moi dans le train pour aller \u00e0 Fribourg&#8230; Celui l\u00e0, il dirigeait&#8230; C&rsquo;\u00e9tait un musicien, il dirigeait la musique, c&rsquo;\u00e9tait un chef d&rsquo;orchestre !<\/p>\n\n\n\n<p class=\"wp-block-paragraph\">Quelqu&rsquo;un de tr\u00e8s important&#8230; tr\u00e8s, tr\u00e8s fin.<\/p>\n\n\n\n<p class=\"wp-block-paragraph\">M\u00eame chose&#8230; Il dit : <br>&#8211; Oh, ta maman&#8230; tu crois que&#8230;?<br>&#8211; Oui&#8230; Mais bien s\u00fbr&#8230; tout \u00e0 fait !<\/p>\n\n\n\n<p class=\"wp-block-paragraph\">Alors je lui donne rendez-vous au village, et je lui ai m\u00eame donn\u00e9 le rendez-vous, pour un lundi&#8230; Le lundi, Maman a cong\u00e9, elle sera contente de venir \u00e0 4 heures&#8230; Et je fixe tout pour elle&#8230;(Rire)<\/p>\n\n\n\n<p class=\"wp-block-paragraph\">Maman me dit :<br>&#8211; Mais jamais de la vie ! Je n&rsquo;irai pas \u00e0 ton rendez-vous&#8230; <br>\u00c7a ne m&rsquo;int\u00e9resse pas le moins du monde !<\/p>\n\n\n\n<p class=\"wp-block-paragraph\">Oh l\u00e0 l\u00e0&#8230; Et comme moi, je suis quelqu&rsquo;un de consciencieux, alors je vais au rendez-vous au village. C&rsquo;\u00e9tait pas chez Jo, mon copain, mais c&rsquo;\u00e9tait chez l&rsquo;autre je ne sais plus comment il s&rsquo;appelle, pour lui dire :<br>&#8211; Je suis d\u00e9sol\u00e9e, je me suis un peu aventur\u00e9e&#8230; Maman ne viendra pas&#8230; Elle n&rsquo;est pas encore gu\u00e9rie&#8230;<\/p>\n\n\n\n<p class=\"wp-block-paragraph\">Alors il me dit :<br>&#8211; Ah mais c&rsquo;est tellement gentil de ta part d&rsquo;avoir essay\u00e9, et je me souviens qu&rsquo;il m&rsquo;offre une coupe de glace !<\/p>\n\n\n\n<p class=\"wp-block-paragraph\">Je suis ravie, hein&#8230; Mais quand m\u00eame tr\u00e8s touch\u00e9e, m\u00eame s&rsquo;il \u00e9tait venu au village pour rien du tout, car il \u00e9tait tr\u00e8s chouette.<\/p>\n\n\n\n<p class=\"wp-block-paragraph\">Donc \u00e7a ne servait \u00e0 rien du tout, tu pouvais faire ce que tu voulais, alors je lui ai dit :<br>&#8211; Mais tu vas faire quoi apr\u00e8s&#8230; Quand on sera loin ? <br>Tu vas continuer comment ta vie, Maman ?<\/p>\n\n\n\n<p class=\"wp-block-paragraph\">Tu ne supportes pas d&rsquo;\u00eatre toute seule, mais qu&rsquo;est ce qu&rsquo;on va faire ?<\/p>\n\n\n\n<p class=\"wp-block-paragraph\">Comme quand je d\u00e9cide la premi\u00e8re fois de partir en Afrique du sud&#8230; et qu&rsquo;elle me dit :<br>&#8211; Tu peux rentrer pour m&rsquo;enterrer !<\/p>\n\n\n\n<p class=\"wp-block-paragraph\">Mais apr\u00e8s, quand je pars \u00e0 Gstaad, je lui dis :<br>&#8211; Tu ne veux pas de propositions ! <\/p>\n\n\n\n<p class=\"wp-block-paragraph\">Ma foi, je suis d\u00e9sol\u00e9e&#8230; Moi, je pars&#8230; !<\/p>\n","protected":false},"excerpt":{"rendered":"<p>&lt;Enregistr\u00e9 le 16 Septembre 2021> Je me souviens, je lui coupe les cheveux, pour aller au tribunal&#8230; c&rsquo;\u00e9tait le matin, et j&rsquo;\u00e9tais encore en apprentissage. J&rsquo;avais 16 ans et le jour o\u00f9 elle va au tribunal, je me l\u00e8ve \u00e0 5 heures du matin pour lui faire ses cheveux, pour qu&rsquo;ils soient parfaits, pour qu&rsquo;elle [&hellip;]<\/p>\n","protected":false},"author":1,"featured_media":0,"parent":0,"menu_order":0,"comment_status":"open","ping_status":"closed","template":"pages-chapitre-06","meta":{"footnotes":""},"class_list":["post-1167","page","type-page","status-publish","hentry"],"jetpack_sharing_enabled":true,"_links":{"self":[{"href":"https:\/\/mercigracias.ch\/index.php?rest_route=\/wp\/v2\/pages\/1167","targetHints":{"allow":["GET"]}}],"collection":[{"href":"https:\/\/mercigracias.ch\/index.php?rest_route=\/wp\/v2\/pages"}],"about":[{"href":"https:\/\/mercigracias.ch\/index.php?rest_route=\/wp\/v2\/types\/page"}],"author":[{"embeddable":true,"href":"https:\/\/mercigracias.ch\/index.php?rest_route=\/wp\/v2\/users\/1"}],"replies":[{"embeddable":true,"href":"https:\/\/mercigracias.ch\/index.php?rest_route=%2Fwp%2Fv2%2Fcomments&post=1167"}],"version-history":[{"count":5,"href":"https:\/\/mercigracias.ch\/index.php?rest_route=\/wp\/v2\/pages\/1167\/revisions"}],"predecessor-version":[{"id":4743,"href":"https:\/\/mercigracias.ch\/index.php?rest_route=\/wp\/v2\/pages\/1167\/revisions\/4743"}],"wp:attachment":[{"href":"https:\/\/mercigracias.ch\/index.php?rest_route=%2Fwp%2Fv2%2Fmedia&parent=1167"}],"curies":[{"name":"wp","href":"https:\/\/api.w.org\/{rel}","templated":true}]}}

<p class="wp-block-paragraph">&lt;Enregistré le 16 Septembre 2021></p>



<p class="wp-block-paragraph">Je me souviens, je lui coupe les cheveux, pour aller au tribunal&#8230; c&rsquo;était le matin, et j&rsquo;étais encore en apprentissage. J&rsquo;avais 16 ans et le jour où elle va au tribunal, je me lève à 5 heures du matin pour lui faire ses cheveux, <br>pour qu&rsquo;ils soient parfaits, pour qu&rsquo;elle aille au tribunal, et pour qu&rsquo;il la trouve belle&#8230; pour que mon Père la trouve belle !</p>



<p class="wp-block-paragraph">Alors ce jour là, il fallait qu&rsquo;elle soit très, très belle&#8230; et elle était magnifique !</p>



<p class="wp-block-paragraph">Depuis là, je la trouve toujours belle, d&rsquo;ailleurs&#8230;<br><br>Alors après, je lui propose le mari d&rsquo;une de ses copines, qui l&rsquo;aimait beaucoup, sa copine était décédée d&rsquo;un crabe&#8230; Elle avait été à l&rsquo;école avec, et son mari était très gentil&#8230; On se connaissait bien, c&rsquo;était des gens gentils&#8230; Je lui avais trouvé un homme vraiment agréable, il avait les cheveux noirs, un peu comme mon Père, bouclés&#8230;</p>



<p class="wp-block-paragraph">Alors je m&rsquo;étais dit :<br>&#8211; Il pourrait bien aller celui-là&#8230;</p>



<p class="wp-block-paragraph">Alors je prends rendez vous avec lui pour Maman&#8230; et je lui dis :<br>&#8211; Oh&#8230; Oui, oui !<br>&#8211; Mais comment va ta maman&#8230; ? Tu crois que dans l&rsquo;état où&#8230;</p>



<p class="wp-block-paragraph">&#8211; Mais oui, bien sûr ! &#8230;et je suis sûre qu&rsquo;elle va prendre.</p>



<p class="wp-block-paragraph">Voilà, parce que je la trouvais aussi très belle et qu&rsquo;il la trouverait parfaite aussi et tout&#8230; </p>



<p class="wp-block-paragraph">Mais il n&rsquo;y avait rien à faire, hein&#8230;!</p>



<p class="wp-block-paragraph">Après, il y en avait un autre, je ne te dis pas, qui lui téléphonait aussi&#8230; et qui vient s&rsquo;assoir à côté de moi dans le train pour aller à Fribourg&#8230; Celui là, il dirigeait&#8230; C&rsquo;était un musicien, il dirigeait la musique, c&rsquo;était un chef d&rsquo;orchestre !</p>



<p class="wp-block-paragraph">Quelqu&rsquo;un de très important&#8230; très, très fin.</p>



<p class="wp-block-paragraph">Même chose&#8230; Il dit : <br>&#8211; Oh, ta maman&#8230; tu crois que&#8230;?<br>&#8211; Oui&#8230; Mais bien sûr&#8230; tout à fait !</p>



<p class="wp-block-paragraph">Alors je lui donne rendez-vous au village, et je lui ai même donné le rendez-vous, pour un lundi&#8230; Le lundi, Maman a congé, elle sera contente de venir à 4 heures&#8230; Et je fixe tout pour elle&#8230;(Rire)</p>



<p class="wp-block-paragraph">Maman me dit :<br>&#8211; Mais jamais de la vie ! Je n&rsquo;irai pas à ton rendez-vous&#8230; <br>Ça ne m&rsquo;intéresse pas le moins du monde !</p>



<p class="wp-block-paragraph">Oh là là&#8230; Et comme moi, je suis quelqu&rsquo;un de consciencieux, alors je vais au rendez-vous au village. C&rsquo;était pas chez Jo, mon copain, mais c&rsquo;était chez l&rsquo;autre je ne sais plus comment il s&rsquo;appelle, pour lui dire :<br>&#8211; Je suis désolée, je me suis un peu aventurée&#8230; Maman ne viendra pas&#8230; Elle n&rsquo;est pas encore guérie&#8230;</p>



<p class="wp-block-paragraph">Alors il me dit :<br>&#8211; Ah mais c&rsquo;est tellement gentil de ta part d&rsquo;avoir essayé, et je me souviens qu&rsquo;il m&rsquo;offre une coupe de glace !</p>



<p class="wp-block-paragraph">Je suis ravie, hein&#8230; Mais quand même très touchée, même s&rsquo;il était venu au village pour rien du tout, car il était très chouette.</p>



<p class="wp-block-paragraph">Donc ça ne servait à rien du tout, tu pouvais faire ce que tu voulais, alors je lui ai dit :<br>&#8211; Mais tu vas faire quoi après&#8230; Quand on sera loin ? <br>Tu vas continuer comment ta vie, Maman ?</p>



<p class="wp-block-paragraph">Tu ne supportes pas d&rsquo;être toute seule, mais qu&rsquo;est ce qu&rsquo;on va faire ?</p>



<p class="wp-block-paragraph">Comme quand je décide la première fois de partir en Afrique du sud&#8230; et qu&rsquo;elle me dit :<br>&#8211; Tu peux rentrer pour m&rsquo;enterrer !</p>



<p class="wp-block-paragraph">Mais après, quand je pars à Gstaad, je lui dis :<br>&#8211; Tu ne veux pas de propositions ! </p>



<p class="wp-block-paragraph">Ma foi, je suis désolée&#8230; Moi, je pars&#8230; !</p>

<p>&lt;Enregistré le 16 Septembre 2021> Je me souviens, je lui coupe les cheveux, pour aller au tribunal&#8230; c&rsquo;était le matin, et j&rsquo;étais encore en apprentissage. J&rsquo;avais 16 ans et le jour où elle va au tribunal, je me lève à 5 heures du matin pour lui faire ses cheveux, pour qu&rsquo;ils soient parfaits, pour qu&rsquo;elle [&hellip;]</p>
