{"id":1178,"date":"2026-02-03T16:36:08","date_gmt":"2026-02-03T16:36:08","guid":{"rendered":"https:\/\/mercigracias.ch\/?page_id=1178"},"modified":"2026-07-13T06:35:18","modified_gmt":"2026-07-13T06:35:18","slug":"je-massume","status":"publish","type":"page","link":"https:\/\/mercigracias.ch\/?page_id=1178","title":{"rendered":"Je m&rsquo;assume"},"content":{"rendered":"\n<p class=\"wp-block-paragraph\">&lt;Enregistr\u00e9 le 16 Septembre 2016&gt;<\/p>\n\n\n\n<p class=\"wp-block-paragraph\">Elle voulait me contr\u00f4ler, mais c&rsquo;\u00e9tait trop tard.<\/p>\n\n\n\n<p class=\"wp-block-paragraph\">&#8211; Ce n &lsquo;est pas maintenant que tu vas commencer, hein !<br>C&rsquo;est fini, c&rsquo;est trop tard !<br>Vouloir me contr\u00f4ler \u00e0 quelle heure j&rsquo;arrive, \u00e0 quelle heure je pars, \u00e0 quelle heure je me l\u00e8ve, \u00e0 vouloir jouer ton r\u00f4le de m\u00e8re&#8230; Parce que tu n&rsquo;as rien \u00e0 faire&#8230;?<\/p>\n\n\n\n<p class=\"wp-block-paragraph\">Tu t&#8217;emmerdes&#8230; et tu veux remettre ton d\u00e9volue sur mon \u00e9ducation. C&rsquo;est fini, c&rsquo;est trop tard&#8230; C&rsquo;\u00e9tait avant que je voulais que tu m&rsquo;aides \u00e0 la lecture, aux probl\u00e8mes machins, maintenant c&rsquo;est fini !<\/p>\n\n\n\n<p class=\"wp-block-paragraph\">Et de toute fa\u00e7on, je suis \u00e0 l&rsquo;\u00e9cole des nulles, l\u00e0-bas&#8230; des mongols !<br>C&rsquo;est foutu, hein&#8230; M\u00eame \u00e0 Jolimont, je n&rsquo;ai plus pu continuer&#8230; <br>C&rsquo;est foutu&#8230; Je vais devoir rentrer dans mon apprentissage alors que toutes mes parties d&rsquo;\u00e9coles sont foutues&#8230; et maintenant tu veux me contr\u00f4ler, mais oublie !<\/p>\n\n\n\n<p class=\"wp-block-paragraph\">Fais moi pas chier&#8230;<\/p>\n\n\n\n<p class=\"wp-block-paragraph\">C&rsquo;\u00e9tait assez violent de recevoir une paire de claque, le matin, le midi et le soir&#8230; \u00e0 d\u00e9jeuner, \u00e0 diner, et \u00e0 souper.<\/p>\n\n\n\n<p class=\"wp-block-paragraph\">Non&#8230; j&rsquo;ai fait mon adolescence ! <\/p>\n\n\n\n<p class=\"wp-block-paragraph\">M\u00eame si c&rsquo;\u00e9tait un temps o\u00f9 \u00e7a n&rsquo;allait pas o\u00f9 je sentais qu&rsquo;elle \u00e9tait en peine&#8230; Je suis rentr\u00e9e dans le cadre comme il faut !<\/p>\n\n\n\n<p class=\"wp-block-paragraph\">Jusqu&rsquo; \u00e0 ce quelle comprenne la temp\u00e9rature et qu&rsquo;elle arr\u00eate.<br>Je suis arriv\u00e9e, et j&rsquo;ai dit :<\/p>\n\n\n\n<ul class=\"wp-block-list\">\n<li>NON !<\/li>\n<\/ul>\n\n\n\n<p class=\"wp-block-paragraph\">Elle voulait se redonner ses points de rep\u00e8re&#8230; la commande !<br>Retrouver un sens \u00e0 sa vie&#8230;<\/p>\n\n\n\n<p class=\"wp-block-paragraph\">J&rsquo;ai dit :<br>&#8211; Ah ben non, je ne vais rien lui demander du tout&#8230;<\/p>\n\n\n\n<p class=\"wp-block-paragraph\">Heureusement que j&rsquo;ai fait \u00e7a&#8230; et directement je suis all\u00e9e travailler \u00e0 l&rsquo;usine de g\u00e2teaux, directement \u00e0 14 ans d\u00e8s que je suis arriv\u00e9e.<\/p>\n\n\n\n<p class=\"wp-block-paragraph\">J&rsquo;ai tout de suite \u00e9t\u00e9 chercher et je m&rsquo;\u00e9tais dit : <br>&#8211; Non tu ne vas pas rester \u00e0 la maison, parce que l\u00e0&#8230; tu vas mourir.<\/p>\n\n\n\n<p class=\"wp-block-paragraph\">Et si tu veux t&rsquo;acheter quelque chose, tu ne vas pas demander&#8230;<br>Tu t&rsquo;ach\u00e8teras toi m\u00eame !<\/p>\n\n\n\n<p class=\"wp-block-paragraph\">Parce que s&rsquo;il avait fallu que je compte sur Maman pour m&rsquo;acheter&#8230; M\u00eame si je n&rsquo;avais aucune envie qui s&rsquo;\u00e9tait d\u00e9velopp\u00e9e. <br>Puisqu&rsquo;on avait droit \u00e0 rien, aucune envie s&rsquo;\u00e9tait d\u00e9velopp\u00e9e !<\/p>\n\n\n\n<p class=\"wp-block-paragraph\">Mais si, une fois, par hasard, si je voulais payer mon entr\u00e9e \u00e0 la piscine, parce que tu payais pour aller \u00e0 la piscine&#8230; Alors tu penses bien que je ne serais pas all\u00e9e souvent \u00e0 la piscine, s&rsquo;il avait fallu que je demande un sou pour aller \u00e0 la piscine&#8230;<\/p>\n\n\n\n<p class=\"wp-block-paragraph\">Je ne l&rsquo;aurais m\u00eame pas connue, la piscine&#8230;<\/p>\n\n\n\n<p class=\"wp-block-paragraph\">Si je voulais m&rsquo;acheter une glace l&rsquo;apr\u00e8s midi \u00e0 la piscine&#8230;?<br>Tu penses bien que je n&rsquo;aurais pas connu le go\u00fbt de la piscine&#8230; m\u00eame pas le go\u00fbt de la glace ! (Rire)<\/p>\n\n\n\n<p class=\"wp-block-paragraph\">Parce que \u00e7a n&rsquo;existait pas&#8230; Tu n&rsquo;a pas besoin de glace. Quant \u00e0 la piscine, elle \u00e9tait plus ch\u00e8re que la glace&#8230; et des glaces \u00e0 la maison, il n&rsquo;y en avait pas non plus.<\/p>\n\n\n\n<p class=\"wp-block-paragraph\">&#8211; <em>Pourtant, l&rsquo;adolescence, c&rsquo;est montrer son \u00ab\u00a0soi\u00a0\u00bb au monde<br>C&rsquo;est : Je suis l\u00e0, regardez moi&#8230; me voil\u00e0 je fais ma place dans le monde. Et j&rsquo;occupe une place, je suis extravaguant, je fais ou mets de la musique \u00e0 fond&#8230; Je me montre au monde&#8230;<br>Je dis au monde : Regardez, j&rsquo;arrive&#8230;<\/em><\/p>\n\n\n\n<p class=\"wp-block-paragraph\"><em>Celui qui n&rsquo;a pas de Moi, et bien il n&rsquo;a pas de crise d&rsquo;adolescence&#8230; Non ?<\/em><\/p>\n\n\n\n<p class=\"wp-block-paragraph\">Non non il n&rsquo;a rien du tout&#8230; hein !<\/p>\n\n\n\n<p class=\"wp-block-paragraph\">Moi, je m&rsquo;\u00e9tais demand\u00e9e pourquoi je n&rsquo;avais rien eu du tout, pourquoi je n&rsquo;avais pas eu cette n\u00e9cessit\u00e9&#8230; de montrer mon Moi&#8230;<\/p>\n\n\n\n<p class=\"wp-block-paragraph\"><em>Par contre, quand tu t&rsquo;\u00e9tais rebell\u00e9e envers ta m\u00e8re parce qu&rsquo;elle voulait te contr\u00f4ler.. C&rsquo;\u00e9tait plus de la col\u00e8re, par l&rsquo;intrusion dans ta vie, et l&rsquo;injustice que tu pouvais ressentir d&rsquo;avoir d\u00fb te d\u00e9brouiller seule&#8230; et qu&rsquo;ensuite on te demandait encore des comptes&#8230; Finalement c&rsquo;\u00e9tait pour te prot\u00e9ger&#8230;<\/em><\/p>\n\n\n\n<p class=\"wp-block-paragraph\">,<\/p>\n","protected":false},"excerpt":{"rendered":"<p>&lt;Enregistr\u00e9 le 16 Septembre 2016&gt; Elle voulait me contr\u00f4ler, mais c&rsquo;\u00e9tait trop tard. &#8211; Ce n &lsquo;est pas maintenant que tu vas commencer, hein !C&rsquo;est fini, c&rsquo;est trop tard !Vouloir me contr\u00f4ler \u00e0 quelle heure j&rsquo;arrive, \u00e0 quelle heure je pars, \u00e0 quelle heure je me l\u00e8ve, \u00e0 vouloir jouer ton r\u00f4le de m\u00e8re&#8230; Parce [&hellip;]<\/p>\n","protected":false},"author":1,"featured_media":0,"parent":0,"menu_order":0,"comment_status":"open","ping_status":"closed","template":"pages-chapitre-06","meta":{"footnotes":""},"class_list":["post-1178","page","type-page","status-publish","hentry"],"jetpack_sharing_enabled":true,"_links":{"self":[{"href":"https:\/\/mercigracias.ch\/index.php?rest_route=\/wp\/v2\/pages\/1178","targetHints":{"allow":["GET"]}}],"collection":[{"href":"https:\/\/mercigracias.ch\/index.php?rest_route=\/wp\/v2\/pages"}],"about":[{"href":"https:\/\/mercigracias.ch\/index.php?rest_route=\/wp\/v2\/types\/page"}],"author":[{"embeddable":true,"href":"https:\/\/mercigracias.ch\/index.php?rest_route=\/wp\/v2\/users\/1"}],"replies":[{"embeddable":true,"href":"https:\/\/mercigracias.ch\/index.php?rest_route=%2Fwp%2Fv2%2Fcomments&post=1178"}],"version-history":[{"count":7,"href":"https:\/\/mercigracias.ch\/index.php?rest_route=\/wp\/v2\/pages\/1178\/revisions"}],"predecessor-version":[{"id":5717,"href":"https:\/\/mercigracias.ch\/index.php?rest_route=\/wp\/v2\/pages\/1178\/revisions\/5717"}],"wp:attachment":[{"href":"https:\/\/mercigracias.ch\/index.php?rest_route=%2Fwp%2Fv2%2Fmedia&parent=1178"}],"curies":[{"name":"wp","href":"https:\/\/api.w.org\/{rel}","templated":true}]}}

<p class="wp-block-paragraph">&lt;Enregistré le 16 Septembre 2016&gt;</p>



<p class="wp-block-paragraph">Elle voulait me contrôler, mais c&rsquo;était trop tard.</p>



<p class="wp-block-paragraph">&#8211; Ce n &lsquo;est pas maintenant que tu vas commencer, hein !<br>C&rsquo;est fini, c&rsquo;est trop tard !<br>Vouloir me contrôler à quelle heure j&rsquo;arrive, à quelle heure je pars, à quelle heure je me lève, à vouloir jouer ton rôle de mère&#8230; Parce que tu n&rsquo;as rien à faire&#8230;?</p>



<p class="wp-block-paragraph">Tu t&#8217;emmerdes&#8230; et tu veux remettre ton dévolue sur mon éducation. C&rsquo;est fini, c&rsquo;est trop tard&#8230; C&rsquo;était avant que je voulais que tu m&rsquo;aides à la lecture, aux problèmes machins, maintenant c&rsquo;est fini !</p>



<p class="wp-block-paragraph">Et de toute façon, je suis à l&rsquo;école des nulles, là-bas&#8230; des mongols !<br>C&rsquo;est foutu, hein&#8230; Même à Jolimont, je n&rsquo;ai plus pu continuer&#8230; <br>C&rsquo;est foutu&#8230; Je vais devoir rentrer dans mon apprentissage alors que toutes mes parties d&rsquo;écoles sont foutues&#8230; et maintenant tu veux me contrôler, mais oublie !</p>



<p class="wp-block-paragraph">Fais moi pas chier&#8230;</p>



<p class="wp-block-paragraph">C&rsquo;était assez violent de recevoir une paire de claque, le matin, le midi et le soir&#8230; à déjeuner, à diner, et à souper.</p>



<p class="wp-block-paragraph">Non&#8230; j&rsquo;ai fait mon adolescence ! </p>



<p class="wp-block-paragraph">Même si c&rsquo;était un temps où ça n&rsquo;allait pas où je sentais qu&rsquo;elle était en peine&#8230; Je suis rentrée dans le cadre comme il faut !</p>



<p class="wp-block-paragraph">Jusqu&rsquo; à ce quelle comprenne la température et qu&rsquo;elle arrête.<br>Je suis arrivée, et j&rsquo;ai dit :</p>



<ul class="wp-block-list">
<li>NON !</li>
</ul>



<p class="wp-block-paragraph">Elle voulait se redonner ses points de repère&#8230; la commande !<br>Retrouver un sens à sa vie&#8230;</p>



<p class="wp-block-paragraph">J&rsquo;ai dit :<br>&#8211; Ah ben non, je ne vais rien lui demander du tout&#8230;</p>



<p class="wp-block-paragraph">Heureusement que j&rsquo;ai fait ça&#8230; et directement je suis allée travailler à l&rsquo;usine de gâteaux, directement à 14 ans dès que je suis arrivée.</p>



<p class="wp-block-paragraph">J&rsquo;ai tout de suite été chercher et je m&rsquo;étais dit : <br>&#8211; Non tu ne vas pas rester à la maison, parce que là&#8230; tu vas mourir.</p>



<p class="wp-block-paragraph">Et si tu veux t&rsquo;acheter quelque chose, tu ne vas pas demander&#8230;<br>Tu t&rsquo;achèteras toi même !</p>



<p class="wp-block-paragraph">Parce que s&rsquo;il avait fallu que je compte sur Maman pour m&rsquo;acheter&#8230; Même si je n&rsquo;avais aucune envie qui s&rsquo;était développée. <br>Puisqu&rsquo;on avait droit à rien, aucune envie s&rsquo;était développée !</p>



<p class="wp-block-paragraph">Mais si, une fois, par hasard, si je voulais payer mon entrée à la piscine, parce que tu payais pour aller à la piscine&#8230; Alors tu penses bien que je ne serais pas allée souvent à la piscine, s&rsquo;il avait fallu que je demande un sou pour aller à la piscine&#8230;</p>



<p class="wp-block-paragraph">Je ne l&rsquo;aurais même pas connue, la piscine&#8230;</p>



<p class="wp-block-paragraph">Si je voulais m&rsquo;acheter une glace l&rsquo;après midi à la piscine&#8230;?<br>Tu penses bien que je n&rsquo;aurais pas connu le goût de la piscine&#8230; même pas le goût de la glace ! (Rire)</p>



<p class="wp-block-paragraph">Parce que ça n&rsquo;existait pas&#8230; Tu n&rsquo;a pas besoin de glace. Quant à la piscine, elle était plus chère que la glace&#8230; et des glaces à la maison, il n&rsquo;y en avait pas non plus.</p>



<p class="wp-block-paragraph">&#8211; <em>Pourtant, l&rsquo;adolescence, c&rsquo;est montrer son « soi » au monde<br>C&rsquo;est : Je suis là, regardez moi&#8230; me voilà je fais ma place dans le monde. Et j&rsquo;occupe une place, je suis extravaguant, je fais ou mets de la musique à fond&#8230; Je me montre au monde&#8230;<br>Je dis au monde : Regardez, j&rsquo;arrive&#8230;</em></p>



<p class="wp-block-paragraph"><em>Celui qui n&rsquo;a pas de Moi, et bien il n&rsquo;a pas de crise d&rsquo;adolescence&#8230; Non ?</em></p>



<p class="wp-block-paragraph">Non non il n&rsquo;a rien du tout&#8230; hein !</p>



<p class="wp-block-paragraph">Moi, je m&rsquo;étais demandée pourquoi je n&rsquo;avais rien eu du tout, pourquoi je n&rsquo;avais pas eu cette nécessité&#8230; de montrer mon Moi&#8230;</p>



<p class="wp-block-paragraph"><em>Par contre, quand tu t&rsquo;étais rebellée envers ta mère parce qu&rsquo;elle voulait te contrôler.. C&rsquo;était plus de la colère, par l&rsquo;intrusion dans ta vie, et l&rsquo;injustice que tu pouvais ressentir d&rsquo;avoir dû te débrouiller seule&#8230; et qu&rsquo;ensuite on te demandait encore des comptes&#8230; Finalement c&rsquo;était pour te protéger&#8230;</em></p>



<p class="wp-block-paragraph">,</p>

<p>&lt;Enregistré le 16 Septembre 2016&gt; Elle voulait me contrôler, mais c&rsquo;était trop tard. &#8211; Ce n &lsquo;est pas maintenant que tu vas commencer, hein !C&rsquo;est fini, c&rsquo;est trop tard !Vouloir me contrôler à quelle heure j&rsquo;arrive, à quelle heure je pars, à quelle heure je me lève, à vouloir jouer ton rôle de mère&#8230; Parce [&hellip;]</p>
