{"id":1183,"date":"2026-02-04T22:38:17","date_gmt":"2026-02-04T22:38:17","guid":{"rendered":"https:\/\/mercigracias.ch\/?page_id=1183"},"modified":"2026-06-19T07:34:43","modified_gmt":"2026-06-19T07:34:43","slug":"je-suis-au-service","status":"publish","type":"page","link":"https:\/\/mercigracias.ch\/?page_id=1183","title":{"rendered":"Je suis au service&#8230;"},"content":{"rendered":"\n<p class=\"wp-block-paragraph\">&lt;Enregistr\u00e9 le 01 Septembre 2014 et 14 Septembre 2016&gt;<\/p>\n\n\n\n<p class=\"wp-block-paragraph\">Quand je suis arriv\u00e9e au Salon de coiffure de Fribourg pour ma premi\u00e8re ann\u00e9e d&rsquo;apprentissage, j&rsquo;ai \u00e9t\u00e9 tr\u00e8s surprise&#8230;<\/p>\n\n\n\n<p class=\"wp-block-paragraph\">Tu vois, au buffet j&rsquo;allais au service depuis toute petite, alors dans la coiffure \u00e7a allait tr\u00e8s bien. La patronne du salon de coiffure, elle savait bien, elle avait tout de suite remarqu\u00e9 que j&rsquo;avais la vision du service, il me restait \u00e0 apprendre le m\u00e9tier&#8230;<\/p>\n\n\n\n<p class=\"wp-block-paragraph\">Elle avait aussi remarqu\u00e9 que je n&rsquo;\u00e9tais pas une apprentie comme tout le monde, elle avait tout de suite vu&#8230; Justement les apprentis, il y en avaient qui allaient au laboratoire, et qui restaient tranquilles \u00e0 ne rien faire&#8230;<\/p>\n\n\n\n<p class=\"wp-block-paragraph\">Mais nous on avait appris le service et surtout mon P\u00e8re ne disait pas : \u00ab\u00a0Je suis le patron\u00a0\u00bb, il disait :<\/p>\n\n\n\n<ul class=\"wp-block-list\">\n<li>Le client est roi !<\/li>\n<\/ul>\n\n\n\n<p class=\"wp-block-paragraph\">Donc \u00e7a voulait dire que tu \u00e9tais au service&#8230; Donc l\u00e0, dans un salon de coiffure, c&rsquo;\u00e9tait pareil&#8230;<\/p>\n\n\n\n<p class=\"wp-block-paragraph\">Si tu vois que la personne l\u00e0, a besoin de quelque chose, qu&rsquo;elle a envie de quelque chose, et bien&#8230; tu es \u00e0 son service !<\/p>\n\n\n\n<p class=\"wp-block-paragraph\">&#8211; <em>En effet la plupart du temps, dans les petites entreprises, ceux qui deviennent \u00ab\u00a0Patron\u00a0\u00bb c&rsquo;est que finalement&#8230; ils veulent avoir l&rsquo;autorit\u00e9 sur les autres et leurs employ\u00e9s&#8230; Ils veulent \u00eatre le patron et reconnus comme tel !<\/em><\/p>\n\n\n\n<p class=\"wp-block-paragraph\">&#8211; Moi, je ne voulais pas d&#8217;employ\u00e9s, \u00e7a ne m&rsquo;int\u00e9ressait pas&#8230;<br>D&rsquo;ailleurs quand j&rsquo;ai pris une coiffeuse dans mon salon, c&rsquo;\u00e9tait :<br>&#8211; Voil\u00e0&#8230; vous vous occupez, et vous avez un pourcentage.<br>Mais moi je ne veux pas \u00eatre votre patron, \u00e7a ne m&rsquo;int\u00e9resse pas.<\/p>\n\n\n\n<p class=\"wp-block-paragraph\">Je n&rsquo;\u00e9tais pas du tout int\u00e9ress\u00e9e d&rsquo;avoir l&rsquo;autorit\u00e9 sur quelqu&rsquo;un mais je ne voulais pas non plus que quelqu&rsquo;un ait une autorit\u00e9 quelconque sur moi non plus !<\/p>\n\n\n\n<p class=\"wp-block-paragraph\">J&rsquo;\u00e9tais ma\u00eetre de moi-m\u00eame, et avoir une autorit\u00e9 dessus&#8230;<\/p>\n\n\n\n<ul class=\"wp-block-list\">\n<li>Rien du tout&#8230;<\/li>\n<\/ul>\n\n\n\n<p class=\"wp-block-paragraph\">Mon P\u00e8re nous avait bien appris, \u00e0 ouvrir les yeux, \u00e0 \u00eatre attentifs&#8230;<\/p>\n\n\n\n<p class=\"wp-block-paragraph\">Tu vois, quand tu rentres dans le restaurant, tu dois voir tout en m\u00eame temps, c&rsquo;est \u00e0 dire que tu embrasses toute la salle&#8230;<br>Tu dois voir le besoin de chacun ! <br>S&rsquo;il est content, pas content, ce qu&rsquo;il a besoin,  s&rsquo;il a besoin de pain, et m\u00eame tu dois voir s&rsquo;il a le cendrier plein&#8230;<br>Alors discr\u00e8tement, tu vas le prendre, tu vas le verser, et le changer ni vu ni connu, juste en passant, toujours tr\u00e8s discret. <\/p>\n\n\n\n<p class=\"wp-block-paragraph\">On ne doit pas te remarquer, disait mon P\u00e8re !<\/p>\n\n\n\n<p class=\"wp-block-paragraph\">&#8211; <em>Tu dois d\u00e9tecter son besoin avant qu&rsquo;il ne l&rsquo;exprime&#8230;?<\/em> <br>&#8211; Oui, c&rsquo;est ce qui chez moi avait plu \u00e0 la patronne&#8230; <br>Ce qu&rsquo;elle avait vu, c&rsquo;est qu&rsquo;au niveau du client, je voyais&#8230;<\/p>\n\n\n\n<p class=\"wp-block-paragraph\">&#8211;<em>Que t&rsquo;\u00e9tais attentive&#8230;<\/em> <br>&#8211; Oui voil\u00e0 !<br>Mais c&rsquo;\u00e9tait gr\u00e2ce \u00e0 la formation de mon P\u00e8re&#8230;<\/p>\n\n\n\n<p class=\"wp-block-paragraph\">Et quand je suis arriv\u00e9e l\u00e0-bas, j&rsquo;ai \u00e9t\u00e9 tr\u00e8s admirative de voir ces femmes, avant de sortir du salon de coiffure, qui d\u00e8s le matin devaient se mettre une couche de fond de teint&#8230; une couche de mascara m\u00eame si elles en avaient d\u00e9j\u00e0 une tonne&#8230; et encore du crayon par dessus ! &#8230;et des machins&#8230; !<br>Je me disais :<br>&#8211; Ouahoooohhhh ! Fffuuuutt&#8230;.(Elle siffle) <br>Mais comment elles font \u00e7a&#8230; ?<br>T&rsquo;as mis une couche&#8230; t&rsquo;en as mis une couche !&#8230;Hein ?<\/p>\n\n\n\n<p class=\"wp-block-paragraph\">Alors moi aussi, je vais aller me mettre du rouge \u00e0 l\u00e8vres entre deux&#8230; Mais je ne vais quand m\u00eame pas me remettre du mascara, j&rsquo;en ai d\u00e9j\u00e0 mis, une fois par jour, c&rsquo;est bon, hein&#8230;?<\/p>\n","protected":false},"excerpt":{"rendered":"<p>&lt;Enregistr\u00e9 le 01 Septembre 2014 et 14 Septembre 2016&gt; Quand je suis arriv\u00e9e au Salon de coiffure de Fribourg pour ma premi\u00e8re ann\u00e9e d&rsquo;apprentissage, j&rsquo;ai \u00e9t\u00e9 tr\u00e8s surprise&#8230; Tu vois, au buffet j&rsquo;allais au service depuis toute petite, alors dans la coiffure \u00e7a allait tr\u00e8s bien. La patronne du salon de coiffure, elle savait bien, [&hellip;]<\/p>\n","protected":false},"author":1,"featured_media":0,"parent":0,"menu_order":0,"comment_status":"open","ping_status":"closed","template":"pages-chapitre-06","meta":{"footnotes":""},"class_list":["post-1183","page","type-page","status-publish","hentry"],"jetpack_sharing_enabled":true,"_links":{"self":[{"href":"https:\/\/mercigracias.ch\/index.php?rest_route=\/wp\/v2\/pages\/1183","targetHints":{"allow":["GET"]}}],"collection":[{"href":"https:\/\/mercigracias.ch\/index.php?rest_route=\/wp\/v2\/pages"}],"about":[{"href":"https:\/\/mercigracias.ch\/index.php?rest_route=\/wp\/v2\/types\/page"}],"author":[{"embeddable":true,"href":"https:\/\/mercigracias.ch\/index.php?rest_route=\/wp\/v2\/users\/1"}],"replies":[{"embeddable":true,"href":"https:\/\/mercigracias.ch\/index.php?rest_route=%2Fwp%2Fv2%2Fcomments&post=1183"}],"version-history":[{"count":8,"href":"https:\/\/mercigracias.ch\/index.php?rest_route=\/wp\/v2\/pages\/1183\/revisions"}],"predecessor-version":[{"id":4733,"href":"https:\/\/mercigracias.ch\/index.php?rest_route=\/wp\/v2\/pages\/1183\/revisions\/4733"}],"wp:attachment":[{"href":"https:\/\/mercigracias.ch\/index.php?rest_route=%2Fwp%2Fv2%2Fmedia&parent=1183"}],"curies":[{"name":"wp","href":"https:\/\/api.w.org\/{rel}","templated":true}]}}

<p class="wp-block-paragraph">&lt;Enregistré le 01 Septembre 2014 et 14 Septembre 2016&gt;</p>



<p class="wp-block-paragraph">Quand je suis arrivée au Salon de coiffure de Fribourg pour ma première année d&rsquo;apprentissage, j&rsquo;ai été très surprise&#8230;</p>



<p class="wp-block-paragraph">Tu vois, au buffet j&rsquo;allais au service depuis toute petite, alors dans la coiffure ça allait très bien. La patronne du salon de coiffure, elle savait bien, elle avait tout de suite remarqué que j&rsquo;avais la vision du service, il me restait à apprendre le métier&#8230;</p>



<p class="wp-block-paragraph">Elle avait aussi remarqué que je n&rsquo;étais pas une apprentie comme tout le monde, elle avait tout de suite vu&#8230; Justement les apprentis, il y en avaient qui allaient au laboratoire, et qui restaient tranquilles à ne rien faire&#8230;</p>



<p class="wp-block-paragraph">Mais nous on avait appris le service et surtout mon Père ne disait pas : « Je suis le patron », il disait :</p>



<ul class="wp-block-list">
<li>Le client est roi !</li>
</ul>



<p class="wp-block-paragraph">Donc ça voulait dire que tu étais au service&#8230; Donc là, dans un salon de coiffure, c&rsquo;était pareil&#8230;</p>



<p class="wp-block-paragraph">Si tu vois que la personne là, a besoin de quelque chose, qu&rsquo;elle a envie de quelque chose, et bien&#8230; tu es à son service !</p>



<p class="wp-block-paragraph">&#8211; <em>En effet la plupart du temps, dans les petites entreprises, ceux qui deviennent « Patron » c&rsquo;est que finalement&#8230; ils veulent avoir l&rsquo;autorité sur les autres et leurs employés&#8230; Ils veulent être le patron et reconnus comme tel !</em></p>



<p class="wp-block-paragraph">&#8211; Moi, je ne voulais pas d&#8217;employés, ça ne m&rsquo;intéressait pas&#8230;<br>D&rsquo;ailleurs quand j&rsquo;ai pris une coiffeuse dans mon salon, c&rsquo;était :<br>&#8211; Voilà&#8230; vous vous occupez, et vous avez un pourcentage.<br>Mais moi je ne veux pas être votre patron, ça ne m&rsquo;intéresse pas.</p>



<p class="wp-block-paragraph">Je n&rsquo;étais pas du tout intéressée d&rsquo;avoir l&rsquo;autorité sur quelqu&rsquo;un mais je ne voulais pas non plus que quelqu&rsquo;un ait une autorité quelconque sur moi non plus !</p>



<p class="wp-block-paragraph">J&rsquo;étais maître de moi-même, et avoir une autorité dessus&#8230;</p>



<ul class="wp-block-list">
<li>Rien du tout&#8230;</li>
</ul>



<p class="wp-block-paragraph">Mon Père nous avait bien appris, à ouvrir les yeux, à être attentifs&#8230;</p>



<p class="wp-block-paragraph">Tu vois, quand tu rentres dans le restaurant, tu dois voir tout en même temps, c&rsquo;est à dire que tu embrasses toute la salle&#8230;<br>Tu dois voir le besoin de chacun ! <br>S&rsquo;il est content, pas content, ce qu&rsquo;il a besoin,  s&rsquo;il a besoin de pain, et même tu dois voir s&rsquo;il a le cendrier plein&#8230;<br>Alors discrètement, tu vas le prendre, tu vas le verser, et le changer ni vu ni connu, juste en passant, toujours très discret. </p>



<p class="wp-block-paragraph">On ne doit pas te remarquer, disait mon Père !</p>



<p class="wp-block-paragraph">&#8211; <em>Tu dois détecter son besoin avant qu&rsquo;il ne l&rsquo;exprime&#8230;?</em> <br>&#8211; Oui, c&rsquo;est ce qui chez moi avait plu à la patronne&#8230; <br>Ce qu&rsquo;elle avait vu, c&rsquo;est qu&rsquo;au niveau du client, je voyais&#8230;</p>



<p class="wp-block-paragraph">&#8211;<em>Que t&rsquo;étais attentive&#8230;</em> <br>&#8211; Oui voilà !<br>Mais c&rsquo;était grâce à la formation de mon Père&#8230;</p>



<p class="wp-block-paragraph">Et quand je suis arrivée là-bas, j&rsquo;ai été très admirative de voir ces femmes, avant de sortir du salon de coiffure, qui dès le matin devaient se mettre une couche de fond de teint&#8230; une couche de mascara même si elles en avaient déjà une tonne&#8230; et encore du crayon par dessus ! &#8230;et des machins&#8230; !<br>Je me disais :<br>&#8211; Ouahoooohhhh ! Fffuuuutt&#8230;.(Elle siffle) <br>Mais comment elles font ça&#8230; ?<br>T&rsquo;as mis une couche&#8230; t&rsquo;en as mis une couche !&#8230;Hein ?</p>



<p class="wp-block-paragraph">Alors moi aussi, je vais aller me mettre du rouge à lèvres entre deux&#8230; Mais je ne vais quand même pas me remettre du mascara, j&rsquo;en ai déjà mis, une fois par jour, c&rsquo;est bon, hein&#8230;?</p>

<p>&lt;Enregistré le 01 Septembre 2014 et 14 Septembre 2016&gt; Quand je suis arrivée au Salon de coiffure de Fribourg pour ma première année d&rsquo;apprentissage, j&rsquo;ai été très surprise&#8230; Tu vois, au buffet j&rsquo;allais au service depuis toute petite, alors dans la coiffure ça allait très bien. La patronne du salon de coiffure, elle savait bien, [&hellip;]</p>
