{"id":1197,"date":"2026-02-05T09:01:42","date_gmt":"2026-02-05T09:01:42","guid":{"rendered":"https:\/\/mercigracias.ch\/?page_id=1197"},"modified":"2026-06-19T08:40:17","modified_gmt":"2026-06-19T08:40:17","slug":"les-cancans","status":"publish","type":"page","link":"https:\/\/mercigracias.ch\/?page_id=1197","title":{"rendered":"Les cancans"},"content":{"rendered":"\n<p class=\"wp-block-paragraph\">&lt;Enregistr\u00e9 le 21 Juin 2014&gt;<\/p>\n\n\n\n<p class=\"wp-block-paragraph\">Quand je suis arriv\u00e9e dans notre canton, j&rsquo;ai pu constater qu&rsquo;il n&rsquo;y avait pas de critiques, mais \u00e0 Fribourg, il y avait beaucoup de m\u00e9langes. <\/p>\n\n\n\n<p class=\"wp-block-paragraph\">Ici, on s&rsquo;en foutait de tout \u00e7a, et ce n&rsquo;est pas une impression car au salon de coiffure de Fribourg, c&rsquo;\u00e9tait :<br>&#8211; T&rsquo;as vu celle-l\u00e0, t&rsquo;as vu celle-l\u00e0 ?<\/p>\n\n\n\n<p class=\"wp-block-paragraph\">M\u00eame si c&rsquo;\u00e9tait une bonne gamme \u00e0 Fribourg, les cancans \u00e9taient pr\u00e9sents. Elles faisaient des commentaires : <br>&#8211; T&rsquo;as vu ? Mme X elle a achet\u00e9 une nouvelle Porsche, Mme Y a chang\u00e9 de mec&#8230; et puis ci et puis \u00e7a&#8230;<\/p>\n\n\n\n<p class=\"wp-block-paragraph\">Ici, tu t&rsquo;en fous, mais le revers, c&rsquo;est qu&rsquo;\u00e0 Fribourg tu vas quand m\u00eame faire pour l&rsquo;autre, tu vas donner, tu vas payer, mais ici rien&#8230;<br>Rien de rien, tout le monde s&rsquo;en fout.<\/p>\n\n\n\n<p class=\"wp-block-paragraph\">Dans le village o\u00f9 j&rsquo;habitais apr\u00e8s la s\u00e9paration de mes parents, les protestants n&rsquo;aimaient pas les catholiques. On n&rsquo;aimait pas les Welsch et on le disait ouvertement&#8230; Les jeunes dans le train n&rsquo;\u00e9taient pas dans les m\u00eames wagons, il y avait cette coupure qui se faisait automatiquement, une s\u00e9gr\u00e9gation, en plus c&rsquo;\u00e9tait bilingue, alors \u00e7a y faisait aussi.<\/p>\n\n\n\n<p class=\"wp-block-paragraph\">Mais \u00e0 Fribourg c&rsquo;\u00e9tait tr\u00e8s critique&#8230;<\/p>\n","protected":false},"excerpt":{"rendered":"<p>&lt;Enregistr\u00e9 le 21 Juin 2014&gt; Quand je suis arriv\u00e9e dans notre canton, j&rsquo;ai pu constater qu&rsquo;il n&rsquo;y avait pas de critiques, mais \u00e0 Fribourg, il y avait beaucoup de m\u00e9langes. Ici, on s&rsquo;en foutait de tout \u00e7a, et ce n&rsquo;est pas une impression car au salon de coiffure de Fribourg, c&rsquo;\u00e9tait :&#8211; T&rsquo;as vu celle-l\u00e0, [&hellip;]<\/p>\n","protected":false},"author":1,"featured_media":0,"parent":0,"menu_order":0,"comment_status":"open","ping_status":"closed","template":"pages-chapitre-06","meta":{"footnotes":""},"class_list":["post-1197","page","type-page","status-publish","hentry"],"jetpack_sharing_enabled":true,"_links":{"self":[{"href":"https:\/\/mercigracias.ch\/index.php?rest_route=\/wp\/v2\/pages\/1197","targetHints":{"allow":["GET"]}}],"collection":[{"href":"https:\/\/mercigracias.ch\/index.php?rest_route=\/wp\/v2\/pages"}],"about":[{"href":"https:\/\/mercigracias.ch\/index.php?rest_route=\/wp\/v2\/types\/page"}],"author":[{"embeddable":true,"href":"https:\/\/mercigracias.ch\/index.php?rest_route=\/wp\/v2\/users\/1"}],"replies":[{"embeddable":true,"href":"https:\/\/mercigracias.ch\/index.php?rest_route=%2Fwp%2Fv2%2Fcomments&post=1197"}],"version-history":[{"count":5,"href":"https:\/\/mercigracias.ch\/index.php?rest_route=\/wp\/v2\/pages\/1197\/revisions"}],"predecessor-version":[{"id":4741,"href":"https:\/\/mercigracias.ch\/index.php?rest_route=\/wp\/v2\/pages\/1197\/revisions\/4741"}],"wp:attachment":[{"href":"https:\/\/mercigracias.ch\/index.php?rest_route=%2Fwp%2Fv2%2Fmedia&parent=1197"}],"curies":[{"name":"wp","href":"https:\/\/api.w.org\/{rel}","templated":true}]}}

<p class="wp-block-paragraph">&lt;Enregistré le 21 Juin 2014&gt;</p>



<p class="wp-block-paragraph">Quand je suis arrivée dans notre canton, j&rsquo;ai pu constater qu&rsquo;il n&rsquo;y avait pas de critiques, mais à Fribourg, il y avait beaucoup de mélanges. </p>



<p class="wp-block-paragraph">Ici, on s&rsquo;en foutait de tout ça, et ce n&rsquo;est pas une impression car au salon de coiffure de Fribourg, c&rsquo;était :<br>&#8211; T&rsquo;as vu celle-là, t&rsquo;as vu celle-là ?</p>



<p class="wp-block-paragraph">Même si c&rsquo;était une bonne gamme à Fribourg, les cancans étaient présents. Elles faisaient des commentaires : <br>&#8211; T&rsquo;as vu ? Mme X elle a acheté une nouvelle Porsche, Mme Y a changé de mec&#8230; et puis ci et puis ça&#8230;</p>



<p class="wp-block-paragraph">Ici, tu t&rsquo;en fous, mais le revers, c&rsquo;est qu&rsquo;à Fribourg tu vas quand même faire pour l&rsquo;autre, tu vas donner, tu vas payer, mais ici rien&#8230;<br>Rien de rien, tout le monde s&rsquo;en fout.</p>



<p class="wp-block-paragraph">Dans le village où j&rsquo;habitais après la séparation de mes parents, les protestants n&rsquo;aimaient pas les catholiques. On n&rsquo;aimait pas les Welsch et on le disait ouvertement&#8230; Les jeunes dans le train n&rsquo;étaient pas dans les mêmes wagons, il y avait cette coupure qui se faisait automatiquement, une ségrégation, en plus c&rsquo;était bilingue, alors ça y faisait aussi.</p>



<p class="wp-block-paragraph">Mais à Fribourg c&rsquo;était très critique&#8230;</p>

<p>&lt;Enregistré le 21 Juin 2014&gt; Quand je suis arrivée dans notre canton, j&rsquo;ai pu constater qu&rsquo;il n&rsquo;y avait pas de critiques, mais à Fribourg, il y avait beaucoup de mélanges. Ici, on s&rsquo;en foutait de tout ça, et ce n&rsquo;est pas une impression car au salon de coiffure de Fribourg, c&rsquo;était :&#8211; T&rsquo;as vu celle-là, [&hellip;]</p>
