{"id":1209,"date":"2026-02-05T10:40:49","date_gmt":"2026-02-05T10:40:49","guid":{"rendered":"https:\/\/mercigracias.ch\/?page_id=1209"},"modified":"2026-06-19T09:09:39","modified_gmt":"2026-06-19T09:09:39","slug":"yvan","status":"publish","type":"page","link":"https:\/\/mercigracias.ch\/?page_id=1209","title":{"rendered":"Yvan"},"content":{"rendered":"\n<p class=\"wp-block-paragraph\">&lt;Enregistr\u00e9 le 28 F\u00e9vrier 2015&gt;<\/p>\n\n\n\n<p class=\"wp-block-paragraph\">Yvan&#8230; quand il me voyait, il \u00e9tait tellement heureux, mais qu&rsquo;est ce qu&rsquo;il \u00e9tait heureux !<\/p>\n\n\n\n<p class=\"wp-block-paragraph\">Il faisait les saisons d&rsquo;\u00e9t\u00e9 l\u00e0, et puis les saisons d&rsquo;hiver en Guadeloupe ou \u00e0 Davos, ou partout&#8230; Il faisait par saisons&#8230;<\/p>\n\n\n\n<p class=\"wp-block-paragraph\">Quand il arrivait au village, avec sa vieille caisse fran\u00e7aise, l\u00e0 qui tombait en ruine&#8230; Il allait dans tout le village pour me chercher et demander o\u00f9 j&rsquo;\u00e9tais&#8230; Et mon dieu, quand il me voyait, mais qu&rsquo;est ce qu&rsquo;il rigolait, il \u00e9tait tellement heureux !<\/p>\n\n\n\n<p class=\"wp-block-paragraph\">Je me souviens une fois quand il est arriv\u00e9, je rentrais du centre ville, et j&rsquo;\u00e9tais encore sous les remparts&#8230; Il m&rsquo;appelle par mon pr\u00e9nom, et il me dit :<br>&#8211; &#8230;H\u00e9\u00e9\u00e9, viens !<\/p>\n\n\n\n<p class=\"wp-block-paragraph\">Et moi qui lui r\u00e9pond :<br>&#8211; Oh Yvan&#8230;!<\/p>\n\n\n\n<p class=\"wp-block-paragraph\">Et comme \u00e7a&#8230; il avait ouvert sa fen\u00eatre, parce que tu vois c&rsquo;\u00e9tait en pleine circulation et il bloquait tout le monde&#8230; C&rsquo;\u00e9tait vraiment une histoire&#8230; il me tire dans sa voiture \u00e0 travers (rire) la fen\u00eatre&#8230; (rire) par les \u00e9paules, la t\u00eate la premi\u00e8re !<br>Je suis arriv\u00e9e comme \u00e7a et puis il me dit : <br>&#8211; Quel travail, quel travail !<br>&#8211; Mais t&rsquo;es foouuuu !<\/p>\n\n\n\n<p class=\"wp-block-paragraph\">Il \u00e9tait fou heureux !<br>Il \u00e9tait l\u00e0, il pleurait tellement ce qu&rsquo;il \u00e9tait content&#8230;<\/p>\n\n\n\n<p class=\"wp-block-paragraph\">Apr\u00e8s on se retrouvait quand on allait danser&#8230; ou comme \u00e7a. Mais qu&rsquo;est ce qu&rsquo;il \u00e9tait content, il \u00e9tait vraiment heureux !<\/p>\n\n\n\n<p class=\"wp-block-paragraph\">Je lui coupais les cheveux&#8230; <br>&#8211; D&rsquo;accord, mais ta coupe je la fais sur le lac&#8230; sur le radeau !<br>Il me disait : <br>&#8211; Oh mais tu rigoles ? Jusque l\u00e0-bas&#8230; ?<\/p>\n\n\n\n<p class=\"wp-block-paragraph\">&#8211; Ouais ouais, si tu veux une coupe de cheveux, c&rsquo;est l\u00e0-bas que je te la fais&#8230;<\/p>\n\n\n\n<p class=\"wp-block-paragraph\">Alors il traversait avec sa chaise, le tabouret sur la t\u00eate&#8230; les ciseaux en l&rsquo;air, tout en l&rsquo;air, et on allait jusqu&rsquo;au radeau apr\u00e8s je lui coupais ses trois poils&#8230; il avait des cheveux tout fins, tout tout fins, et cette fois l\u00e0, il y avait du vent&#8230;<\/p>\n\n\n\n<p class=\"wp-block-paragraph\">Il avait la trouille&#8230; il avait la trouille !<\/p>\n\n\n\n<p class=\"wp-block-paragraph\">Alors je lui disais :<br>&#8211; Oh mais tu vas avoir des trous, Yvan&#8230; <br>&#8211; Oh non&#8230; mais arr\u00eate, arr\u00eate ! Qu&rsquo;il me disait&#8230;<\/p>\n\n\n\n<p class=\"wp-block-paragraph\">Il avait la trouille&#8230;et moi :<br>&#8211; Oh merde&#8230; j&rsquo;ai fait encore un trou !<br>&#8211; Tu prendras un miroir la prochaine fois&#8230;<br><br>Et moi qui r\u00e9pondais. <br>&#8211; Mais non&#8230;(Rire) c&rsquo;est moi le miroir&#8230;!<\/p>\n\n\n\n<p class=\"wp-block-paragraph\">Qu&rsquo;est ce qu&rsquo;on rigolait&#8230;<br>Il \u00e9tait tellement content, il rigolait tout le temps&#8230;<\/p>\n\n\n\n<p class=\"wp-block-paragraph\">Merci Gracias, pour ces doux partages !<\/p>\n","protected":false},"excerpt":{"rendered":"<p>&lt;Enregistr\u00e9 le 28 F\u00e9vrier 2015&gt; Yvan&#8230; quand il me voyait, il \u00e9tait tellement heureux, mais qu&rsquo;est ce qu&rsquo;il \u00e9tait heureux ! Il faisait les saisons d&rsquo;\u00e9t\u00e9 l\u00e0, et puis les saisons d&rsquo;hiver en Guadeloupe ou \u00e0 Davos, ou partout&#8230; Il faisait par saisons&#8230; Quand il arrivait au village, avec sa vieille caisse fran\u00e7aise, l\u00e0 qui [&hellip;]<\/p>\n","protected":false},"author":1,"featured_media":0,"parent":0,"menu_order":0,"comment_status":"open","ping_status":"closed","template":"pages-chapitre-06","meta":{"footnotes":""},"class_list":["post-1209","page","type-page","status-publish","hentry"],"jetpack_sharing_enabled":true,"_links":{"self":[{"href":"https:\/\/mercigracias.ch\/index.php?rest_route=\/wp\/v2\/pages\/1209","targetHints":{"allow":["GET"]}}],"collection":[{"href":"https:\/\/mercigracias.ch\/index.php?rest_route=\/wp\/v2\/pages"}],"about":[{"href":"https:\/\/mercigracias.ch\/index.php?rest_route=\/wp\/v2\/types\/page"}],"author":[{"embeddable":true,"href":"https:\/\/mercigracias.ch\/index.php?rest_route=\/wp\/v2\/users\/1"}],"replies":[{"embeddable":true,"href":"https:\/\/mercigracias.ch\/index.php?rest_route=%2Fwp%2Fv2%2Fcomments&post=1209"}],"version-history":[{"count":6,"href":"https:\/\/mercigracias.ch\/index.php?rest_route=\/wp\/v2\/pages\/1209\/revisions"}],"predecessor-version":[{"id":4748,"href":"https:\/\/mercigracias.ch\/index.php?rest_route=\/wp\/v2\/pages\/1209\/revisions\/4748"}],"wp:attachment":[{"href":"https:\/\/mercigracias.ch\/index.php?rest_route=%2Fwp%2Fv2%2Fmedia&parent=1209"}],"curies":[{"name":"wp","href":"https:\/\/api.w.org\/{rel}","templated":true}]}}

<p class="wp-block-paragraph">&lt;Enregistré le 28 Février 2015&gt;</p>



<p class="wp-block-paragraph">Yvan&#8230; quand il me voyait, il était tellement heureux, mais qu&rsquo;est ce qu&rsquo;il était heureux !</p>



<p class="wp-block-paragraph">Il faisait les saisons d&rsquo;été là, et puis les saisons d&rsquo;hiver en Guadeloupe ou à Davos, ou partout&#8230; Il faisait par saisons&#8230;</p>



<p class="wp-block-paragraph">Quand il arrivait au village, avec sa vieille caisse française, là qui tombait en ruine&#8230; Il allait dans tout le village pour me chercher et demander où j&rsquo;étais&#8230; Et mon dieu, quand il me voyait, mais qu&rsquo;est ce qu&rsquo;il rigolait, il était tellement heureux !</p>



<p class="wp-block-paragraph">Je me souviens une fois quand il est arrivé, je rentrais du centre ville, et j&rsquo;étais encore sous les remparts&#8230; Il m&rsquo;appelle par mon prénom, et il me dit :<br>&#8211; &#8230;Hééé, viens !</p>



<p class="wp-block-paragraph">Et moi qui lui répond :<br>&#8211; Oh Yvan&#8230;!</p>



<p class="wp-block-paragraph">Et comme ça&#8230; il avait ouvert sa fenêtre, parce que tu vois c&rsquo;était en pleine circulation et il bloquait tout le monde&#8230; C&rsquo;était vraiment une histoire&#8230; il me tire dans sa voiture à travers (rire) la fenêtre&#8230; (rire) par les épaules, la tête la première !<br>Je suis arrivée comme ça et puis il me dit : <br>&#8211; Quel travail, quel travail !<br>&#8211; Mais t&rsquo;es foouuuu !</p>



<p class="wp-block-paragraph">Il était fou heureux !<br>Il était là, il pleurait tellement ce qu&rsquo;il était content&#8230;</p>



<p class="wp-block-paragraph">Après on se retrouvait quand on allait danser&#8230; ou comme ça. Mais qu&rsquo;est ce qu&rsquo;il était content, il était vraiment heureux !</p>



<p class="wp-block-paragraph">Je lui coupais les cheveux&#8230; <br>&#8211; D&rsquo;accord, mais ta coupe je la fais sur le lac&#8230; sur le radeau !<br>Il me disait : <br>&#8211; Oh mais tu rigoles ? Jusque là-bas&#8230; ?</p>



<p class="wp-block-paragraph">&#8211; Ouais ouais, si tu veux une coupe de cheveux, c&rsquo;est là-bas que je te la fais&#8230;</p>



<p class="wp-block-paragraph">Alors il traversait avec sa chaise, le tabouret sur la tête&#8230; les ciseaux en l&rsquo;air, tout en l&rsquo;air, et on allait jusqu&rsquo;au radeau après je lui coupais ses trois poils&#8230; il avait des cheveux tout fins, tout tout fins, et cette fois là, il y avait du vent&#8230;</p>



<p class="wp-block-paragraph">Il avait la trouille&#8230; il avait la trouille !</p>



<p class="wp-block-paragraph">Alors je lui disais :<br>&#8211; Oh mais tu vas avoir des trous, Yvan&#8230; <br>&#8211; Oh non&#8230; mais arrête, arrête ! Qu&rsquo;il me disait&#8230;</p>



<p class="wp-block-paragraph">Il avait la trouille&#8230;et moi :<br>&#8211; Oh merde&#8230; j&rsquo;ai fait encore un trou !<br>&#8211; Tu prendras un miroir la prochaine fois&#8230;<br><br>Et moi qui répondais. <br>&#8211; Mais non&#8230;(Rire) c&rsquo;est moi le miroir&#8230;!</p>



<p class="wp-block-paragraph">Qu&rsquo;est ce qu&rsquo;on rigolait&#8230;<br>Il était tellement content, il rigolait tout le temps&#8230;</p>



<p class="wp-block-paragraph">Merci Gracias, pour ces doux partages !</p>

<p>&lt;Enregistré le 28 Février 2015&gt; Yvan&#8230; quand il me voyait, il était tellement heureux, mais qu&rsquo;est ce qu&rsquo;il était heureux ! Il faisait les saisons d&rsquo;été là, et puis les saisons d&rsquo;hiver en Guadeloupe ou à Davos, ou partout&#8230; Il faisait par saisons&#8230; Quand il arrivait au village, avec sa vieille caisse française, là qui [&hellip;]</p>
