{"id":1238,"date":"2026-02-05T22:56:33","date_gmt":"2026-02-05T22:56:33","guid":{"rendered":"https:\/\/mercigracias.ch\/?page_id=1238"},"modified":"2026-07-13T05:35:22","modified_gmt":"2026-07-13T05:35:22","slug":"le-juge","status":"publish","type":"page","link":"https:\/\/mercigracias.ch\/?page_id=1238","title":{"rendered":"Monsieur le Juge"},"content":{"rendered":"\n<p class=\"wp-block-paragraph\">&lt;Enregistr\u00e9 les 30 Aout 2014, 15 Septembre 2016 et 09 Octobre 2016&gt;<\/p>\n\n\n\n<p class=\"wp-block-paragraph\">Tu vois, faire sortir les enfants avec des policiers, alors que j&rsquo;avais 13 ans&#8230; Mais heureusement que mon oncle leur a dit :<br>&#8211; Mais montrez moi la r\u00e8gle&#8230; Montrez moi la loi qui permet d&rsquo;enlever les enfants de leurs parents comme \u00e7a&#8230;&nbsp;?<\/p>\n\n\n\n<p class=\"wp-block-paragraph\">Ce juge administratif qui avait pris la d\u00e9cision de s\u00e9parer de force mes parents et de sortir les enfants par des policiers&#8230; Mais pour les mettre o\u00f9&nbsp;?<\/p>\n\n\n\n<p class=\"wp-block-paragraph\">&#8211; <em>Et ce juge ?<\/em><br>&#8211; Alors le juge, je l&rsquo;avais vu une fois un soir en discoth\u00e8que&#8230;<\/p>\n\n\n\n<p class=\"wp-block-paragraph\">&#8211; <em>Comment tu savais que c&rsquo;\u00e9tait celui l\u00e0 ?<\/em><br>&#8211; Et bien celle qui travaillait comme barmaid, elle s&rsquo;appelait Yolande, c&rsquo;est elle qui m&rsquo;avait dit que c&rsquo;\u00e9tait le juge du tribunal.<\/p>\n\n\n\n<p class=\"wp-block-paragraph\">On \u00e9tait au Navy Club, l\u00e0 o\u00f9 on allait danser le dimanche soir&#8230;<br>Je pense que j&rsquo;avais 17-18 ans&#8230; 18 ans&#8230; Je crois que je ne l&rsquo;avais pas pouss\u00e9 en bas de la chaise, parce que je n&rsquo;avais pas encore mes 18 ans, et que je n&rsquo;avais pas le droit d&rsquo;y \u00eatre&#8230;(Rire)<\/p>\n\n\n\n<p class=\"wp-block-paragraph\">C&rsquo;\u00e9tait pendant le temps que je faisais mon apprentissage de coiffure \u00e0 Fribourg&#8230; C&rsquo;\u00e9tait un dimanche soir, il \u00e9tait l\u00e0, et il ne tenait pas sur sa chaise tellement ce qu&rsquo;il \u00e9tait rond&#8230; !<\/p>\n\n\n\n<p class=\"wp-block-paragraph\">Imagine dans quel \u00e9tat o\u00f9 il \u00e9tait. Il \u00e9tait au bar, au comptoir sur une chaise haute, \u00e0 cheval sur le bar avec les bras crois\u00e9s&#8230; et il ne tenait pas sur sa chaise tellement il \u00e9tait saoul. Il \u00e9tait affal\u00e9 sur le bar, entre minuit une heure du matin&#8230; il \u00e9tait seul.<\/p>\n\n\n\n<p class=\"wp-block-paragraph\">Alors quand je l&rsquo;ai vu apr\u00e8s qu&rsquo;elle m&rsquo;ait dit que c&rsquo;\u00e9tait le juge du tribunal&#8230; j&rsquo;avais envie de lui pousser sa chaise, juste de le pousser pour qu&rsquo;il tombe&#8230; Tu lui mets un petit doigt, et il tombe tellement ce qu&rsquo;il \u00e9tait rond.<\/p>\n\n\n\n<p class=\"wp-block-paragraph\">Je me souviens je fichais des coups de pieds contre sa chaise&#8230; j&rsquo;avais envie de lui cracher dessus, j&rsquo;avais une de ces col\u00e8res ! <br>Je suis rest\u00e9e \u00e0 c\u00f4t\u00e9 de lui, et je gueulais \u00e0 c\u00f4t\u00e9&#8230; mais il \u00e9tait tellement rond qu&rsquo;il ne m&rsquo;entendait pas&#8230;<\/p>\n\n\n\n<p class=\"wp-block-paragraph\">Je me suis dit :<br>&#8211; Ah c&rsquo;est \u00e7a qui a os\u00e9 nous juger, et d\u00e9cider de notre enfance ? Un homme qui se respecte tellement, qui, en public&#8230; dans le village, est rond comme un boulon ?&#8230;Non mais c&rsquo;est quoi \u00e7a ?!<\/p>\n\n\n\n<p class=\"wp-block-paragraph\">\u00c7a a chang\u00e9 ma vision de la vie, parce que je me suis dit : <br>&#8211; Comment \u00e7a se fait qu&rsquo;un gaillard comme \u00e7a, un triste minable puisse d\u00e9cider de ta vie comme \u00e7a ? <\/p>\n\n\n\n<p class=\"wp-block-paragraph\">De tout ton parcours, qu&rsquo;il puisse couper ton enfance, d\u00e9cider de ta vie ? Ce n&rsquo;est pas possible que \u00e7a soit \u00e7a, qui d\u00e9cide pour des enfants&#8230; <br>Il avait d\u00e9cid\u00e9 pour nous tous, pour toute une famille&#8230;<\/p>\n\n\n\n<p class=\"wp-block-paragraph\">C&rsquo;\u00e9tait impensable quand m\u00eame&#8230;!<\/p>\n\n\n\n<p class=\"wp-block-paragraph\">Je me suis dit :<br>&#8211; Ben non ! Alors si la justice c&rsquo;est \u00e7a, ben, oublie ! <br>Regarde moi dans l&rsquo;\u00e9tat o\u00f9 il est celui l\u00e0 !?<\/p>\n\n\n\n<p class=\"wp-block-paragraph\">Je me suis rendue compte que \u00e7a n&rsquo;avait pas de sens, que \u00e7a n&rsquo;avait aucun sens&#8230;!<\/p>\n\n\n\n<p class=\"wp-block-paragraph\">Pour moi \u00e7a devenait une histoire de fous, d&rsquo;avoir vu Maman dans quels \u00e9tats elle avait \u00e9t\u00e9 mise, d&rsquo;avoir d\u00fb cacher son courrier, ses lettres le vendredi, jusqu&rsquo;au lundi matin pour que le Week-End soit supportable \u00e0 la maison&#8230; d&rsquo;avoir v\u00e9cu tous ces drames, vu toutes ses larmes, tous ses \u00e9tats d&rsquo;\u00eatre, tout ce mal-\u00eatre, tous ces traumatismes ?<\/p>\n\n\n\n<p class=\"wp-block-paragraph\">Imagine toi, on arrivait le vendredi, on sortait le courrier, et on le remettait le lundi parce que \u00e7a cr\u00e9ait tellement d&rsquo;histoire le Week-End&#8230; Toute notre adolescence c&rsquo;\u00e9tait des histoires de courrier du divorce&#8230; Tu sais ce que \u00e7a veut dire&nbsp;? Il n&rsquo;y avait que \u00e7a&nbsp;!<\/p>\n\n\n\n<p class=\"wp-block-paragraph\">Tout \u00e7a, parce que quelqu&rsquo;un prenait de telles d\u00e9cisions et qui ne tenait m\u00eame pas sur une chaise de bar&#8230; et qui s&rsquo;affalait dans une discoth\u00e8que en plein milieu du village en \u00e9tant rond ?<\/p>\n\n\n\n<p class=\"wp-block-paragraph\">C&rsquo;\u00e9tait incompr\u00e9hensible, que la soci\u00e9t\u00e9 donne le pouvoir \u00e0 quelqu&rsquo;un comme \u00e7a&#8230;!<\/p>\n\n\n\n<p class=\"wp-block-paragraph\">Alors l\u00e0, le pouvoir tu oublies&#8230; plus jamais dans ta vie !<br>Plus personne ne me jugera, plus personne ne d\u00e9cidera sur ce que je fais&#8230; Alors \u00e7a non !<\/p>\n\n\n\n<p class=\"wp-block-paragraph\">Alors \u00e7a, de bleu&#8230;&nbsp;! Je vais balayer toutes vos r\u00e8gles et vos machins&#8230;<\/p>\n\n\n\n<ul class=\"wp-block-list\">\n<li>Je serai seule juge \u00e0 bord, juge de moi-m\u00eame !<\/li>\n<\/ul>\n\n\n\n<p class=\"wp-block-paragraph\">C&rsquo;est pour \u00e7a que je ne suis pas devenue conventionnelle par la suite&#8230;<\/p>\n","protected":false},"excerpt":{"rendered":"<p>&lt;Enregistr\u00e9 les 30 Aout 2014, 15 Septembre 2016 et 09 Octobre 2016&gt; Tu vois, faire sortir les enfants avec des policiers, alors que j&rsquo;avais 13 ans&#8230; Mais heureusement que mon oncle leur a dit :&#8211; Mais montrez moi la r\u00e8gle&#8230; Montrez moi la loi qui permet d&rsquo;enlever les enfants de leurs parents comme \u00e7a&#8230;&nbsp;? Ce [&hellip;]<\/p>\n","protected":false},"author":1,"featured_media":0,"parent":0,"menu_order":0,"comment_status":"open","ping_status":"closed","template":"pages-chapitre-06","meta":{"footnotes":""},"class_list":["post-1238","page","type-page","status-publish","hentry"],"jetpack_sharing_enabled":true,"_links":{"self":[{"href":"https:\/\/mercigracias.ch\/index.php?rest_route=\/wp\/v2\/pages\/1238","targetHints":{"allow":["GET"]}}],"collection":[{"href":"https:\/\/mercigracias.ch\/index.php?rest_route=\/wp\/v2\/pages"}],"about":[{"href":"https:\/\/mercigracias.ch\/index.php?rest_route=\/wp\/v2\/types\/page"}],"author":[{"embeddable":true,"href":"https:\/\/mercigracias.ch\/index.php?rest_route=\/wp\/v2\/users\/1"}],"replies":[{"embeddable":true,"href":"https:\/\/mercigracias.ch\/index.php?rest_route=%2Fwp%2Fv2%2Fcomments&post=1238"}],"version-history":[{"count":6,"href":"https:\/\/mercigracias.ch\/index.php?rest_route=\/wp\/v2\/pages\/1238\/revisions"}],"predecessor-version":[{"id":5662,"href":"https:\/\/mercigracias.ch\/index.php?rest_route=\/wp\/v2\/pages\/1238\/revisions\/5662"}],"wp:attachment":[{"href":"https:\/\/mercigracias.ch\/index.php?rest_route=%2Fwp%2Fv2%2Fmedia&parent=1238"}],"curies":[{"name":"wp","href":"https:\/\/api.w.org\/{rel}","templated":true}]}}

<p class="wp-block-paragraph">&lt;Enregistré les 30 Aout 2014, 15 Septembre 2016 et 09 Octobre 2016&gt;</p>



<p class="wp-block-paragraph">Tu vois, faire sortir les enfants avec des policiers, alors que j&rsquo;avais 13 ans&#8230; Mais heureusement que mon oncle leur a dit :<br>&#8211; Mais montrez moi la règle&#8230; Montrez moi la loi qui permet d&rsquo;enlever les enfants de leurs parents comme ça&#8230;&nbsp;?</p>



<p class="wp-block-paragraph">Ce juge administratif qui avait pris la décision de séparer de force mes parents et de sortir les enfants par des policiers&#8230; Mais pour les mettre où&nbsp;?</p>



<p class="wp-block-paragraph">&#8211; <em>Et ce juge ?</em><br>&#8211; Alors le juge, je l&rsquo;avais vu une fois un soir en discothèque&#8230;</p>



<p class="wp-block-paragraph">&#8211; <em>Comment tu savais que c&rsquo;était celui là ?</em><br>&#8211; Et bien celle qui travaillait comme barmaid, elle s&rsquo;appelait Yolande, c&rsquo;est elle qui m&rsquo;avait dit que c&rsquo;était le juge du tribunal.</p>



<p class="wp-block-paragraph">On était au Navy Club, là où on allait danser le dimanche soir&#8230;<br>Je pense que j&rsquo;avais 17-18 ans&#8230; 18 ans&#8230; Je crois que je ne l&rsquo;avais pas poussé en bas de la chaise, parce que je n&rsquo;avais pas encore mes 18 ans, et que je n&rsquo;avais pas le droit d&rsquo;y être&#8230;(Rire)</p>



<p class="wp-block-paragraph">C&rsquo;était pendant le temps que je faisais mon apprentissage de coiffure à Fribourg&#8230; C&rsquo;était un dimanche soir, il était là, et il ne tenait pas sur sa chaise tellement ce qu&rsquo;il était rond&#8230; !</p>



<p class="wp-block-paragraph">Imagine dans quel état où il était. Il était au bar, au comptoir sur une chaise haute, à cheval sur le bar avec les bras croisés&#8230; et il ne tenait pas sur sa chaise tellement il était saoul. Il était affalé sur le bar, entre minuit une heure du matin&#8230; il était seul.</p>



<p class="wp-block-paragraph">Alors quand je l&rsquo;ai vu après qu&rsquo;elle m&rsquo;ait dit que c&rsquo;était le juge du tribunal&#8230; j&rsquo;avais envie de lui pousser sa chaise, juste de le pousser pour qu&rsquo;il tombe&#8230; Tu lui mets un petit doigt, et il tombe tellement ce qu&rsquo;il était rond.</p>



<p class="wp-block-paragraph">Je me souviens je fichais des coups de pieds contre sa chaise&#8230; j&rsquo;avais envie de lui cracher dessus, j&rsquo;avais une de ces colères ! <br>Je suis restée à côté de lui, et je gueulais à côté&#8230; mais il était tellement rond qu&rsquo;il ne m&rsquo;entendait pas&#8230;</p>



<p class="wp-block-paragraph">Je me suis dit :<br>&#8211; Ah c&rsquo;est ça qui a osé nous juger, et décider de notre enfance ? Un homme qui se respecte tellement, qui, en public&#8230; dans le village, est rond comme un boulon ?&#8230;Non mais c&rsquo;est quoi ça ?!</p>



<p class="wp-block-paragraph">Ça a changé ma vision de la vie, parce que je me suis dit : <br>&#8211; Comment ça se fait qu&rsquo;un gaillard comme ça, un triste minable puisse décider de ta vie comme ça ? </p>



<p class="wp-block-paragraph">De tout ton parcours, qu&rsquo;il puisse couper ton enfance, décider de ta vie ? Ce n&rsquo;est pas possible que ça soit ça, qui décide pour des enfants&#8230; <br>Il avait décidé pour nous tous, pour toute une famille&#8230;</p>



<p class="wp-block-paragraph">C&rsquo;était impensable quand même&#8230;!</p>



<p class="wp-block-paragraph">Je me suis dit :<br>&#8211; Ben non ! Alors si la justice c&rsquo;est ça, ben, oublie ! <br>Regarde moi dans l&rsquo;état où il est celui là !?</p>



<p class="wp-block-paragraph">Je me suis rendue compte que ça n&rsquo;avait pas de sens, que ça n&rsquo;avait aucun sens&#8230;!</p>



<p class="wp-block-paragraph">Pour moi ça devenait une histoire de fous, d&rsquo;avoir vu Maman dans quels états elle avait été mise, d&rsquo;avoir dû cacher son courrier, ses lettres le vendredi, jusqu&rsquo;au lundi matin pour que le Week-End soit supportable à la maison&#8230; d&rsquo;avoir vécu tous ces drames, vu toutes ses larmes, tous ses états d&rsquo;être, tout ce mal-être, tous ces traumatismes ?</p>



<p class="wp-block-paragraph">Imagine toi, on arrivait le vendredi, on sortait le courrier, et on le remettait le lundi parce que ça créait tellement d&rsquo;histoire le Week-End&#8230; Toute notre adolescence c&rsquo;était des histoires de courrier du divorce&#8230; Tu sais ce que ça veut dire&nbsp;? Il n&rsquo;y avait que ça&nbsp;!</p>



<p class="wp-block-paragraph">Tout ça, parce que quelqu&rsquo;un prenait de telles décisions et qui ne tenait même pas sur une chaise de bar&#8230; et qui s&rsquo;affalait dans une discothèque en plein milieu du village en étant rond ?</p>



<p class="wp-block-paragraph">C&rsquo;était incompréhensible, que la société donne le pouvoir à quelqu&rsquo;un comme ça&#8230;!</p>



<p class="wp-block-paragraph">Alors là, le pouvoir tu oublies&#8230; plus jamais dans ta vie !<br>Plus personne ne me jugera, plus personne ne décidera sur ce que je fais&#8230; Alors ça non !</p>



<p class="wp-block-paragraph">Alors ça, de bleu&#8230;&nbsp;! Je vais balayer toutes vos règles et vos machins&#8230;</p>



<ul class="wp-block-list">
<li>Je serai seule juge à bord, juge de moi-même !</li>
</ul>



<p class="wp-block-paragraph">C&rsquo;est pour ça que je ne suis pas devenue conventionnelle par la suite&#8230;</p>

<p>&lt;Enregistré les 30 Aout 2014, 15 Septembre 2016 et 09 Octobre 2016&gt; Tu vois, faire sortir les enfants avec des policiers, alors que j&rsquo;avais 13 ans&#8230; Mais heureusement que mon oncle leur a dit :&#8211; Mais montrez moi la règle&#8230; Montrez moi la loi qui permet d&rsquo;enlever les enfants de leurs parents comme ça&#8230;&nbsp;? Ce [&hellip;]</p>
