{"id":1252,"date":"2026-02-06T16:21:35","date_gmt":"2026-02-06T16:21:35","guid":{"rendered":"https:\/\/mercigracias.ch\/?page_id=1252"},"modified":"2026-06-19T11:49:53","modified_gmt":"2026-06-19T11:49:53","slug":"a-la-moulinette","status":"publish","type":"page","link":"https:\/\/mercigracias.ch\/?page_id=1252","title":{"rendered":"&#8230;\u00e0 la moulinette !"},"content":{"rendered":"\n<p class=\"wp-block-paragraph\">&lt;Enregistr\u00e9 le 28 Aout 2014&gt;<\/p>\n\n\n\n<p class=\"wp-block-paragraph\">La patronne fondatrice du salon n&rsquo;avait pas encore quitt\u00e9 le salon, elle avait 55 ans, c&rsquo;\u00e9tait elle qui avait cr\u00e9\u00e9 toute la client\u00e8le \u00e0 Fribourg. <br>Elle \u00e9tait Scorpion, Scorpion&#8230; !<br>Elle avait cr\u00e9\u00e9 aussi le plus grand institut de beaut\u00e9, \u00e0 l&rsquo;h\u00f4pital cantonal quand il s&rsquo;est ouvert, et un magasin de maroquinerie&#8230;<\/p>\n\n\n\n<p class=\"wp-block-paragraph\">Elle avait une tr\u00e8s grande image \u00e0 Fribourg, c&rsquo;\u00e9tait quelqu&rsquo;un\u00a0!<\/p>\n\n\n\n<p class=\"wp-block-paragraph\">Elle avait tous les plus grands qui venaient, et chaque client avait son peignoir, mais je ne te dis pas, il \u00e9tait repass\u00e9, moulin\u00e9 !<\/p>\n\n\n\n<p class=\"wp-block-paragraph\">C&rsquo;\u00e9tait tr\u00e8s particulier, et elle avait une r\u00e9putation impensable.<\/p>\n\n\n\n<p class=\"wp-block-paragraph\">Un jour, elle regardait le journal, et les offres d&#8217;emplois, et elle dit : <br>&#8211; Ben alors tiens celui-l\u00e0&#8230; On me dit que je suis extravagante, que je suis p\u00e9nible et que j&rsquo;effraie tout le monde et tout ce qui s&rsquo;ensuit, mais \u00e0 c\u00f4t\u00e9 de lui ! Hum, hum, c&rsquo;est rien du tout&#8230; parce que lui alors\u00a0!<br>C&rsquo;est un fou de fou, je l&rsquo;ai rencontr\u00e9 c&rsquo;est un vrai fou. Il est cingl\u00e9 machin&#8230; Il recherche de nouveau quelqu&rsquo;un&#8230; Ses employ\u00e9es, elles ne tiennent pas 6 mois !<\/p>\n\n\n\n<p class=\"wp-block-paragraph\">J&rsquo;ai entendu tout \u00e7a et je me suis dit :<br>&#8211; Ah, il y a plus cingl\u00e9e que toi&nbsp;? <\/p>\n\n\n\n<p class=\"wp-block-paragraph\">Faut y aller, \u00e7a m&rsquo;int\u00e9resse&#8230; Allez, allons l\u00e0-bas, c&rsquo;est s\u00fbr&#8230; Je vais l\u00e0-bas !<br>Alors j&rsquo;ai not\u00e9 l&rsquo;adresse \u00ab\u00a0Salon Michelangelo, Bern\u00a0\u00bb au moment du caf\u00e9 pendant que personne ne me regardait et j&rsquo;ai postul\u00e9&#8230;<\/p>\n\n\n\n<p class=\"wp-block-paragraph\">C&rsquo;\u00e9tait une annonce pour son salon de Gstaad&#8230; alors \u00e7a m&rsquo;int\u00e9ressait fort, m\u00eame si je n&rsquo;avais pas encore mon dipl\u00f4me de coiffeuse, je n&rsquo;ai pas h\u00e9sit\u00e9 !<\/p>\n\n\n\n<p class=\"wp-block-paragraph\">Je peux te dire qu&rsquo;elle est tomb\u00e9e \u00e0 la renverse, quand elle m&rsquo;a dit un jour&#8230; :<br>&#8211; Alors ?&#8230;Vous avez pens\u00e9 que vous allez bient\u00f4t finir votre apprentissage ? Vous allez bient\u00f4t passer vos examens&#8230;<br>Vous vous \u00eates cherch\u00e9e une place&#8230; ? <br>Parce qu&rsquo;il faudra quand m\u00eame savoir, qu&rsquo;elle me dit, hein\u00a0?<\/p>\n\n\n\n<p class=\"wp-block-paragraph\">Et moi qui lui r\u00e9ponds : <br>&#8211; Oui, je vous remercie, j&rsquo;ai d\u00e9j\u00e0 ma place&#8230;<br>&#8211; Ah bon\u00a0!? <br>\u00c7a serait indiscret de vous demander o\u00f9 vous allez ?<\/p>\n\n\n\n<p class=\"wp-block-paragraph\">Fi\u00e8re de moi, je lui dis\u00a0: <br>&#8211; Chez Michelangelo !<br>&#8211; Chez Michelangelo, qu&rsquo;elle me dit&#8230;?<\/p>\n\n\n\n<p class=\"wp-block-paragraph\">&#8211; Oui \u00e0 Bern&#8230;<br>&#8211; Hein\u00a0?!? Vous&#8230;\u00a0?!\u00a0 qu&rsquo;elle me dit, en sursautant. Mais il va vous passer \u00e0 la moulinette et puis tout&#8230; Vous, qui \u00eates tellement sensible et tout&#8230; Jamais il ne faut aller chez quelqu&rsquo;un comme \u00e7a, il va vous casser ! <br>Vous ne pouvez pas y aller&#8230;<\/p>\n\n\n\n<p class=\"wp-block-paragraph\">Je lui dis : <br>&#8211; Justement, c&rsquo;est l\u00e0-bas que je dois aller. C&rsquo;est l\u00e0-bas&#8230;<\/p>\n\n\n\n<p class=\"wp-block-paragraph\">Alors, elle me dit&nbsp;: <br>&#8211; Alors on en reparlera, hein&#8230; Je me r\u00e9jouis de vous revoir et de pouvoir en rediscuter.<\/p>\n\n\n\n<p class=\"wp-block-paragraph\">Et H\u00e9l\u00e8ne aussi qui me dit :<br>&#8211; Oh non, il ne faut pas aller l\u00e0-bas&#8230;<br>Et moi :<br>&#8211; Non H\u00e9l\u00e8ne, mais ma d\u00e9cision est prise&#8230;<\/p>\n\n\n\n<p class=\"wp-block-paragraph\">H\u00e9l\u00e8ne voulait d\u00e9j\u00e0 me garder pour l&rsquo;aider dans la reprise du salon, mais moi, je ne voulais pas rester.<\/p>\n\n\n\n<p class=\"wp-block-paragraph\">Une ann\u00e9e apr\u00e8s que j&rsquo;\u00e9tais l\u00e0-bas, H\u00e9l\u00e8ne m&rsquo;avait m\u00eame rappel\u00e9e et m&rsquo;avait dit\u00a0:<br>&#8211; Oui&#8230; Alors maintenant, vous avez prouv\u00e9&#8230; Je cherche une coiffeuse, j&rsquo;aimerais vraiment que vous reveniez&#8230;<\/p>\n\n\n\n<p class=\"wp-block-paragraph\">H\u00e9l\u00e8ne \u00e9tait tr\u00e8s fi\u00e8re&#8230; tu vois \u00ab Je me prom\u00e8ne en Lamborghini \u00bb noiraude, tr\u00e8s styl\u00e9e&#8230; La femme qui allait bien avec le salon et l&rsquo;ancienne Patronne, quoi&#8230;<\/p>\n\n\n\n<p class=\"wp-block-paragraph\">Et je lui dis :<br>&#8211; Non, non&#8230; Je reste ici pour l&rsquo;instant. <\/p>\n\n\n\n<p class=\"wp-block-paragraph\">Je ne reviens pas en arri\u00e8re&#8230; Quand j&rsquo;ai fait un pas, j&rsquo;ai fini, j&rsquo;avance !<\/p>\n\n\n\n<p class=\"wp-block-paragraph\">Et derri\u00e8re tout \u00e7a, c&rsquo;\u00e9tait parti&#8230;<\/p>\n","protected":false},"excerpt":{"rendered":"<p>&lt;Enregistr\u00e9 le 28 Aout 2014&gt; La patronne fondatrice du salon n&rsquo;avait pas encore quitt\u00e9 le salon, elle avait 55 ans, c&rsquo;\u00e9tait elle qui avait cr\u00e9\u00e9 toute la client\u00e8le \u00e0 Fribourg. Elle \u00e9tait Scorpion, Scorpion&#8230; !Elle avait cr\u00e9\u00e9 aussi le plus grand institut de beaut\u00e9, \u00e0 l&rsquo;h\u00f4pital cantonal quand il s&rsquo;est ouvert, et un magasin de [&hellip;]<\/p>\n","protected":false},"author":1,"featured_media":0,"parent":0,"menu_order":0,"comment_status":"open","ping_status":"closed","template":"pages-chapitre-06","meta":{"footnotes":""},"class_list":["post-1252","page","type-page","status-publish","hentry"],"jetpack_sharing_enabled":true,"_links":{"self":[{"href":"https:\/\/mercigracias.ch\/index.php?rest_route=\/wp\/v2\/pages\/1252","targetHints":{"allow":["GET"]}}],"collection":[{"href":"https:\/\/mercigracias.ch\/index.php?rest_route=\/wp\/v2\/pages"}],"about":[{"href":"https:\/\/mercigracias.ch\/index.php?rest_route=\/wp\/v2\/types\/page"}],"author":[{"embeddable":true,"href":"https:\/\/mercigracias.ch\/index.php?rest_route=\/wp\/v2\/users\/1"}],"replies":[{"embeddable":true,"href":"https:\/\/mercigracias.ch\/index.php?rest_route=%2Fwp%2Fv2%2Fcomments&post=1252"}],"version-history":[{"count":5,"href":"https:\/\/mercigracias.ch\/index.php?rest_route=\/wp\/v2\/pages\/1252\/revisions"}],"predecessor-version":[{"id":4761,"href":"https:\/\/mercigracias.ch\/index.php?rest_route=\/wp\/v2\/pages\/1252\/revisions\/4761"}],"wp:attachment":[{"href":"https:\/\/mercigracias.ch\/index.php?rest_route=%2Fwp%2Fv2%2Fmedia&parent=1252"}],"curies":[{"name":"wp","href":"https:\/\/api.w.org\/{rel}","templated":true}]}}

&#8230;à la moulinette !

<p class="wp-block-paragraph">&lt;Enregistré le 28 Aout 2014&gt;</p>



<p class="wp-block-paragraph">La patronne fondatrice du salon n&rsquo;avait pas encore quitté le salon, elle avait 55 ans, c&rsquo;était elle qui avait créé toute la clientèle à Fribourg. <br>Elle était Scorpion, Scorpion&#8230; !<br>Elle avait créé aussi le plus grand institut de beauté, à l&rsquo;hôpital cantonal quand il s&rsquo;est ouvert, et un magasin de maroquinerie&#8230;</p>



<p class="wp-block-paragraph">Elle avait une très grande image à Fribourg, c&rsquo;était quelqu&rsquo;un !</p>



<p class="wp-block-paragraph">Elle avait tous les plus grands qui venaient, et chaque client avait son peignoir, mais je ne te dis pas, il était repassé, mouliné !</p>



<p class="wp-block-paragraph">C&rsquo;était très particulier, et elle avait une réputation impensable.</p>



<p class="wp-block-paragraph">Un jour, elle regardait le journal, et les offres d&#8217;emplois, et elle dit : <br>&#8211; Ben alors tiens celui-là&#8230; On me dit que je suis extravagante, que je suis pénible et que j&rsquo;effraie tout le monde et tout ce qui s&rsquo;ensuit, mais à côté de lui ! Hum, hum, c&rsquo;est rien du tout&#8230; parce que lui alors !<br>C&rsquo;est un fou de fou, je l&rsquo;ai rencontré c&rsquo;est un vrai fou. Il est cinglé machin&#8230; Il recherche de nouveau quelqu&rsquo;un&#8230; Ses employées, elles ne tiennent pas 6 mois !</p>



<p class="wp-block-paragraph">J&rsquo;ai entendu tout ça et je me suis dit :<br>&#8211; Ah, il y a plus cinglée que toi&nbsp;? </p>



<p class="wp-block-paragraph">Faut y aller, ça m&rsquo;intéresse&#8230; Allez, allons là-bas, c&rsquo;est sûr&#8230; Je vais là-bas !<br>Alors j&rsquo;ai noté l&rsquo;adresse « Salon Michelangelo, Bern » au moment du café pendant que personne ne me regardait et j&rsquo;ai postulé&#8230;</p>



<p class="wp-block-paragraph">C&rsquo;était une annonce pour son salon de Gstaad&#8230; alors ça m&rsquo;intéressait fort, même si je n&rsquo;avais pas encore mon diplôme de coiffeuse, je n&rsquo;ai pas hésité !</p>



<p class="wp-block-paragraph">Je peux te dire qu&rsquo;elle est tombée à la renverse, quand elle m&rsquo;a dit un jour&#8230; :<br>&#8211; Alors ?&#8230;Vous avez pensé que vous allez bientôt finir votre apprentissage ? Vous allez bientôt passer vos examens&#8230;<br>Vous vous êtes cherchée une place&#8230; ? <br>Parce qu&rsquo;il faudra quand même savoir, qu&rsquo;elle me dit, hein ?</p>



<p class="wp-block-paragraph">Et moi qui lui réponds : <br>&#8211; Oui, je vous remercie, j&rsquo;ai déjà ma place&#8230;<br>&#8211; Ah bon !? <br>Ça serait indiscret de vous demander où vous allez ?</p>



<p class="wp-block-paragraph">Fière de moi, je lui dis : <br>&#8211; Chez Michelangelo !<br>&#8211; Chez Michelangelo, qu&rsquo;elle me dit&#8230;?</p>



<p class="wp-block-paragraph">&#8211; Oui à Bern&#8230;<br>&#8211; Hein ?!? Vous&#8230; ?!  qu&rsquo;elle me dit, en sursautant. Mais il va vous passer à la moulinette et puis tout&#8230; Vous, qui êtes tellement sensible et tout&#8230; Jamais il ne faut aller chez quelqu&rsquo;un comme ça, il va vous casser ! <br>Vous ne pouvez pas y aller&#8230;</p>



<p class="wp-block-paragraph">Je lui dis : <br>&#8211; Justement, c&rsquo;est là-bas que je dois aller. C&rsquo;est là-bas&#8230;</p>



<p class="wp-block-paragraph">Alors, elle me dit&nbsp;: <br>&#8211; Alors on en reparlera, hein&#8230; Je me réjouis de vous revoir et de pouvoir en rediscuter.</p>



<p class="wp-block-paragraph">Et Hélène aussi qui me dit :<br>&#8211; Oh non, il ne faut pas aller là-bas&#8230;<br>Et moi :<br>&#8211; Non Hélène, mais ma décision est prise&#8230;</p>



<p class="wp-block-paragraph">Hélène voulait déjà me garder pour l&rsquo;aider dans la reprise du salon, mais moi, je ne voulais pas rester.</p>



<p class="wp-block-paragraph">Une année après que j&rsquo;étais là-bas, Hélène m&rsquo;avait même rappelée et m&rsquo;avait dit :<br>&#8211; Oui&#8230; Alors maintenant, vous avez prouvé&#8230; Je cherche une coiffeuse, j&rsquo;aimerais vraiment que vous reveniez&#8230;</p>



<p class="wp-block-paragraph">Hélène était très fière&#8230; tu vois « Je me promène en Lamborghini » noiraude, très stylée&#8230; La femme qui allait bien avec le salon et l&rsquo;ancienne Patronne, quoi&#8230;</p>



<p class="wp-block-paragraph">Et je lui dis :<br>&#8211; Non, non&#8230; Je reste ici pour l&rsquo;instant. </p>



<p class="wp-block-paragraph">Je ne reviens pas en arrière&#8230; Quand j&rsquo;ai fait un pas, j&rsquo;ai fini, j&rsquo;avance !</p>



<p class="wp-block-paragraph">Et derrière tout ça, c&rsquo;était parti&#8230;</p>

<p>&lt;Enregistré le 28 Aout 2014&gt; La patronne fondatrice du salon n&rsquo;avait pas encore quitté le salon, elle avait 55 ans, c&rsquo;était elle qui avait créé toute la clientèle à Fribourg. Elle était Scorpion, Scorpion&#8230; !Elle avait créé aussi le plus grand institut de beauté, à l&rsquo;hôpital cantonal quand il s&rsquo;est ouvert, et un magasin de [&hellip;]</p>
