{"id":1264,"date":"2026-02-11T22:03:48","date_gmt":"2026-02-11T22:03:48","guid":{"rendered":"https:\/\/mercigracias.ch\/?page_id=1264"},"modified":"2026-06-19T20:23:19","modified_gmt":"2026-06-19T20:23:19","slug":"michelangelo","status":"publish","type":"page","link":"https:\/\/mercigracias.ch\/?page_id=1264","title":{"rendered":"Michelangelo"},"content":{"rendered":"\n<p class=\"wp-block-paragraph\">&lt;Enregistr\u00e9 les 27 Octobre 2013 et 28 Aout 2014&gt;<\/p>\n\n\n\n<p class=\"wp-block-paragraph\">La Patronne de Fribourg m&rsquo;avait dit qu&rsquo;il y avait d\u00e9j\u00e0 trois de ses coiffeuses qui \u00e9taient parti l\u00e0-bas, \u00e0 Bern&#8230;<br>&#8211; Ben tiens, il recherche de nouveau des coiffeuses&#8230;<br>Elles tiennent trois mois, maximum six mois et il les fout dehors, ou alors il leur fait une telle vie qu&rsquo;elles ne tiennent pas, et au bout de six mois elles partent&#8230; Ben voil\u00e0, encore une annonce !<\/p>\n\n\n\n<p class=\"wp-block-paragraph\">L\u00e0-dessus je me suis dit\u00a0: <br>&#8211; Bon bon&#8230; Et bien toi, tu vas devoir partir ! Tu devras chercher, et si tu n&rsquo;a pas encore tout connu ici, la Patronne avec ses clefs, elle qui faisait trembler tout le monde, et au salon avec toutes ces hyst\u00e9riques&#8230; <br>Et bien il va falloir aller chercher plus loin&#8230; !<\/p>\n\n\n\n<p class=\"wp-block-paragraph\">Alors je regarde bien l\u00e0 o\u00f9 elle regarde&#8230; Bon d&rsquo;accord, je fais mine de rien, je suis la Patronne quand elle part dans le corridor mettre son journal \u00e0 la r\u00e9ception et l\u00e0, sur le comptoir elle pose dessus des trucs&#8230;<\/p>\n\n\n\n<p class=\"wp-block-paragraph\">C&rsquo;\u00e9tait juste en face des toilettes, parce qu&rsquo;on n&rsquo;osait pas prendre les journaux, hein&#8230; c&rsquo;\u00e9tait juste pour les clients, notre place n&rsquo;\u00e9tait pas l\u00e0&#8230; <br>Et au moment o\u00f9 elle tourne le dos&#8230; tac, je t&rsquo;arrache le journal, et je pars aux toilettes&#8230; Je prends en m\u00eame temps, un crayon, du papier, et sur le si\u00e8ge des toilettes je r\u00e9\u00e9cris l&rsquo;adresse de l&rsquo;annonce, le num\u00e9ro de t\u00e9l\u00e9phone, et l\u00e0 dans ma t\u00eate je me dis :<br>&#8211; Voil\u00e0 tout se met en place, c&rsquo;est l\u00e0 que je vais aller travailler !<\/p>\n\n\n\n<p class=\"wp-block-paragraph\">Je me disais que si il y avait encore pire ailleurs que ce que j&rsquo;avais d\u00e9j\u00e0 v\u00e9cu, avec toute l&#8217;emprise qu&rsquo;on avait eu sur moi, que je voulais voir ce que c&rsquo;\u00e9tait&#8230;<\/p>\n\n\n\n<p class=\"wp-block-paragraph\">Et ben je voulais y aller&#8230; Je voulais voir. Je voulais voir le maximum !<br>Parce qu&rsquo;apr\u00e8s \u00e7a, ce serait fini ! Je ne voulais plus me laisser dompter, ni diriger par ces gens qui me faisaient la loi et qui m&rsquo;effrayaient, qui me terrorisaient, et qui me mettaient une emprise dans tous les sens.<\/p>\n\n\n\n<p class=\"wp-block-paragraph\">Alors Je me suis dit, allons y !<br>M\u00eame si tu n&rsquo;as pas fini ton apprentissage, ah oui ? Oui voil\u00e0&#8230; <br>Mais l\u00e0-bas, ce sera Bern, tu auras ton papier, et tu vas dire&#8230; NON !<\/p>\n\n\n\n<p class=\"wp-block-paragraph\">Parce qu&rsquo;on me disait toujours : <br>&#8211; Ah mais, tais toi ! &#8230;Fais ton papier apr\u00e8s tu discuteras !<\/p>\n\n\n\n<p class=\"wp-block-paragraph\">Oui, fais ton papier, apr\u00e8s on discutera. Alors je me suis dit :<br>&#8211; Oui, j&rsquo;irai chez celui-l\u00e0 et j&rsquo;aurai mon papier, et je discuterai&nbsp;!<\/p>\n\n\n\n<p class=\"wp-block-paragraph\">Et si c&rsquo;est quelqu&rsquo;un qui fiche tout le monde dehors&#8230;?<br>Il parait que c&rsquo;est un hyst\u00e9rique, qu&rsquo;il fiche les brosses \u00e0 la figure des gens&#8230; Et bien je me suis dit : <br>&#8211; Va chez celui-l\u00e0, c&rsquo;est chez personne d&rsquo;autre que je dois aller.<\/p>\n\n\n\n<p class=\"wp-block-paragraph\">Et quand j&rsquo;allais partir \u00e0 Bern pour l&rsquo;entretien, Maman me dit :<br>&#8211; Mais moi, je veux venir avec toi&#8230;!<\/p>\n\n\n\n<p class=\"wp-block-paragraph\">Alors l\u00e0, je lui ai dit\u00a0: <br>&#8211; Non, non&#8230; Je finirai mon papier, mais je vais discuter toute seule, maintenant\u00a0!<\/p>\n\n\n\n<p class=\"wp-block-paragraph\">J&rsquo;ai ma place.<\/p>\n\n\n\n<p class=\"wp-block-paragraph\">Je me souviens, quand il m&rsquo;avait donn\u00e9 rendez-vous, c&rsquo;\u00e9tait dans le restaurant juste en dessous du salon de coiffure&#8230; Alors je lui ai dit :<br>&#8211; Voil\u00e0&#8230; J&rsquo;ai bien lu votre annonce, premi\u00e8re coiffeuse \u00e0 Bern, assistante \u00e0 Bern et premi\u00e8re coiffeuse au Palace, \u00e0 Gstaad&#8230;<\/p>\n\n\n\n<p class=\"wp-block-paragraph\">Et je rajoute :<br>Mais moi ce que j&rsquo;aimerais surtout c&rsquo;est d&rsquo;aller comme premi\u00e8re coiffeuse au Palace&#8230; \u00e0 Gstaad, et que je venais de l&rsquo;institut de Fribourg&#8230; de Fribourg&#8230;! (Rire)<\/p>\n\n\n\n<p class=\"wp-block-paragraph\" id=\"block-758882c5-06f7-44fe-b5f0-9cc00f1836d6\">Alors il me dit :<br>&#8211; Alors vous ! &#8230;Vous me plaisez !<\/p>\n\n\n\n<p class=\"wp-block-paragraph\" id=\"block-758882c5-06f7-44fe-b5f0-9cc00f1836d6\">On commence tout de suite&#8230; Vous finissez votre apprentissage tout de suite.<br>&#8211; Je finis le 1er Ao\u00fbt \u00e0 Fribourg&#8230;<br>&#8211; Alors vous commencez le 1er Ao\u00fbt&#8230;<\/p>\n\n\n\n<p class=\"wp-block-paragraph\" id=\"block-758882c5-06f7-44fe-b5f0-9cc00f1836d6\">&#8211; Ah Non&#8230; Je commencerai le 1er Septembre, le mois d&rsquo;ao\u00fbt il est \u00e0 moi&#8230;<br>&#8211; D&rsquo;accord&#8230; le 1er Septembre !<\/p>\n\n\n\n<p class=\"wp-block-paragraph\" id=\"block-51c4b9f7-5928-44eb-bb12-075b8d6ef06c\">Michelangelo, c&rsquo;\u00e9tait le plus haut de Bern, et mon P\u00e8re c&rsquo;\u00e9tait aussi \u00e0 Bern, qu&rsquo;il avait \u00e9t\u00e9, tu vois&#8230;?<\/p>\n\n\n\n<p class=\"wp-block-paragraph\" id=\"block-51c4b9f7-5928-44eb-bb12-075b8d6ef06c\">C&rsquo;\u00e9tait le plus haut de Bern, et il avait aussi un salon au Palace de Gstaad&#8230; Il avait la totale, m\u00eame s&rsquo;il \u00e9tait fou !<br>Mais il transmettrait le maximum au niveau de la coiffure&#8230;<\/p>\n\n\n\n<p class=\"wp-block-paragraph\" id=\"block-3cca6b2d-5c53-4306-ab90-4fc8a888dee9\">Si j&rsquo;\u00e9tais l\u00e0, \u00e0 trembler devant la Patronne de Fribourg, car on \u00e9tait tous terroris\u00e9s quand elle faisait aller ses clefs&#8230; et aussi par rapport \u00e0 ce qu&rsquo;elle \u00e9tait&#8230; Ce n&rsquo;\u00e9tait jamais assez bien, comme les trucs de mon P\u00e8re, jamais assez moulin\u00e9&#8230; Mais Michelangelo, c&rsquo;\u00e9tait soi-disant encore plus, c&rsquo;est pour \u00e7a que je voulais y aller&#8230;!<\/p>\n\n\n\n<p class=\"wp-block-paragraph\" id=\"block-3cca6b2d-5c53-4306-ab90-4fc8a888dee9\">C&rsquo;\u00e9tait le plafond&#8230; et je voulais voir ce que c&rsquo;\u00e9tait \u00ab\u00a0le pire\u00a0\u00bb&#8230; car si avec les gens que j&rsquo;avais vu jusqu&rsquo;\u00e0 maintenant, il y avait encore pire&#8230; Ben je voulais voir ce que c&rsquo;\u00e9tait, le pire&#8230;<\/p>\n\n\n\n<p class=\"wp-block-paragraph\" id=\"block-347699af-a132-4bde-8b85-1864ef0a67d8\">Je n&rsquo;avais pas de limites, \u00e7a m&rsquo;\u00e9tait \u00e9gal, ce que je vivais. Mais je voulais y aller. Tu seras tranquille apr\u00e8s&#8230; <br>Ah&#8230; On te dit que c&rsquo;est encore pire ? Alors tu vas confronter le pire ! <br>Tu n&rsquo;as pas vu le pire jusqu&rsquo;ici ? Mais alors c&rsquo;est quand le pire ?<\/p>\n\n\n\n<p class=\"wp-block-paragraph\" id=\"block-347699af-a132-4bde-8b85-1864ef0a67d8\">C&rsquo;est o\u00f9 que \u00e7a s&rsquo;arr\u00eate&#8230; ? <\/p>\n\n\n\n<p class=\"wp-block-paragraph\" id=\"block-347699af-a132-4bde-8b85-1864ef0a67d8\">Pour savoir que finalement, l&rsquo;enfance que j&rsquo;avais v\u00e9cue, ce n&rsquo;\u00e9tait pas encore le pire&#8230;?<\/p>\n\n\n\n<p class=\"wp-block-paragraph\" id=\"block-5102701d-eae8-4a3c-adab-1bd447f206c1\">Tu vois, j&rsquo;avais vu vivre la famille de notre boulanger d&rsquo;enfance, comment c&rsquo;\u00e9tait avec les petits pains, le confort, les machins&#8230; et l\u00e0 par rapport \u00e0 ce que tu vis, on te dit&#8230; mais l\u00e0 encore, ce n&rsquo;est rien&#8230;?<\/p>\n\n\n\n<p class=\"wp-block-paragraph\" id=\"block-08c47095-c31f-4981-9112-8cf92b16908b\">Tu n&rsquo;as encore rien vu ? Mais alors va voir&#8230; Bon ok&#8230; alors tu vas y aller !<\/p>\n\n\n\n<p class=\"wp-block-paragraph\" id=\"block-3c7399ba-2591-4aaa-a1fa-17c0ec509d62\">Tu vois, de partir \u00e0 13 ans&#8230; d&rsquo;arriver au village dans l&rsquo;\u00e9tat o\u00f9 on \u00e9tait&#8230; D&rsquo;arriver au salon de Fribourg o\u00f9 la Patronne \u00e9tait un tyran et encore qu&rsquo;elle te disait qu&rsquo;il y avait encore pire ?<\/p>\n\n\n\n<p class=\"wp-block-paragraph\" id=\"block-6dcb8383-9a07-4304-94bb-d8e2befb1d7d\">Je voulais continuer d&rsquo;apprendre&#8230; Je ne finissais pas mon apprentissage, j&rsquo;avais encore des choses \u00e0 apprendre !<\/p>\n\n\n\n<p class=\"wp-block-paragraph\" id=\"block-3eccff0a-9649-4830-a464-a5032f37113f\">Je devais aller apprendre, pour comprendre et savoir&#8230;<\/p>\n\n\n\n<p class=\"wp-block-paragraph\"><\/p>\n\n\n\n<p class=\"wp-block-paragraph\"><\/p>\n\n\n\n<p class=\"wp-block-paragraph\"><\/p>\n\n\n\n<p class=\"wp-block-paragraph\"><\/p>\n","protected":false},"excerpt":{"rendered":"<p>&lt;Enregistr\u00e9 les 27 Octobre 2013 et 28 Aout 2014&gt; La Patronne de Fribourg m&rsquo;avait dit qu&rsquo;il y avait d\u00e9j\u00e0 trois de ses coiffeuses qui \u00e9taient parti l\u00e0-bas, \u00e0 Bern&#8230;&#8211; Ben tiens, il recherche de nouveau des coiffeuses&#8230;Elles tiennent trois mois, maximum six mois et il les fout dehors, ou alors il leur fait une telle [&hellip;]<\/p>\n","protected":false},"author":1,"featured_media":0,"parent":0,"menu_order":0,"comment_status":"open","ping_status":"closed","template":"pages-chapitre-06","meta":{"footnotes":""},"class_list":["post-1264","page","type-page","status-publish","hentry"],"jetpack_sharing_enabled":true,"_links":{"self":[{"href":"https:\/\/mercigracias.ch\/index.php?rest_route=\/wp\/v2\/pages\/1264","targetHints":{"allow":["GET"]}}],"collection":[{"href":"https:\/\/mercigracias.ch\/index.php?rest_route=\/wp\/v2\/pages"}],"about":[{"href":"https:\/\/mercigracias.ch\/index.php?rest_route=\/wp\/v2\/types\/page"}],"author":[{"embeddable":true,"href":"https:\/\/mercigracias.ch\/index.php?rest_route=\/wp\/v2\/users\/1"}],"replies":[{"embeddable":true,"href":"https:\/\/mercigracias.ch\/index.php?rest_route=%2Fwp%2Fv2%2Fcomments&post=1264"}],"version-history":[{"count":9,"href":"https:\/\/mercigracias.ch\/index.php?rest_route=\/wp\/v2\/pages\/1264\/revisions"}],"predecessor-version":[{"id":4763,"href":"https:\/\/mercigracias.ch\/index.php?rest_route=\/wp\/v2\/pages\/1264\/revisions\/4763"}],"wp:attachment":[{"href":"https:\/\/mercigracias.ch\/index.php?rest_route=%2Fwp%2Fv2%2Fmedia&parent=1264"}],"curies":[{"name":"wp","href":"https:\/\/api.w.org\/{rel}","templated":true}]}}

<p class="wp-block-paragraph">&lt;Enregistré les 27 Octobre 2013 et 28 Aout 2014&gt;</p>



<p class="wp-block-paragraph">La Patronne de Fribourg m&rsquo;avait dit qu&rsquo;il y avait déjà trois de ses coiffeuses qui étaient parti là-bas, à Bern&#8230;<br>&#8211; Ben tiens, il recherche de nouveau des coiffeuses&#8230;<br>Elles tiennent trois mois, maximum six mois et il les fout dehors, ou alors il leur fait une telle vie qu&rsquo;elles ne tiennent pas, et au bout de six mois elles partent&#8230; Ben voilà, encore une annonce !</p>



<p class="wp-block-paragraph">Là-dessus je me suis dit : <br>&#8211; Bon bon&#8230; Et bien toi, tu vas devoir partir ! Tu devras chercher, et si tu n&rsquo;a pas encore tout connu ici, la Patronne avec ses clefs, elle qui faisait trembler tout le monde, et au salon avec toutes ces hystériques&#8230; <br>Et bien il va falloir aller chercher plus loin&#8230; !</p>



<p class="wp-block-paragraph">Alors je regarde bien là où elle regarde&#8230; Bon d&rsquo;accord, je fais mine de rien, je suis la Patronne quand elle part dans le corridor mettre son journal à la réception et là, sur le comptoir elle pose dessus des trucs&#8230;</p>



<p class="wp-block-paragraph">C&rsquo;était juste en face des toilettes, parce qu&rsquo;on n&rsquo;osait pas prendre les journaux, hein&#8230; c&rsquo;était juste pour les clients, notre place n&rsquo;était pas là&#8230; <br>Et au moment où elle tourne le dos&#8230; tac, je t&rsquo;arrache le journal, et je pars aux toilettes&#8230; Je prends en même temps, un crayon, du papier, et sur le siège des toilettes je réécris l&rsquo;adresse de l&rsquo;annonce, le numéro de téléphone, et là dans ma tête je me dis :<br>&#8211; Voilà tout se met en place, c&rsquo;est là que je vais aller travailler !</p>



<p class="wp-block-paragraph">Je me disais que si il y avait encore pire ailleurs que ce que j&rsquo;avais déjà vécu, avec toute l&#8217;emprise qu&rsquo;on avait eu sur moi, que je voulais voir ce que c&rsquo;était&#8230;</p>



<p class="wp-block-paragraph">Et ben je voulais y aller&#8230; Je voulais voir. Je voulais voir le maximum !<br>Parce qu&rsquo;après ça, ce serait fini ! Je ne voulais plus me laisser dompter, ni diriger par ces gens qui me faisaient la loi et qui m&rsquo;effrayaient, qui me terrorisaient, et qui me mettaient une emprise dans tous les sens.</p>



<p class="wp-block-paragraph">Alors Je me suis dit, allons y !<br>Même si tu n&rsquo;as pas fini ton apprentissage, ah oui ? Oui voilà&#8230; <br>Mais là-bas, ce sera Bern, tu auras ton papier, et tu vas dire&#8230; NON !</p>



<p class="wp-block-paragraph">Parce qu&rsquo;on me disait toujours : <br>&#8211; Ah mais, tais toi ! &#8230;Fais ton papier après tu discuteras !</p>



<p class="wp-block-paragraph">Oui, fais ton papier, après on discutera. Alors je me suis dit :<br>&#8211; Oui, j&rsquo;irai chez celui-là et j&rsquo;aurai mon papier, et je discuterai&nbsp;!</p>



<p class="wp-block-paragraph">Et si c&rsquo;est quelqu&rsquo;un qui fiche tout le monde dehors&#8230;?<br>Il parait que c&rsquo;est un hystérique, qu&rsquo;il fiche les brosses à la figure des gens&#8230; Et bien je me suis dit : <br>&#8211; Va chez celui-là, c&rsquo;est chez personne d&rsquo;autre que je dois aller.</p>



<p class="wp-block-paragraph">Et quand j&rsquo;allais partir à Bern pour l&rsquo;entretien, Maman me dit :<br>&#8211; Mais moi, je veux venir avec toi&#8230;!</p>



<p class="wp-block-paragraph">Alors là, je lui ai dit : <br>&#8211; Non, non&#8230; Je finirai mon papier, mais je vais discuter toute seule, maintenant !</p>



<p class="wp-block-paragraph">J&rsquo;ai ma place.</p>



<p class="wp-block-paragraph">Je me souviens, quand il m&rsquo;avait donné rendez-vous, c&rsquo;était dans le restaurant juste en dessous du salon de coiffure&#8230; Alors je lui ai dit :<br>&#8211; Voilà&#8230; J&rsquo;ai bien lu votre annonce, première coiffeuse à Bern, assistante à Bern et première coiffeuse au Palace, à Gstaad&#8230;</p>



<p class="wp-block-paragraph">Et je rajoute :<br>Mais moi ce que j&rsquo;aimerais surtout c&rsquo;est d&rsquo;aller comme première coiffeuse au Palace&#8230; à Gstaad, et que je venais de l&rsquo;institut de Fribourg&#8230; de Fribourg&#8230;! (Rire)</p>



<p class="wp-block-paragraph" id="block-758882c5-06f7-44fe-b5f0-9cc00f1836d6">Alors il me dit :<br>&#8211; Alors vous ! &#8230;Vous me plaisez !</p>



<p class="wp-block-paragraph" id="block-758882c5-06f7-44fe-b5f0-9cc00f1836d6">On commence tout de suite&#8230; Vous finissez votre apprentissage tout de suite.<br>&#8211; Je finis le 1er Août à Fribourg&#8230;<br>&#8211; Alors vous commencez le 1er Août&#8230;</p>



<p class="wp-block-paragraph" id="block-758882c5-06f7-44fe-b5f0-9cc00f1836d6">&#8211; Ah Non&#8230; Je commencerai le 1er Septembre, le mois d&rsquo;août il est à moi&#8230;<br>&#8211; D&rsquo;accord&#8230; le 1er Septembre !</p>



<p class="wp-block-paragraph" id="block-51c4b9f7-5928-44eb-bb12-075b8d6ef06c">Michelangelo, c&rsquo;était le plus haut de Bern, et mon Père c&rsquo;était aussi à Bern, qu&rsquo;il avait été, tu vois&#8230;?</p>



<p class="wp-block-paragraph" id="block-51c4b9f7-5928-44eb-bb12-075b8d6ef06c">C&rsquo;était le plus haut de Bern, et il avait aussi un salon au Palace de Gstaad&#8230; Il avait la totale, même s&rsquo;il était fou !<br>Mais il transmettrait le maximum au niveau de la coiffure&#8230;</p>



<p class="wp-block-paragraph" id="block-3cca6b2d-5c53-4306-ab90-4fc8a888dee9">Si j&rsquo;étais là, à trembler devant la Patronne de Fribourg, car on était tous terrorisés quand elle faisait aller ses clefs&#8230; et aussi par rapport à ce qu&rsquo;elle était&#8230; Ce n&rsquo;était jamais assez bien, comme les trucs de mon Père, jamais assez mouliné&#8230; Mais Michelangelo, c&rsquo;était soi-disant encore plus, c&rsquo;est pour ça que je voulais y aller&#8230;!</p>



<p class="wp-block-paragraph" id="block-3cca6b2d-5c53-4306-ab90-4fc8a888dee9">C&rsquo;était le plafond&#8230; et je voulais voir ce que c&rsquo;était « le pire »&#8230; car si avec les gens que j&rsquo;avais vu jusqu&rsquo;à maintenant, il y avait encore pire&#8230; Ben je voulais voir ce que c&rsquo;était, le pire&#8230;</p>



<p class="wp-block-paragraph" id="block-347699af-a132-4bde-8b85-1864ef0a67d8">Je n&rsquo;avais pas de limites, ça m&rsquo;était égal, ce que je vivais. Mais je voulais y aller. Tu seras tranquille après&#8230; <br>Ah&#8230; On te dit que c&rsquo;est encore pire ? Alors tu vas confronter le pire ! <br>Tu n&rsquo;as pas vu le pire jusqu&rsquo;ici ? Mais alors c&rsquo;est quand le pire ?</p>



<p class="wp-block-paragraph" id="block-347699af-a132-4bde-8b85-1864ef0a67d8">C&rsquo;est où que ça s&rsquo;arrête&#8230; ? </p>



<p class="wp-block-paragraph" id="block-347699af-a132-4bde-8b85-1864ef0a67d8">Pour savoir que finalement, l&rsquo;enfance que j&rsquo;avais vécue, ce n&rsquo;était pas encore le pire&#8230;?</p>



<p class="wp-block-paragraph" id="block-5102701d-eae8-4a3c-adab-1bd447f206c1">Tu vois, j&rsquo;avais vu vivre la famille de notre boulanger d&rsquo;enfance, comment c&rsquo;était avec les petits pains, le confort, les machins&#8230; et là par rapport à ce que tu vis, on te dit&#8230; mais là encore, ce n&rsquo;est rien&#8230;?</p>



<p class="wp-block-paragraph" id="block-08c47095-c31f-4981-9112-8cf92b16908b">Tu n&rsquo;as encore rien vu ? Mais alors va voir&#8230; Bon ok&#8230; alors tu vas y aller !</p>



<p class="wp-block-paragraph" id="block-3c7399ba-2591-4aaa-a1fa-17c0ec509d62">Tu vois, de partir à 13 ans&#8230; d&rsquo;arriver au village dans l&rsquo;état où on était&#8230; D&rsquo;arriver au salon de Fribourg où la Patronne était un tyran et encore qu&rsquo;elle te disait qu&rsquo;il y avait encore pire ?</p>



<p class="wp-block-paragraph" id="block-6dcb8383-9a07-4304-94bb-d8e2befb1d7d">Je voulais continuer d&rsquo;apprendre&#8230; Je ne finissais pas mon apprentissage, j&rsquo;avais encore des choses à apprendre !</p>



<p class="wp-block-paragraph" id="block-3eccff0a-9649-4830-a464-a5032f37113f">Je devais aller apprendre, pour comprendre et savoir&#8230;</p>



<p class="wp-block-paragraph"></p>



<p class="wp-block-paragraph"></p>



<p class="wp-block-paragraph"></p>



<p class="wp-block-paragraph"></p>

<p>&lt;Enregistré les 27 Octobre 2013 et 28 Aout 2014&gt; La Patronne de Fribourg m&rsquo;avait dit qu&rsquo;il y avait déjà trois de ses coiffeuses qui étaient parti là-bas, à Bern&#8230;&#8211; Ben tiens, il recherche de nouveau des coiffeuses&#8230;Elles tiennent trois mois, maximum six mois et il les fout dehors, ou alors il leur fait une telle [&hellip;]</p>
