{"id":1269,"date":"2026-02-11T22:38:33","date_gmt":"2026-02-11T22:38:33","guid":{"rendered":"https:\/\/mercigracias.ch\/?page_id=1269"},"modified":"2026-06-19T20:32:24","modified_gmt":"2026-06-19T20:32:24","slug":"lentretien","status":"publish","type":"page","link":"https:\/\/mercigracias.ch\/?page_id=1269","title":{"rendered":"L&rsquo;entretien"},"content":{"rendered":"\n<p class=\"wp-block-paragraph\">&lt;Enregistr\u00e9 les 27 Octobre 2013 et 28 Aout 2014&gt;<\/p>\n\n\n\n<p class=\"wp-block-paragraph\">Je n&rsquo;avais jamais compris pourquoi il s&rsquo;\u00e9tait pris autant la t\u00eate par rapport \u00e0 moi, qu&rsquo;est ce que j&rsquo;avais fait pour qu&rsquo;il se prenne autant la t\u00eate&#8230; Tant que j&rsquo;ai \u00e9t\u00e9 chez lui, je ne comprenais pas, et il m&rsquo;a fallu longtemps pour comprendre&#8230;<\/p>\n\n\n\n<p class=\"wp-block-paragraph\">Qu&rsquo;est ce qui faisait que je lui avais pris autant la t\u00eate&#8230;<\/p>\n\n\n\n<p class=\"wp-block-paragraph\">&#8211; <em>Et maintenant tu penses avoir trouv\u00e9 ?<\/em> <br>&#8211; Oui, je pense quand m\u00eame&#8230; Parce que tu vois, quand je suis arriv\u00e9e \u00e0 Fribourg, c&rsquo;\u00e9tait la r\u00e9volution, quand la Patronne  arrivait, tout le monde avait la trouille !<\/p>\n\n\n\n<p class=\"wp-block-paragraph\">Alors quand la Patronne a lu cette annonce devant nous et qu&rsquo;elle nous a dit : <br>&#8211; Oh, regardez celui l\u00e0 ! <br>Tous les deux mois il cherche une coiffeuse, tous les deux mois ! <br>\u00c7a veut dire que tous les deux mois il y en a une dehors ! <br>Mais c&rsquo;est un fou&#8230; Moi l\u00e0-dedans, j&rsquo;ai deux coiffeuses que j&rsquo;ai envoy\u00e9es et les deux&#8230; elles n&rsquo;en pouvaient plus, c&rsquo;\u00e9tait vraiment&#8230; Il est vraiment extr\u00eame, il les pousse \u00e0 bout, et c&rsquo;est la cata !<\/p>\n\n\n\n<p class=\"wp-block-paragraph\">Quant \u00e0 moi, j&rsquo;en avais connue une \u00e0 Fribourg avec qui j&rsquo;avais travaill\u00e9 aussi&#8230; Et bien \u00e7a faisait d\u00e9j\u00e0 deux mois qu&rsquo;elle \u00e9tait loin&#8230;<br>Je ne sais plus comment elle s&rsquo;appelait&#8230; Elle avait d\u00e9j\u00e0 fini, et il l&rsquo;avait surement foutue dehors si elle avait fini&#8230; C&rsquo;\u00e9tait s\u00fbr !<\/p>\n\n\n\n<p class=\"wp-block-paragraph\">Je me suis dit : <br>&#8211; Ah celle l\u00e0, il l&rsquo;a d\u00e9j\u00e0 foutu dehors ? et toi tu as bient\u00f4t fini ici, on te demande d\u00e9j\u00e0 o\u00f9 tu vas aller apr\u00e8s ton apprentissage ? <br>Ah ben c&rsquo;est l\u00e0-bas&#8230; Il y aura au moins du mouvement. <br>Tu vas apprendre quelque chose, quoi ! <br>S&rsquo;il est comme \u00e7a coriace, tu auras du caract\u00e8re, tu auras des choses encore \u00e0 apprendre !<\/p>\n\n\n\n<p class=\"wp-block-paragraph\">Il fallait que je note l&rsquo;annonce&#8230; La Patronne partait au laboratoire,<br>Je me suis dit : <br>&#8211; Elle va o\u00f9 avec son carnet&#8230;?<br>Je la vois partir avec son petit livre de coiffeur, dans lequel il y avait les annonces des coiffeurs qu&rsquo;ils recherchaient&#8230; Elle le met sur la table de la r\u00e9ception&#8230; Vite, d\u00e8s qu&rsquo;elle a eu le dos tourn\u00e9, tac je ramasse le cahier, parce qu&rsquo;on n&rsquo;osait pas les apprenties aller l\u00e0-bas&#8230; On \u00e9tait bien viss\u00e9 !<br>Je pars aux toilettes, je prends une petite feuille, et j&rsquo;ai not\u00e9 les coordonn\u00e9es.<\/p>\n\n\n\n<p class=\"wp-block-paragraph\">Voil\u00e0, l\u00e0&#8230; je sais o\u00f9 je vais maintenant&#8230;<br>Quand tout \u00e9tait pr\u00eat, j&rsquo;ai d\u00e9pos\u00e9 mon machin&#8230;et je suis rentr\u00e9e&#8230; j&rsquo;ai d\u00e9cid\u00e9 d&rsquo;\u00e9crire ma lettre, moi m\u00eame, pour moi c&rsquo;\u00e9tait l\u00e0-bas&#8230;<\/p>\n\n\n\n<p class=\"wp-block-paragraph\">Il m&rsquo;a r\u00e9pondu qu&rsquo;il avait re\u00e7u mon courrier et qu&rsquo;il m&rsquo;attendait pour aller me pr\u00e9senter, \u00e0 telle et telle date.<\/p>\n\n\n\n<p class=\"wp-block-paragraph\">Alors maman, qui avait appris qu&rsquo;il m&rsquo;avait r\u00e9pondu favorablement, elle me dit :<br>&#8211; Tu vas te pr\u00e9senter \u00e0 Bern&#8230; ? Je viens avec toi&#8230;<br>&#8211; Non mais tu te fous de moi ou bien ? Que je lui ai r\u00e9pondu&#8230;<br>Quand on \u00e9tait au Buffet, tu m&rsquo;envoies visiter ma s\u0153ur toute seule en train \u00e0 Bern, et maintenant \u00e0 19 ans, tu veux m&rsquo;accompagner&#8230; ?<\/p>\n\n\n\n<p class=\"wp-block-paragraph\">&#8211; Oui, mais c&rsquo;est un patron !<br>&#8211; Non mais c&rsquo;est pas toi qui va d\u00e9cider du patron que je vais choisir, maintenant !? \u00c7a c&rsquo;est fini, le patron c&rsquo;est moi !<\/p>\n\n\n\n<p class=\"wp-block-paragraph\">C&rsquo;est moi qui vais voir sa t\u00eate, et c&rsquo;est moi qui vais d\u00e9cider, si je le veux ou si je ne le veux pas&#8230;! Voil\u00e0 quoi, enfin, c&rsquo;\u00e9tait le comble&#8230;.(Rire)<\/p>\n\n\n\n<p class=\"wp-block-paragraph\">Quand je suis arriv\u00e9e il voulait que je commence le 1 er Ao\u00fbt,  puisque je finissais \u00e0 Fribourg le 31 juillet.<\/p>\n\n\n\n<p class=\"wp-block-paragraph\">J&rsquo;ai dit :<br>&#8211; Non non, je fais un mois de vacances ! <br>J&rsquo;aurai fini mon apprentissage, maintenant \u00e7a sera pour moi&#8230;<\/p>\n\n\n\n<p class=\"wp-block-paragraph\">Il voulait absolument, mais j&rsquo;ai dit :<br>&#8211; Non non ! Je commence l\u00e0&#8230; <\/p>\n\n\n\n<p class=\"wp-block-paragraph\">Mais d\u00e9j\u00e0 ce jour l\u00e0, il s&rsquo;\u00e9tait dit : <br>&#8211; Ah mais quel caract\u00e8re&#8230; <\/p>\n\n\n\n<p class=\"wp-block-paragraph\">Parce qu&rsquo;il n&rsquo;avait pas pu me faire commencer au 1er Ao\u00fbt&#8230; <br>Alors quand j&rsquo;ai commenc\u00e9, je me souviens&#8230; il d\u00e9cidait du costume de tout le monde&#8230;Alors il avait d\u00e9cid\u00e9 que c&rsquo;\u00e9tait l&rsquo;ambiance kaki&#8230; <br>Comment on appelle ceux qui ont des ambiances kaki qui sont dans la jungle ? Ah&#8230; Safari !<\/p>\n\n\n\n<p class=\"wp-block-paragraph\">Tout le mode \u00e9tait en Safari l\u00e0-dedans&#8230; Tout le monde travaillait en uniforme kaki&#8230; Il d\u00e9cidait des ambiances.<br>Voil\u00e0 ok, j&rsquo;allais commencer mon mois d&rsquo;essai&#8230;<\/p>\n\n\n\n<p class=\"wp-block-paragraph\">Je me dis : <br>&#8211; Alors allons y pour un mois&#8230;<\/p>\n\n\n\n<p class=\"wp-block-paragraph\">Les premiers jours, je me suis dit :<br>&#8211; Ah ben alors l\u00e0, \u00e7a discute sec ! <\/p>\n\n\n\n<p class=\"wp-block-paragraph\">Pour rentrer&#8230; Vous savez faire \u00e7a ?&#8230; Vous savez faire \u00e7a ?&#8230;<br>Et \u00e7a, vous savez faire ? <\/p>\n\n\n\n<p class=\"wp-block-paragraph\">&#8230;et puis, si je ne sais pas faire, vous faites quoi ? Que je me suis dit&#8230; Alors \u00e7a sera oui pour tout, comme \u00e7a&#8230; <\/p>\n\n\n\n<p class=\"wp-block-paragraph\">D\u00e9j\u00e0 quand j&rsquo;\u00e9tais all\u00e9e me pr\u00e9senter, il m&rsquo;avait dit :<br>&#8211; Mais vous avez votre dipl\u00f4me ?<\/p>\n\n\n\n<p class=\"wp-block-paragraph\">Je lui avais dit : <br>&#8211; Ben non, je n&rsquo;ai pas encore mon dipl\u00f4me&#8230; J&rsquo;ai vu votre annonce maintenant. Mais, je le passe au mois de juin.<\/p>\n\n\n\n<p class=\"wp-block-paragraph\">Quand j&rsquo;ai vu l&rsquo;annonce c&rsquo;\u00e9tait en avril ou d\u00e9but mai&#8230;<br>Il m&rsquo;avait dit : <br>&#8211; Ah et bien \u00e7a serait bien que vous ayez votre dipl\u00f4me&#8230;<br>&#8211; ben oui, j&rsquo;aurai mon dipl\u00f4me !<\/p>\n\n\n\n<p class=\"wp-block-paragraph\">\u00c7a devait \u00eatre au mois de Mai, et il \u00e9tait d\u00e9j\u00e0 tr\u00e8s surpris que je vienne me pr\u00e9senter sans l&rsquo;avoir&#8230; Parce qu&rsquo;il cherchait deux coiffeuses&#8230; soit pour Bern soit pour Gstaad, \u00e0 l&rsquo;\u00e9poque.<\/p>\n\n\n\n<p class=\"wp-block-paragraph\">Alors j&rsquo;ai rajout\u00e9 : <br>&#8211; Ecoutez, euh&#8230; Et bien \u00e7a va pour Bern, mais en fin de compte, je pr\u00e9f\u00e9rerais Gstaad&#8230;<\/p>\n\n\n\n<p class=\"wp-block-paragraph\">Malheureusement, il m&rsquo;a dit :<br>&#8211; Non pour Gstaad \u00e7a ne sera pas possible parce que je veux voir en premier ceux que je vais envoyer \u00e0 Gstaad&#8230; Je veux les voir travailler \u00e0 Bern.<\/p>\n\n\n\n<p class=\"wp-block-paragraph\">Mais c&rsquo;\u00e9tait quand m\u00eame parti, l\u00e0 o\u00f9 j&rsquo;avais d\u00e9cid\u00e9&#8230;<\/p>\n\n\n\n<p class=\"wp-block-paragraph\">Mais je n&rsquo;avais jamais compris jusqu&rsquo;\u00e0 ce jour qu&rsquo;en fin de compte, je savais ce que je voulais&#8230;!<\/p>\n\n\n\n<p class=\"wp-block-paragraph\">Quant \u00e0 Gstaad, l&rsquo;avenir allait me l&rsquo;apporter sur un plateau&#8230;<\/p>\n\n\n\n<p class=\"wp-block-paragraph\">Merci Gracias<\/p>\n","protected":false},"excerpt":{"rendered":"<p>&lt;Enregistr\u00e9 les 27 Octobre 2013 et 28 Aout 2014&gt; Je n&rsquo;avais jamais compris pourquoi il s&rsquo;\u00e9tait pris autant la t\u00eate par rapport \u00e0 moi, qu&rsquo;est ce que j&rsquo;avais fait pour qu&rsquo;il se prenne autant la t\u00eate&#8230; Tant que j&rsquo;ai \u00e9t\u00e9 chez lui, je ne comprenais pas, et il m&rsquo;a fallu longtemps pour comprendre&#8230; Qu&rsquo;est ce [&hellip;]<\/p>\n","protected":false},"author":1,"featured_media":0,"parent":0,"menu_order":0,"comment_status":"open","ping_status":"closed","template":"pages-chapitre-06","meta":{"footnotes":""},"class_list":["post-1269","page","type-page","status-publish","hentry"],"jetpack_sharing_enabled":true,"_links":{"self":[{"href":"https:\/\/mercigracias.ch\/index.php?rest_route=\/wp\/v2\/pages\/1269","targetHints":{"allow":["GET"]}}],"collection":[{"href":"https:\/\/mercigracias.ch\/index.php?rest_route=\/wp\/v2\/pages"}],"about":[{"href":"https:\/\/mercigracias.ch\/index.php?rest_route=\/wp\/v2\/types\/page"}],"author":[{"embeddable":true,"href":"https:\/\/mercigracias.ch\/index.php?rest_route=\/wp\/v2\/users\/1"}],"replies":[{"embeddable":true,"href":"https:\/\/mercigracias.ch\/index.php?rest_route=%2Fwp%2Fv2%2Fcomments&post=1269"}],"version-history":[{"count":10,"href":"https:\/\/mercigracias.ch\/index.php?rest_route=\/wp\/v2\/pages\/1269\/revisions"}],"predecessor-version":[{"id":4765,"href":"https:\/\/mercigracias.ch\/index.php?rest_route=\/wp\/v2\/pages\/1269\/revisions\/4765"}],"wp:attachment":[{"href":"https:\/\/mercigracias.ch\/index.php?rest_route=%2Fwp%2Fv2%2Fmedia&parent=1269"}],"curies":[{"name":"wp","href":"https:\/\/api.w.org\/{rel}","templated":true}]}}

<p class="wp-block-paragraph">&lt;Enregistré les 27 Octobre 2013 et 28 Aout 2014&gt;</p>



<p class="wp-block-paragraph">Je n&rsquo;avais jamais compris pourquoi il s&rsquo;était pris autant la tête par rapport à moi, qu&rsquo;est ce que j&rsquo;avais fait pour qu&rsquo;il se prenne autant la tête&#8230; Tant que j&rsquo;ai été chez lui, je ne comprenais pas, et il m&rsquo;a fallu longtemps pour comprendre&#8230;</p>



<p class="wp-block-paragraph">Qu&rsquo;est ce qui faisait que je lui avais pris autant la tête&#8230;</p>



<p class="wp-block-paragraph">&#8211; <em>Et maintenant tu penses avoir trouvé ?</em> <br>&#8211; Oui, je pense quand même&#8230; Parce que tu vois, quand je suis arrivée à Fribourg, c&rsquo;était la révolution, quand la Patronne  arrivait, tout le monde avait la trouille !</p>



<p class="wp-block-paragraph">Alors quand la Patronne a lu cette annonce devant nous et qu&rsquo;elle nous a dit : <br>&#8211; Oh, regardez celui là ! <br>Tous les deux mois il cherche une coiffeuse, tous les deux mois ! <br>Ça veut dire que tous les deux mois il y en a une dehors ! <br>Mais c&rsquo;est un fou&#8230; Moi là-dedans, j&rsquo;ai deux coiffeuses que j&rsquo;ai envoyées et les deux&#8230; elles n&rsquo;en pouvaient plus, c&rsquo;était vraiment&#8230; Il est vraiment extrême, il les pousse à bout, et c&rsquo;est la cata !</p>



<p class="wp-block-paragraph">Quant à moi, j&rsquo;en avais connue une à Fribourg avec qui j&rsquo;avais travaillé aussi&#8230; Et bien ça faisait déjà deux mois qu&rsquo;elle était loin&#8230;<br>Je ne sais plus comment elle s&rsquo;appelait&#8230; Elle avait déjà fini, et il l&rsquo;avait surement foutue dehors si elle avait fini&#8230; C&rsquo;était sûr !</p>



<p class="wp-block-paragraph">Je me suis dit : <br>&#8211; Ah celle là, il l&rsquo;a déjà foutu dehors ? et toi tu as bientôt fini ici, on te demande déjà où tu vas aller après ton apprentissage ? <br>Ah ben c&rsquo;est là-bas&#8230; Il y aura au moins du mouvement. <br>Tu vas apprendre quelque chose, quoi ! <br>S&rsquo;il est comme ça coriace, tu auras du caractère, tu auras des choses encore à apprendre !</p>



<p class="wp-block-paragraph">Il fallait que je note l&rsquo;annonce&#8230; La Patronne partait au laboratoire,<br>Je me suis dit : <br>&#8211; Elle va où avec son carnet&#8230;?<br>Je la vois partir avec son petit livre de coiffeur, dans lequel il y avait les annonces des coiffeurs qu&rsquo;ils recherchaient&#8230; Elle le met sur la table de la réception&#8230; Vite, dès qu&rsquo;elle a eu le dos tourné, tac je ramasse le cahier, parce qu&rsquo;on n&rsquo;osait pas les apprenties aller là-bas&#8230; On était bien vissé !<br>Je pars aux toilettes, je prends une petite feuille, et j&rsquo;ai noté les coordonnées.</p>



<p class="wp-block-paragraph">Voilà, là&#8230; je sais où je vais maintenant&#8230;<br>Quand tout était prêt, j&rsquo;ai déposé mon machin&#8230;et je suis rentrée&#8230; j&rsquo;ai décidé d&rsquo;écrire ma lettre, moi même, pour moi c&rsquo;était là-bas&#8230;</p>



<p class="wp-block-paragraph">Il m&rsquo;a répondu qu&rsquo;il avait reçu mon courrier et qu&rsquo;il m&rsquo;attendait pour aller me présenter, à telle et telle date.</p>



<p class="wp-block-paragraph">Alors maman, qui avait appris qu&rsquo;il m&rsquo;avait répondu favorablement, elle me dit :<br>&#8211; Tu vas te présenter à Bern&#8230; ? Je viens avec toi&#8230;<br>&#8211; Non mais tu te fous de moi ou bien ? Que je lui ai répondu&#8230;<br>Quand on était au Buffet, tu m&rsquo;envoies visiter ma sœur toute seule en train à Bern, et maintenant à 19 ans, tu veux m&rsquo;accompagner&#8230; ?</p>



<p class="wp-block-paragraph">&#8211; Oui, mais c&rsquo;est un patron !<br>&#8211; Non mais c&rsquo;est pas toi qui va décider du patron que je vais choisir, maintenant !? Ça c&rsquo;est fini, le patron c&rsquo;est moi !</p>



<p class="wp-block-paragraph">C&rsquo;est moi qui vais voir sa tête, et c&rsquo;est moi qui vais décider, si je le veux ou si je ne le veux pas&#8230;! Voilà quoi, enfin, c&rsquo;était le comble&#8230;.(Rire)</p>



<p class="wp-block-paragraph">Quand je suis arrivée il voulait que je commence le 1 er Août,  puisque je finissais à Fribourg le 31 juillet.</p>



<p class="wp-block-paragraph">J&rsquo;ai dit :<br>&#8211; Non non, je fais un mois de vacances ! <br>J&rsquo;aurai fini mon apprentissage, maintenant ça sera pour moi&#8230;</p>



<p class="wp-block-paragraph">Il voulait absolument, mais j&rsquo;ai dit :<br>&#8211; Non non ! Je commence là&#8230; </p>



<p class="wp-block-paragraph">Mais déjà ce jour là, il s&rsquo;était dit : <br>&#8211; Ah mais quel caractère&#8230; </p>



<p class="wp-block-paragraph">Parce qu&rsquo;il n&rsquo;avait pas pu me faire commencer au 1er Août&#8230; <br>Alors quand j&rsquo;ai commencé, je me souviens&#8230; il décidait du costume de tout le monde&#8230;Alors il avait décidé que c&rsquo;était l&rsquo;ambiance kaki&#8230; <br>Comment on appelle ceux qui ont des ambiances kaki qui sont dans la jungle ? Ah&#8230; Safari !</p>



<p class="wp-block-paragraph">Tout le mode était en Safari là-dedans&#8230; Tout le monde travaillait en uniforme kaki&#8230; Il décidait des ambiances.<br>Voilà ok, j&rsquo;allais commencer mon mois d&rsquo;essai&#8230;</p>



<p class="wp-block-paragraph">Je me dis : <br>&#8211; Alors allons y pour un mois&#8230;</p>



<p class="wp-block-paragraph">Les premiers jours, je me suis dit :<br>&#8211; Ah ben alors là, ça discute sec ! </p>



<p class="wp-block-paragraph">Pour rentrer&#8230; Vous savez faire ça ?&#8230; Vous savez faire ça ?&#8230;<br>Et ça, vous savez faire ? </p>



<p class="wp-block-paragraph">&#8230;et puis, si je ne sais pas faire, vous faites quoi ? Que je me suis dit&#8230; Alors ça sera oui pour tout, comme ça&#8230; </p>



<p class="wp-block-paragraph">Déjà quand j&rsquo;étais allée me présenter, il m&rsquo;avait dit :<br>&#8211; Mais vous avez votre diplôme ?</p>



<p class="wp-block-paragraph">Je lui avais dit : <br>&#8211; Ben non, je n&rsquo;ai pas encore mon diplôme&#8230; J&rsquo;ai vu votre annonce maintenant. Mais, je le passe au mois de juin.</p>



<p class="wp-block-paragraph">Quand j&rsquo;ai vu l&rsquo;annonce c&rsquo;était en avril ou début mai&#8230;<br>Il m&rsquo;avait dit : <br>&#8211; Ah et bien ça serait bien que vous ayez votre diplôme&#8230;<br>&#8211; ben oui, j&rsquo;aurai mon diplôme !</p>



<p class="wp-block-paragraph">Ça devait être au mois de Mai, et il était déjà très surpris que je vienne me présenter sans l&rsquo;avoir&#8230; Parce qu&rsquo;il cherchait deux coiffeuses&#8230; soit pour Bern soit pour Gstaad, à l&rsquo;époque.</p>



<p class="wp-block-paragraph">Alors j&rsquo;ai rajouté : <br>&#8211; Ecoutez, euh&#8230; Et bien ça va pour Bern, mais en fin de compte, je préférerais Gstaad&#8230;</p>



<p class="wp-block-paragraph">Malheureusement, il m&rsquo;a dit :<br>&#8211; Non pour Gstaad ça ne sera pas possible parce que je veux voir en premier ceux que je vais envoyer à Gstaad&#8230; Je veux les voir travailler à Bern.</p>



<p class="wp-block-paragraph">Mais c&rsquo;était quand même parti, là où j&rsquo;avais décidé&#8230;</p>



<p class="wp-block-paragraph">Mais je n&rsquo;avais jamais compris jusqu&rsquo;à ce jour qu&rsquo;en fin de compte, je savais ce que je voulais&#8230;!</p>



<p class="wp-block-paragraph">Quant à Gstaad, l&rsquo;avenir allait me l&rsquo;apporter sur un plateau&#8230;</p>



<p class="wp-block-paragraph">Merci Gracias</p>

<p>&lt;Enregistré les 27 Octobre 2013 et 28 Aout 2014&gt; Je n&rsquo;avais jamais compris pourquoi il s&rsquo;était pris autant la tête par rapport à moi, qu&rsquo;est ce que j&rsquo;avais fait pour qu&rsquo;il se prenne autant la tête&#8230; Tant que j&rsquo;ai été chez lui, je ne comprenais pas, et il m&rsquo;a fallu longtemps pour comprendre&#8230; Qu&rsquo;est ce [&hellip;]</p>
