{"id":1281,"date":"2026-02-12T17:24:17","date_gmt":"2026-02-12T17:24:17","guid":{"rendered":"https:\/\/mercigracias.ch\/?page_id=1281"},"modified":"2026-07-12T17:26:46","modified_gmt":"2026-07-12T17:26:46","slug":"je-parle-allemand","status":"publish","type":"page","link":"https:\/\/mercigracias.ch\/?page_id=1281","title":{"rendered":"Je parle allemand !"},"content":{"rendered":"\n<p class=\"wp-block-paragraph\">&lt;Enregistr\u00e9 le 08 Ao\u00fbt 2014&gt;<\/p>\n\n\n\n<figure class=\"wp-block-audio\"><audio controls src=\"https:\/\/mercigracias.ch\/wp-content\/uploads\/2026\/02\/20140828-123631_JeParleAllemand.m4a\"><\/audio><\/figure>\n\n\n\n<p class=\"wp-block-paragraph\">Apr\u00e8s un premier mois d&rsquo;essai, il m&rsquo;appelle au bureau, il me dit :<br>&#8211; Voil\u00e0&nbsp;le mois d&rsquo;essai est fini maintenant&#8230;<\/p>\n\n\n\n<p class=\"wp-block-paragraph\">A cette \u00e9poque je n&rsquo;avais pas mon nom encore, je m&rsquo;appelais toujours avec mon pr\u00e9nom de bapt\u00eame, il fallait changer&#8230; <br>Il aurait bien voulu changer depuis le d\u00e9but, et je vois qu&rsquo;il commence \u00e0 m&rsquo;attaquer en me disant que j&rsquo;avais menti&#8230;<\/p>\n\n\n\n<p class=\"wp-block-paragraph\">Je m&rsquo;\u00e9tais annonc\u00e9e sachant parler l&rsquo;allemand&#8230; alors que je ne parlais pas l&rsquo;allemand, il me dit&nbsp;: <br>&#8211; H\u00ea\u00e9in &nbsp;! Vous dites quoi de \u00e7a&nbsp;? <\/p>\n\n\n\n<p class=\"wp-block-paragraph\">Tu sais \u00e7a, en bon Suisse-Allemand&#8230;<\/p>\n\n\n\n<p class=\"wp-block-paragraph\">-H\u00ea\u00e9in, vous dites quoi de \u00e7a&nbsp;? <\/p>\n\n\n\n<p class=\"wp-block-paragraph\">Je lui dis&nbsp;: (En imitant l&rsquo;accent Suisse-Allemand) <br>&#8211; H\u00ea\u00e9in , comme \u00e7a vous m&rsquo;auriez engag\u00e9e, si j&rsquo;avais dit, je ne parle pas l&rsquo;allemand&nbsp;?&#8230;(Rire)<\/p>\n\n\n\n<p class=\"wp-block-paragraph\">Il me r\u00e9pond&#8230; :<br>&#8211; Je ne sais pas&#8230; peut-\u00eatre que oui, peut-\u00eatre que non.<\/p>\n\n\n\n<p class=\"wp-block-paragraph\">Alors je lui dis : (Toujours avec l&rsquo;accent) <br>&#8211; Alors je voulais venir ici&#8230; J&rsquo;ai d\u00e9cid\u00e9 que je parlais l&rsquo;allemand et que vous verriez bien tr\u00e8s vite que je parlais pas l&rsquo;allemand&#8230; Maintenant, vous m&rsquo;avez dit, un mois&#8230; Maintenant vous d\u00e9cidez, oui ou non, si vous voulez que je reste ou pas.<\/p>\n\n\n\n<p class=\"wp-block-paragraph\">&#8211; Ah&#8230; Mais vous m&rsquo;avez menti quand m\u00eame&#8230; <br>&#8211; Oui, oui, je vous ai menti, mais maintenant vous d\u00e9cidez&#8230;<\/p>\n\n\n\n<p class=\"wp-block-paragraph\">C&rsquo;est apr\u00e8s \u00e7a, qu&rsquo;il est venu et qu&rsquo;il me dit&nbsp;: <br>&#8211; Voil\u00e0, OK&#8230; Je vais vous garder quand m\u00eame, mais alors on va discuter sur un contrat&#8230;<\/p>\n\n\n\n<p class=\"wp-block-paragraph\">Ben alors l\u00e0, va te faire voir, hein&nbsp;mon coco, tu crois que t&rsquo;as gagn\u00e9 la premi\u00e8re partie en me disant &#8230;crrr&#8230;crr&#8230;<\/p>\n\n\n\n<p class=\"wp-block-paragraph\">Je te mets le Stroumpf dessus, maintenant la deuxi\u00e8me couche, allez,&#8230; Non, non pas du tout&#8230;(Rire)<\/p>\n\n\n\n<p class=\"wp-block-paragraph\">&#8211; Mais maintenant vous pouvez y aller, vous \u00eates en droit de d\u00e9cider, si \u00e7a ne vous convient pas, ma foi, si \u00e7a ne vous convient pas&#8230;<\/p>\n\n\n\n<p class=\"wp-block-paragraph\">Voil\u00e0, on est deux parties \u00e9gales, ici dedans. Vous avez le droit de dire que \u00e7a ne vous convient pas et j&rsquo;ai aussi le droit de vous dire si \u00e7a ne me convient pas, \u00e0 moi&#8230;<\/p>\n\n\n\n<p class=\"wp-block-paragraph\">Et si Je vous dis que \u00e7a ne me convient pas&#8230; Alors maintenant, si \u00e7a ne vous convient pas, je m&rsquo;en vais aussi.<\/p>\n\n\n\n<p class=\"wp-block-paragraph\">C&rsquo;\u00e9tait une sacr\u00e9 le\u00e7on, parce que le jour o\u00f9 il m&rsquo;a vue me tirer, je lui avais dit :<br>&#8211; Non non, \u00e7a ?&#8230; \u00c7a ne me convient pas !<br>Je n&rsquo;ai pas de contrat, je t&#8217;emmerde, allez&#8230; Je me tire.<\/p>\n","protected":false},"excerpt":{"rendered":"<p>&lt;Enregistr\u00e9 le 08 Ao\u00fbt 2014&gt; Apr\u00e8s un premier mois d&rsquo;essai, il m&rsquo;appelle au bureau, il me dit :&#8211; Voil\u00e0&nbsp;le mois d&rsquo;essai est fini maintenant&#8230; A cette \u00e9poque je n&rsquo;avais pas mon nom encore, je m&rsquo;appelais toujours avec mon pr\u00e9nom de bapt\u00eame, il fallait changer&#8230; Il aurait bien voulu changer depuis le d\u00e9but, et je vois [&hellip;]<\/p>\n","protected":false},"author":1,"featured_media":0,"parent":0,"menu_order":0,"comment_status":"open","ping_status":"closed","template":"pages-chapitre-06","meta":{"footnotes":""},"class_list":["post-1281","page","type-page","status-publish","hentry"],"jetpack_sharing_enabled":true,"_links":{"self":[{"href":"https:\/\/mercigracias.ch\/index.php?rest_route=\/wp\/v2\/pages\/1281","targetHints":{"allow":["GET"]}}],"collection":[{"href":"https:\/\/mercigracias.ch\/index.php?rest_route=\/wp\/v2\/pages"}],"about":[{"href":"https:\/\/mercigracias.ch\/index.php?rest_route=\/wp\/v2\/types\/page"}],"author":[{"embeddable":true,"href":"https:\/\/mercigracias.ch\/index.php?rest_route=\/wp\/v2\/users\/1"}],"replies":[{"embeddable":true,"href":"https:\/\/mercigracias.ch\/index.php?rest_route=%2Fwp%2Fv2%2Fcomments&post=1281"}],"version-history":[{"count":6,"href":"https:\/\/mercigracias.ch\/index.php?rest_route=\/wp\/v2\/pages\/1281\/revisions"}],"predecessor-version":[{"id":5561,"href":"https:\/\/mercigracias.ch\/index.php?rest_route=\/wp\/v2\/pages\/1281\/revisions\/5561"}],"wp:attachment":[{"href":"https:\/\/mercigracias.ch\/index.php?rest_route=%2Fwp%2Fv2%2Fmedia&parent=1281"}],"curies":[{"name":"wp","href":"https:\/\/api.w.org\/{rel}","templated":true}]}}

<p class="wp-block-paragraph">&lt;Enregistré le 08 Août 2014&gt;</p>



<figure class="wp-block-audio"><audio controls src="https://mercigracias.ch/wp-content/uploads/2026/02/20140828-123631_JeParleAllemand.m4a"></audio></figure>



<p class="wp-block-paragraph">Après un premier mois d&rsquo;essai, il m&rsquo;appelle au bureau, il me dit :<br>&#8211; Voilà&nbsp;le mois d&rsquo;essai est fini maintenant&#8230;</p>



<p class="wp-block-paragraph">A cette époque je n&rsquo;avais pas mon nom encore, je m&rsquo;appelais toujours avec mon prénom de baptême, il fallait changer&#8230; <br>Il aurait bien voulu changer depuis le début, et je vois qu&rsquo;il commence à m&rsquo;attaquer en me disant que j&rsquo;avais menti&#8230;</p>



<p class="wp-block-paragraph">Je m&rsquo;étais annoncée sachant parler l&rsquo;allemand&#8230; alors que je ne parlais pas l&rsquo;allemand, il me dit&nbsp;: <br>&#8211; Hêéin &nbsp;! Vous dites quoi de ça&nbsp;? </p>



<p class="wp-block-paragraph">Tu sais ça, en bon Suisse-Allemand&#8230;</p>



<p class="wp-block-paragraph">-Hêéin, vous dites quoi de ça&nbsp;? </p>



<p class="wp-block-paragraph">Je lui dis&nbsp;: (En imitant l&rsquo;accent Suisse-Allemand) <br>&#8211; Hêéin , comme ça vous m&rsquo;auriez engagée, si j&rsquo;avais dit, je ne parle pas l&rsquo;allemand&nbsp;?&#8230;(Rire)</p>



<p class="wp-block-paragraph">Il me répond&#8230; :<br>&#8211; Je ne sais pas&#8230; peut-être que oui, peut-être que non.</p>



<p class="wp-block-paragraph">Alors je lui dis : (Toujours avec l&rsquo;accent) <br>&#8211; Alors je voulais venir ici&#8230; J&rsquo;ai décidé que je parlais l&rsquo;allemand et que vous verriez bien très vite que je parlais pas l&rsquo;allemand&#8230; Maintenant, vous m&rsquo;avez dit, un mois&#8230; Maintenant vous décidez, oui ou non, si vous voulez que je reste ou pas.</p>



<p class="wp-block-paragraph">&#8211; Ah&#8230; Mais vous m&rsquo;avez menti quand même&#8230; <br>&#8211; Oui, oui, je vous ai menti, mais maintenant vous décidez&#8230;</p>



<p class="wp-block-paragraph">C&rsquo;est après ça, qu&rsquo;il est venu et qu&rsquo;il me dit&nbsp;: <br>&#8211; Voilà, OK&#8230; Je vais vous garder quand même, mais alors on va discuter sur un contrat&#8230;</p>



<p class="wp-block-paragraph">Ben alors là, va te faire voir, hein&nbsp;mon coco, tu crois que t&rsquo;as gagné la première partie en me disant &#8230;crrr&#8230;crr&#8230;</p>



<p class="wp-block-paragraph">Je te mets le Stroumpf dessus, maintenant la deuxième couche, allez,&#8230; Non, non pas du tout&#8230;(Rire)</p>



<p class="wp-block-paragraph">&#8211; Mais maintenant vous pouvez y aller, vous êtes en droit de décider, si ça ne vous convient pas, ma foi, si ça ne vous convient pas&#8230;</p>



<p class="wp-block-paragraph">Voilà, on est deux parties égales, ici dedans. Vous avez le droit de dire que ça ne vous convient pas et j&rsquo;ai aussi le droit de vous dire si ça ne me convient pas, à moi&#8230;</p>



<p class="wp-block-paragraph">Et si Je vous dis que ça ne me convient pas&#8230; Alors maintenant, si ça ne vous convient pas, je m&rsquo;en vais aussi.</p>



<p class="wp-block-paragraph">C&rsquo;était une sacré leçon, parce que le jour où il m&rsquo;a vue me tirer, je lui avais dit :<br>&#8211; Non non, ça ?&#8230; Ça ne me convient pas !<br>Je n&rsquo;ai pas de contrat, je t&#8217;emmerde, allez&#8230; Je me tire.</p>

<p>&lt;Enregistré le 08 Août 2014&gt; Après un premier mois d&rsquo;essai, il m&rsquo;appelle au bureau, il me dit :&#8211; Voilà&nbsp;le mois d&rsquo;essai est fini maintenant&#8230; A cette époque je n&rsquo;avais pas mon nom encore, je m&rsquo;appelais toujours avec mon prénom de baptême, il fallait changer&#8230; Il aurait bien voulu changer depuis le début, et je vois [&hellip;]</p>
