{"id":1300,"date":"2026-02-13T07:24:53","date_gmt":"2026-02-13T07:24:53","guid":{"rendered":"https:\/\/mercigracias.ch\/?page_id=1300"},"modified":"2026-06-20T13:59:00","modified_gmt":"2026-06-20T13:59:00","slug":"le-jardin-denfants","status":"publish","type":"page","link":"https:\/\/mercigracias.ch\/?page_id=1300","title":{"rendered":"Le jardin d&rsquo;enfants"},"content":{"rendered":"\n<p class=\"wp-block-paragraph\">&lt;Enregistr\u00e9 le 27 juin 2021&gt;<\/p>\n\n\n\n<p class=\"wp-block-paragraph\">Lorsqu&rsquo;il m&rsquo;a rencontr\u00e9e j&rsquo;\u00e9tais en deuxi\u00e8me ann\u00e9e d&rsquo;apprentissage \u00e0 Fribourg, alors quand j&rsquo;ai quitt\u00e9 et que j&rsquo;ai d\u00e9cid\u00e9 d&rsquo;aller \u00e0 Bern, lui aussi il voulait amener son grain de sel l\u00e0-dedans&#8230; Je lui ai dit : <br>&#8211; Non non&#8230;!<\/p>\n\n\n\n<p class=\"wp-block-paragraph\">\u00c7a m&rsquo;a fait quelque chose, parce que lui aussi, il en r\u00eavait aussi, parce que Michelangelo, c&rsquo;\u00e9tait quelque chose ! Alors il \u00e9tait tr\u00e8s impressionn\u00e9 que je choisisse Michelangelo et que j&rsquo;aille me pr\u00e9senter l\u00e0-bas&#8230;<\/p>\n\n\n\n<p class=\"wp-block-paragraph\">Lui, il travaillait \u00e0 Mury, dans un petit salon de coiffure. C&rsquo;est comme \u00e7a que c&rsquo;est devenu son r\u00eave par la suite d&rsquo;avoir son salon de coiffure \u00e0 Bern&#8230;<\/p>\n\n\n\n<p class=\"wp-block-paragraph\">Je me souviens qu&rsquo;un jour, il est venu me chercher au salon de coiffure, il arrive et il me dit :<br>&#8211; Ah je voulais quand m\u00eame voir qui c&rsquo;\u00e9tait ce Michelangelo, dont tout le monde parle&#8230;<\/p>\n\n\n\n<p class=\"wp-block-paragraph\">Voil\u00e0&#8230; mais Michelangelo, il lui a dit : <br>&#8211; Mais vous \u00eates qui&#8230; ?<br>&#8211; Mais je viens chercher ma fianc\u00e9e&#8230;<\/p>\n\n\n\n<p class=\"wp-block-paragraph\">&#8211; Ah ?&#8230;Et bien, il ne faut pas revenir ! <br>Parce que vous attendez en bas, mais vous ne montez pas en haut, au salon. Ici, c&rsquo;est son lieu de travail&#8230; pas un jardin d&rsquo;enfant !(Rire)<\/p>\n","protected":false},"excerpt":{"rendered":"<p>&lt;Enregistr\u00e9 le 27 juin 2021&gt; Lorsqu&rsquo;il m&rsquo;a rencontr\u00e9e j&rsquo;\u00e9tais en deuxi\u00e8me ann\u00e9e d&rsquo;apprentissage \u00e0 Fribourg, alors quand j&rsquo;ai quitt\u00e9 et que j&rsquo;ai d\u00e9cid\u00e9 d&rsquo;aller \u00e0 Bern, lui aussi il voulait amener son grain de sel l\u00e0-dedans&#8230; Je lui ai dit : &#8211; Non non&#8230;! \u00c7a m&rsquo;a fait quelque chose, parce que lui aussi, il en [&hellip;]<\/p>\n","protected":false},"author":1,"featured_media":0,"parent":0,"menu_order":0,"comment_status":"open","ping_status":"closed","template":"pages-chapitre-06","meta":{"footnotes":""},"class_list":["post-1300","page","type-page","status-publish","hentry"],"jetpack_sharing_enabled":true,"_links":{"self":[{"href":"https:\/\/mercigracias.ch\/index.php?rest_route=\/wp\/v2\/pages\/1300","targetHints":{"allow":["GET"]}}],"collection":[{"href":"https:\/\/mercigracias.ch\/index.php?rest_route=\/wp\/v2\/pages"}],"about":[{"href":"https:\/\/mercigracias.ch\/index.php?rest_route=\/wp\/v2\/types\/page"}],"author":[{"embeddable":true,"href":"https:\/\/mercigracias.ch\/index.php?rest_route=\/wp\/v2\/users\/1"}],"replies":[{"embeddable":true,"href":"https:\/\/mercigracias.ch\/index.php?rest_route=%2Fwp%2Fv2%2Fcomments&post=1300"}],"version-history":[{"count":5,"href":"https:\/\/mercigracias.ch\/index.php?rest_route=\/wp\/v2\/pages\/1300\/revisions"}],"predecessor-version":[{"id":4773,"href":"https:\/\/mercigracias.ch\/index.php?rest_route=\/wp\/v2\/pages\/1300\/revisions\/4773"}],"wp:attachment":[{"href":"https:\/\/mercigracias.ch\/index.php?rest_route=%2Fwp%2Fv2%2Fmedia&parent=1300"}],"curies":[{"name":"wp","href":"https:\/\/api.w.org\/{rel}","templated":true}]}}

<p class="wp-block-paragraph">&lt;Enregistré le 27 juin 2021&gt;</p>



<p class="wp-block-paragraph">Lorsqu&rsquo;il m&rsquo;a rencontrée j&rsquo;étais en deuxième année d&rsquo;apprentissage à Fribourg, alors quand j&rsquo;ai quitté et que j&rsquo;ai décidé d&rsquo;aller à Bern, lui aussi il voulait amener son grain de sel là-dedans&#8230; Je lui ai dit : <br>&#8211; Non non&#8230;!</p>



<p class="wp-block-paragraph">Ça m&rsquo;a fait quelque chose, parce que lui aussi, il en rêvait aussi, parce que Michelangelo, c&rsquo;était quelque chose ! Alors il était très impressionné que je choisisse Michelangelo et que j&rsquo;aille me présenter là-bas&#8230;</p>



<p class="wp-block-paragraph">Lui, il travaillait à Mury, dans un petit salon de coiffure. C&rsquo;est comme ça que c&rsquo;est devenu son rêve par la suite d&rsquo;avoir son salon de coiffure à Bern&#8230;</p>



<p class="wp-block-paragraph">Je me souviens qu&rsquo;un jour, il est venu me chercher au salon de coiffure, il arrive et il me dit :<br>&#8211; Ah je voulais quand même voir qui c&rsquo;était ce Michelangelo, dont tout le monde parle&#8230;</p>



<p class="wp-block-paragraph">Voilà&#8230; mais Michelangelo, il lui a dit : <br>&#8211; Mais vous êtes qui&#8230; ?<br>&#8211; Mais je viens chercher ma fiancée&#8230;</p>



<p class="wp-block-paragraph">&#8211; Ah ?&#8230;Et bien, il ne faut pas revenir ! <br>Parce que vous attendez en bas, mais vous ne montez pas en haut, au salon. Ici, c&rsquo;est son lieu de travail&#8230; pas un jardin d&rsquo;enfant !(Rire)</p>

<p>&lt;Enregistré le 27 juin 2021&gt; Lorsqu&rsquo;il m&rsquo;a rencontrée j&rsquo;étais en deuxième année d&rsquo;apprentissage à Fribourg, alors quand j&rsquo;ai quitté et que j&rsquo;ai décidé d&rsquo;aller à Bern, lui aussi il voulait amener son grain de sel là-dedans&#8230; Je lui ai dit : &#8211; Non non&#8230;! Ça m&rsquo;a fait quelque chose, parce que lui aussi, il en [&hellip;]</p>
