{"id":1306,"date":"2026-02-13T08:42:18","date_gmt":"2026-02-13T08:42:18","guid":{"rendered":"https:\/\/mercigracias.ch\/?page_id=1306"},"modified":"2026-06-20T14:11:49","modified_gmt":"2026-06-20T14:11:49","slug":"mais-taisez-vous","status":"publish","type":"page","link":"https:\/\/mercigracias.ch\/?page_id=1306","title":{"rendered":"Mais taisez vous !"},"content":{"rendered":"\n<p class=\"wp-block-paragraph\">&lt;Enregistr\u00e9 le 15 Mai 2015&gt;<\/p>\n\n\n\n<figure class=\"wp-block-audio\"><audio controls src=\"https:\/\/mercigracias.ch\/wp-content\/uploads\/2026\/02\/20150515-220146_MaisTaisezVous.m4a\"><\/audio><\/figure>\n\n\n\n<p class=\"wp-block-paragraph\">Les gens l\u00e0-bas, n&rsquo;ont jamais compris pourquoi il se mettait dans des \u00e9tats pareils et moi non plus, et surtout pourquoi depuis le d\u00e9but je lui prenais autant la t\u00eate&#8230;<\/p>\n\n\n\n<p class=\"wp-block-paragraph\">Quand je suis arriv\u00e9e l\u00e0-bas, au d\u00e9but j&rsquo;\u00e9tais en train de coiffer une personne en \u00e9tant assistante, \u00e0 la position de&#8230; \u00ab\u00a0Madame a les restes de Monsieur\u00a0\u00bb&#8230;<\/p>\n\n\n\n<p class=\"wp-block-paragraph\">Alors \u00e0 chaque fois, il fallait demander&#8230; Il y avait le BundesZeitung, le journal principal, mais d&rsquo;abord quand ils arrivaient, ils devaient d\u00e9j\u00e0 se d\u00e9shabiller, enlever leur blouse, leur chemise, mettre un autre peignoir plus grand dessus&#8230; Tu vois, c&rsquo;\u00e9tait le grand jeu et apr\u00e8s, il y avait tous les miroirs qui \u00e9taient rang\u00e9s sur la coiffeuse&#8230;<\/p>\n\n\n\n<p class=\"wp-block-paragraph\">Mais surtout, tu ne parlais pas avec les gens !<\/p>\n\n\n\n<p class=\"wp-block-paragraph\">Les gens, ils \u00e9coutaient soit la musique et les 8 heures&#8230; <br>Les chanteurs qu&rsquo;ils aimaient beaucoup, sinon c&rsquo;\u00e9tait le silence.<\/p>\n\n\n\n<p class=\"wp-block-paragraph\">On \u00e9coutait la musique, le journal c&rsquo;\u00e9tait tout.<br>Avec moi, il \u00e9tait mal parti parce que moi, je rigole, je parle&#8230;!<\/p>\n\n\n\n<p class=\"wp-block-paragraph\">Alors le lendemain, j&rsquo;\u00e9tais en train de coiffer une cliente et je discutais avec elle&#8230; Il vient vers moi et me dit :<br>&#8211; Ha\u00efe, Isabelle&#8230; Vous avez re\u00e7u du courrier&#8230;<br>&#8211; Mais je dis, il n&rsquo;y a pas de poste ici&#8230; hein, du courrier ?<\/p>\n\n\n\n<p class=\"wp-block-paragraph\">&#8211; Mais si&#8230; l\u00e0-bas.<br>&#8211; Bon ok, je le lirai apr\u00e8s&#8230;<\/p>\n\n\n\n<p class=\"wp-block-paragraph\">&#8211; Non, lisez le tout de suite&#8230;<br>Et il insiste&#8230; :<br>&#8211; Lisez le maintenant !<\/p>\n\n\n\n<p class=\"wp-block-paragraph\">Alors j&rsquo;ouvre mon enveloppe&#8230;<\/p>\n\n\n\n<ul class=\"wp-block-list\">\n<li>Taisez vous ! (Rire)<\/li>\n<\/ul>\n\n\n\n<p class=\"wp-block-paragraph\">Je me suis dit : <br>&#8211; Mais quel con !<\/p>\n\n\n\n<p class=\"wp-block-paragraph\">Mais, on n&rsquo;a jamais dit qu&rsquo;ici c&rsquo;\u00e9tait chez les moines, chez les cur\u00e9s que c&rsquo;\u00e9tait le silence comme dans une \u00e9glise, hein !? <br>Moi, je suis coiffeuse, je ne suis pas&#8230; et je parle !<\/p>\n\n\n\n<p class=\"wp-block-paragraph\">Et la cliente qui voit que j&rsquo;ouvre mon sac, elle me dit&#8230;: <br>&#8211; \u00c7a va ?<br>&#8211; Oh non&#8230; Rien de particulier, regardez&#8230; (Rire) On n&rsquo;ose plus parler&#8230; Qu&rsquo;est ce qu&rsquo;on fait, on continue ou bien on s&rsquo;arr\u00eate ?<\/p>\n\n\n\n<p class=\"wp-block-paragraph\">&#8211; Mais vous risquez de vous faire ficher dehors, qu&rsquo;elle me dit&#8230;<br>&#8211; Oh, et bien, s&rsquo;il veut me ficher dehors, qu&rsquo;il me fiche dehors&#8230;!<br>Donc on a continu\u00e9&#8230;<\/p>\n\n\n\n<p class=\"wp-block-paragraph\">C&rsquo;\u00e9tait la premi\u00e8re fois&#8230; Alors quand j&rsquo;ai fini, il m&rsquo;a appel\u00e9e au bureau et m&rsquo;a dit : <br>&#8211; Ha\u00efe Isabelle&#8230; Quand je vous dis quelque chose, encore vous me faites ridiculiser ?<\/p>\n\n\n\n<p class=\"wp-block-paragraph\">Alors l\u00e0, Il tournait, il tournait, il tournait&#8230;<\/p>\n\n\n\n<p class=\"wp-block-paragraph\">Mais respirez l\u00e0&#8230; C&rsquo;\u00e9tait son casse t\u00eate. <br>&#8211; Mais moi je ne re\u00e7ois pas de courrier ici, vous m&rsquo;envoyer du courrier dans mon casier&#8230; Non mais, si j&rsquo;avais fini ma cliente et qu&rsquo;apr\u00e8s que vous m&rsquo;auriez dit : <br>&#8211; Ecoutez, j&rsquo;aime pas trop que vous parliez et tout&#8230; On en aurait discut\u00e9&#8230; Mais l\u00e0, est ce que j&rsquo;ai le moyen d&rsquo;en discuter ? Non&#8230;  <br>Je n&rsquo;ai pas le moyen d&rsquo;en discuter puisque vous avez d\u00e9cid\u00e9 comme \u00e7a&#8230; Mais moi je suis coiffeuse, ici on ne m&rsquo;a pas dit de me taire on ne m&rsquo;a pas dit&#8230; On n&rsquo;est pas dans une \u00e9glise, c&rsquo;est quoi cette histoire !?<\/p>\n\n\n\n<p class=\"wp-block-paragraph\">&#8211; Oui, mais personne ne parle et on n&rsquo;entend que vous ! <br>Il n&rsquo;y a que vous l\u00e0-dedans, je ne sais pas si vous avez remarqu\u00e9, mais on est douze l\u00e0-dedans, et on est treize avec moi, et on n&rsquo;en entend aucun !<\/p>\n\n\n\n<p class=\"wp-block-paragraph\">&#8211; Et avec la r\u00e9ceptionniste \u00e7a fait quatorze, que je lui dis&#8230;<\/p>\n\n\n\n<p class=\"wp-block-paragraph\"><\/p>\n","protected":false},"excerpt":{"rendered":"<p>&lt;Enregistr\u00e9 le 15 Mai 2015&gt; Les gens l\u00e0-bas, n&rsquo;ont jamais compris pourquoi il se mettait dans des \u00e9tats pareils et moi non plus, et surtout pourquoi depuis le d\u00e9but je lui prenais autant la t\u00eate&#8230; Quand je suis arriv\u00e9e l\u00e0-bas, au d\u00e9but j&rsquo;\u00e9tais en train de coiffer une personne en \u00e9tant assistante, \u00e0 la position [&hellip;]<\/p>\n","protected":false},"author":1,"featured_media":0,"parent":0,"menu_order":0,"comment_status":"open","ping_status":"closed","template":"pages-chapitre-06","meta":{"footnotes":""},"class_list":["post-1306","page","type-page","status-publish","hentry"],"jetpack_sharing_enabled":true,"_links":{"self":[{"href":"https:\/\/mercigracias.ch\/index.php?rest_route=\/wp\/v2\/pages\/1306","targetHints":{"allow":["GET"]}}],"collection":[{"href":"https:\/\/mercigracias.ch\/index.php?rest_route=\/wp\/v2\/pages"}],"about":[{"href":"https:\/\/mercigracias.ch\/index.php?rest_route=\/wp\/v2\/types\/page"}],"author":[{"embeddable":true,"href":"https:\/\/mercigracias.ch\/index.php?rest_route=\/wp\/v2\/users\/1"}],"replies":[{"embeddable":true,"href":"https:\/\/mercigracias.ch\/index.php?rest_route=%2Fwp%2Fv2%2Fcomments&post=1306"}],"version-history":[{"count":6,"href":"https:\/\/mercigracias.ch\/index.php?rest_route=\/wp\/v2\/pages\/1306\/revisions"}],"predecessor-version":[{"id":4775,"href":"https:\/\/mercigracias.ch\/index.php?rest_route=\/wp\/v2\/pages\/1306\/revisions\/4775"}],"wp:attachment":[{"href":"https:\/\/mercigracias.ch\/index.php?rest_route=%2Fwp%2Fv2%2Fmedia&parent=1306"}],"curies":[{"name":"wp","href":"https:\/\/api.w.org\/{rel}","templated":true}]}}

<p class="wp-block-paragraph">&lt;Enregistré le 15 Mai 2015&gt;</p>



<figure class="wp-block-audio"><audio controls src="https://mercigracias.ch/wp-content/uploads/2026/02/20150515-220146_MaisTaisezVous.m4a"></audio></figure>



<p class="wp-block-paragraph">Les gens là-bas, n&rsquo;ont jamais compris pourquoi il se mettait dans des états pareils et moi non plus, et surtout pourquoi depuis le début je lui prenais autant la tête&#8230;</p>



<p class="wp-block-paragraph">Quand je suis arrivée là-bas, au début j&rsquo;étais en train de coiffer une personne en étant assistante, à la position de&#8230; « Madame a les restes de Monsieur »&#8230;</p>



<p class="wp-block-paragraph">Alors à chaque fois, il fallait demander&#8230; Il y avait le BundesZeitung, le journal principal, mais d&rsquo;abord quand ils arrivaient, ils devaient déjà se déshabiller, enlever leur blouse, leur chemise, mettre un autre peignoir plus grand dessus&#8230; Tu vois, c&rsquo;était le grand jeu et après, il y avait tous les miroirs qui étaient rangés sur la coiffeuse&#8230;</p>



<p class="wp-block-paragraph">Mais surtout, tu ne parlais pas avec les gens !</p>



<p class="wp-block-paragraph">Les gens, ils écoutaient soit la musique et les 8 heures&#8230; <br>Les chanteurs qu&rsquo;ils aimaient beaucoup, sinon c&rsquo;était le silence.</p>



<p class="wp-block-paragraph">On écoutait la musique, le journal c&rsquo;était tout.<br>Avec moi, il était mal parti parce que moi, je rigole, je parle&#8230;!</p>



<p class="wp-block-paragraph">Alors le lendemain, j&rsquo;étais en train de coiffer une cliente et je discutais avec elle&#8230; Il vient vers moi et me dit :<br>&#8211; Haïe, Isabelle&#8230; Vous avez reçu du courrier&#8230;<br>&#8211; Mais je dis, il n&rsquo;y a pas de poste ici&#8230; hein, du courrier ?</p>



<p class="wp-block-paragraph">&#8211; Mais si&#8230; là-bas.<br>&#8211; Bon ok, je le lirai après&#8230;</p>



<p class="wp-block-paragraph">&#8211; Non, lisez le tout de suite&#8230;<br>Et il insiste&#8230; :<br>&#8211; Lisez le maintenant !</p>



<p class="wp-block-paragraph">Alors j&rsquo;ouvre mon enveloppe&#8230;</p>



<ul class="wp-block-list">
<li>Taisez vous ! (Rire)</li>
</ul>



<p class="wp-block-paragraph">Je me suis dit : <br>&#8211; Mais quel con !</p>



<p class="wp-block-paragraph">Mais, on n&rsquo;a jamais dit qu&rsquo;ici c&rsquo;était chez les moines, chez les curés que c&rsquo;était le silence comme dans une église, hein !? <br>Moi, je suis coiffeuse, je ne suis pas&#8230; et je parle !</p>



<p class="wp-block-paragraph">Et la cliente qui voit que j&rsquo;ouvre mon sac, elle me dit&#8230;: <br>&#8211; Ça va ?<br>&#8211; Oh non&#8230; Rien de particulier, regardez&#8230; (Rire) On n&rsquo;ose plus parler&#8230; Qu&rsquo;est ce qu&rsquo;on fait, on continue ou bien on s&rsquo;arrête ?</p>



<p class="wp-block-paragraph">&#8211; Mais vous risquez de vous faire ficher dehors, qu&rsquo;elle me dit&#8230;<br>&#8211; Oh, et bien, s&rsquo;il veut me ficher dehors, qu&rsquo;il me fiche dehors&#8230;!<br>Donc on a continué&#8230;</p>



<p class="wp-block-paragraph">C&rsquo;était la première fois&#8230; Alors quand j&rsquo;ai fini, il m&rsquo;a appelée au bureau et m&rsquo;a dit : <br>&#8211; Haïe Isabelle&#8230; Quand je vous dis quelque chose, encore vous me faites ridiculiser ?</p>



<p class="wp-block-paragraph">Alors là, Il tournait, il tournait, il tournait&#8230;</p>



<p class="wp-block-paragraph">Mais respirez là&#8230; C&rsquo;était son casse tête. <br>&#8211; Mais moi je ne reçois pas de courrier ici, vous m&rsquo;envoyer du courrier dans mon casier&#8230; Non mais, si j&rsquo;avais fini ma cliente et qu&rsquo;après que vous m&rsquo;auriez dit : <br>&#8211; Ecoutez, j&rsquo;aime pas trop que vous parliez et tout&#8230; On en aurait discuté&#8230; Mais là, est ce que j&rsquo;ai le moyen d&rsquo;en discuter ? Non&#8230;  <br>Je n&rsquo;ai pas le moyen d&rsquo;en discuter puisque vous avez décidé comme ça&#8230; Mais moi je suis coiffeuse, ici on ne m&rsquo;a pas dit de me taire on ne m&rsquo;a pas dit&#8230; On n&rsquo;est pas dans une église, c&rsquo;est quoi cette histoire !?</p>



<p class="wp-block-paragraph">&#8211; Oui, mais personne ne parle et on n&rsquo;entend que vous ! <br>Il n&rsquo;y a que vous là-dedans, je ne sais pas si vous avez remarqué, mais on est douze là-dedans, et on est treize avec moi, et on n&rsquo;en entend aucun !</p>



<p class="wp-block-paragraph">&#8211; Et avec la réceptionniste ça fait quatorze, que je lui dis&#8230;</p>



<p class="wp-block-paragraph"></p>

<p>&lt;Enregistré le 15 Mai 2015&gt; Les gens là-bas, n&rsquo;ont jamais compris pourquoi il se mettait dans des états pareils et moi non plus, et surtout pourquoi depuis le début je lui prenais autant la tête&#8230; Quand je suis arrivée là-bas, au début j&rsquo;étais en train de coiffer une personne en étant assistante, à la position [&hellip;]</p>
