{"id":1330,"date":"2026-02-13T14:49:02","date_gmt":"2026-02-13T14:49:02","guid":{"rendered":"https:\/\/mercigracias.ch\/?page_id=1330"},"modified":"2026-06-21T05:42:03","modified_gmt":"2026-06-21T05:42:03","slug":"je-change-de-nom-mais","status":"publish","type":"page","link":"https:\/\/mercigracias.ch\/?page_id=1330","title":{"rendered":"J&rsquo;ai chang\u00e9 de nom&#8230;"},"content":{"rendered":"\n<p class=\"wp-block-paragraph\">&lt;Enregistr\u00e9 le 21 Octobre 2016&gt;<\/p>\n\n\n\n<p class=\"wp-block-paragraph\">Isabelle c&rsquo;est l&rsquo;apparence, c&rsquo;est comment les gens me per\u00e7oivent. Ils me per\u00e7oivent l\u00e9g\u00e8re, c&rsquo;est l&rsquo;ext\u00e9rieur&#8230;<\/p>\n\n\n\n<p class=\"wp-block-paragraph\">Mais au fond je suis toujours Moi, avec mon pr\u00e9nom de naissance&#8230; \u00e0 l&rsquo;int\u00e9rieur de moi, c&rsquo;est ma vrai identit\u00e9.<\/p>\n\n\n\n<p class=\"wp-block-paragraph\">Quand tu lis son histoire, au mois d&rsquo;octobre, (Il y en a deux en octobre) c&rsquo;\u00e9tait quelqu&rsquo;un qui cherchait \u00e0 comprendre les \u00e2mes. Quand elle \u00e9tait au couvent qu&rsquo;il y avait une s\u0153ur qui n&rsquo;arrivait pas \u00e0 se retrouver, on l&rsquo;envoyait chez elle. C&rsquo;\u00e9tait elle qui les aidait \u00e0 se retrouver, qui les coachait au niveau de leur \u00e2me&#8230;<\/p>\n\n\n\n<p class=\"wp-block-paragraph\">Elle \u00e9tait comme moi, elle ne pouvait pas faire une pri\u00e8re&#8230; <br>Les pri\u00e8res elle ne les savait pas, et depuis tout le temps qu&rsquo;elle \u00e9tait au couvent, elle n&rsquo;a jamais r\u00e9ussi \u00e0 r\u00e9citer ses pri\u00e8res.<\/p>\n\n\n\n<p class=\"wp-block-paragraph\">Elle avait une communication en direct&#8230;<\/p>\n\n\n\n<p class=\"wp-block-paragraph\">Elle, c&rsquo;\u00e9tait d&rsquo;\u00e2me \u00e0 \u00e2me, et \u00e7a m&rsquo;a beaucoup plu quand j&rsquo;ai lu son livre, alors que je faisais de la voyance. J&rsquo;ai trouv\u00e9 \u00e7a tr\u00e8s int\u00e9ressant, je me suis dit :<br>&#8211; Ah ben dit donc, j&rsquo;\u00e9tais \u00e0 la maison, et je suis all\u00e9e chercher \u00e0 l&rsquo;ext\u00e9rieur&#8230; Mais bon, \u00e0 une \u00e9poque \u00e7a m&rsquo;a rendu bien service&#8230;<\/p>\n\n\n\n<p class=\"wp-block-paragraph\">Et Isabelle, si tu lis son histoire, c&rsquo;est quelqu&rsquo;un de beaucoup plus l\u00e9ger, hein&#8230; Je ne sais plus trop ce que j&rsquo;avais lu, je crois que c&rsquo;\u00e9tait une reine d&rsquo;Espagne&#8230; Enfin voil\u00e0&#8230; C&rsquo;\u00e9tait beaucoup plus superficiel.<\/p>\n\n\n\n<p class=\"wp-block-paragraph\">La vie est quand m\u00eame dr\u00f4le, quand on y pense&#8230; <br>Mon fr\u00e8re s&rsquo;\u00e9tait mari\u00e9 pour avoir le droit d&rsquo;avoir, et moi j&rsquo;ai chang\u00e9 de pr\u00e9nom pour avoir le droit d&rsquo;\u00eatre !<\/p>\n\n\n\n<p class=\"wp-block-paragraph\">&#8211; <em>C&rsquo;est pas \u00e9tonnant que quand Michelangelo a essay\u00e9 de te manipuler, que tu t&rsquo;es dit : Non&#8230; Mais je ne suis plus la petite fille, maintenant, Je suis isabelle !<\/em> <br>&#8211; Oui, exactement ! \u00c7a suffit maintenant&#8230; <br>Celle-l\u00e0 elle est pass\u00e9e, longtemps&#8230;<\/p>\n\n\n\n<p class=\"wp-block-paragraph\">&#8211; <em>Non&#8230; et je n&rsquo;ai pas chang\u00e9 en Isabelle pour redevenir la petite fille&#8230; !<\/em> <br>&#8211; Exactement&#8230;<\/p>\n\n\n\n<p class=\"wp-block-paragraph\">C&rsquo;est pour \u00e7a que j&rsquo;ai \u00e9crit au ch\u00e2teau, beaucoup plus tard&#8230; Quand je suis rentr\u00e9e du Costa Rica&#8230; pour que Isabelle soit reconnue officiellement, dans mes papiers ! <br>On m&rsquo;a dit que mon pr\u00e9nom actuel, ce n&rsquo;\u00e9tait pas un pr\u00e9nom qui pouvait \u00eatre chang\u00e9, parce que c&rsquo;\u00e9tait le pr\u00e9nom de naissance et que ce n&rsquo;\u00e9tait pas un nom comme si tu t&rsquo;appelles \u00ab\u00a0cochon\u00a0\u00bb&#8230;.(Rire)<\/p>\n\n\n\n<p class=\"wp-block-paragraph\">&#8211; <em>Parce que Michelangelo, sur sa carte d&rsquo;identit\u00e9 ce n&rsquo;est s\u00fbrement pas non plus Michelangelo&#8230;<\/em> <br>&#8211; Non, il s&rsquo;appelle Tony&#8230;<\/p>\n\n\n\n<p class=\"wp-block-paragraph\">Tandis que moi, je me suis dit apr\u00e8s mes 20 ans&#8230; Isabelle pour toi \u00e7a a \u00e9t\u00e9 une th\u00e9rapie, alors j&rsquo;ai \u00e9crit au ch\u00e2teau en racontant mon histoire, pour dire que pour moi \u00e7a avait \u00e9t\u00e9 une th\u00e9rapie&#8230; et J&rsquo;ai gagn\u00e9.<\/p>\n\n\n\n<p class=\"wp-block-paragraph\">C&rsquo;est pour \u00e7a que le ch\u00e2teau m&rsquo;a r\u00e9\u00e9crit en disant qu&rsquo;ils acceptaient mon changement et j&rsquo;ai pu rajouter Isabelle \u00e0 mon nom, \u00e0 mon histoire.<\/p>\n\n\n\n<p class=\"wp-block-paragraph\">Ah&#8230; je suis all\u00e9e jusqu&rsquo;au bout !<\/p>\n\n\n\n<p class=\"wp-block-paragraph\">Merci Gracias<\/p>\n","protected":false},"excerpt":{"rendered":"<p>&lt;Enregistr\u00e9 le 21 Octobre 2016&gt; Isabelle c&rsquo;est l&rsquo;apparence, c&rsquo;est comment les gens me per\u00e7oivent. Ils me per\u00e7oivent l\u00e9g\u00e8re, c&rsquo;est l&rsquo;ext\u00e9rieur&#8230; Mais au fond je suis toujours Moi, avec mon pr\u00e9nom de naissance&#8230; \u00e0 l&rsquo;int\u00e9rieur de moi, c&rsquo;est ma vrai identit\u00e9. Quand tu lis son histoire, au mois d&rsquo;octobre, (Il y en a deux en octobre) [&hellip;]<\/p>\n","protected":false},"author":1,"featured_media":0,"parent":0,"menu_order":0,"comment_status":"open","ping_status":"closed","template":"pages-chapitre-06","meta":{"footnotes":""},"class_list":["post-1330","page","type-page","status-publish","hentry"],"jetpack_sharing_enabled":true,"_links":{"self":[{"href":"https:\/\/mercigracias.ch\/index.php?rest_route=\/wp\/v2\/pages\/1330","targetHints":{"allow":["GET"]}}],"collection":[{"href":"https:\/\/mercigracias.ch\/index.php?rest_route=\/wp\/v2\/pages"}],"about":[{"href":"https:\/\/mercigracias.ch\/index.php?rest_route=\/wp\/v2\/types\/page"}],"author":[{"embeddable":true,"href":"https:\/\/mercigracias.ch\/index.php?rest_route=\/wp\/v2\/users\/1"}],"replies":[{"embeddable":true,"href":"https:\/\/mercigracias.ch\/index.php?rest_route=%2Fwp%2Fv2%2Fcomments&post=1330"}],"version-history":[{"count":10,"href":"https:\/\/mercigracias.ch\/index.php?rest_route=\/wp\/v2\/pages\/1330\/revisions"}],"predecessor-version":[{"id":4803,"href":"https:\/\/mercigracias.ch\/index.php?rest_route=\/wp\/v2\/pages\/1330\/revisions\/4803"}],"wp:attachment":[{"href":"https:\/\/mercigracias.ch\/index.php?rest_route=%2Fwp%2Fv2%2Fmedia&parent=1330"}],"curies":[{"name":"wp","href":"https:\/\/api.w.org\/{rel}","templated":true}]}}

J&rsquo;ai changé de nom&#8230;

<p class="wp-block-paragraph">&lt;Enregistré le 21 Octobre 2016&gt;</p>



<p class="wp-block-paragraph">Isabelle c&rsquo;est l&rsquo;apparence, c&rsquo;est comment les gens me perçoivent. Ils me perçoivent légère, c&rsquo;est l&rsquo;extérieur&#8230;</p>



<p class="wp-block-paragraph">Mais au fond je suis toujours Moi, avec mon prénom de naissance&#8230; à l&rsquo;intérieur de moi, c&rsquo;est ma vrai identité.</p>



<p class="wp-block-paragraph">Quand tu lis son histoire, au mois d&rsquo;octobre, (Il y en a deux en octobre) c&rsquo;était quelqu&rsquo;un qui cherchait à comprendre les âmes. Quand elle était au couvent qu&rsquo;il y avait une sœur qui n&rsquo;arrivait pas à se retrouver, on l&rsquo;envoyait chez elle. C&rsquo;était elle qui les aidait à se retrouver, qui les coachait au niveau de leur âme&#8230;</p>



<p class="wp-block-paragraph">Elle était comme moi, elle ne pouvait pas faire une prière&#8230; <br>Les prières elle ne les savait pas, et depuis tout le temps qu&rsquo;elle était au couvent, elle n&rsquo;a jamais réussi à réciter ses prières.</p>



<p class="wp-block-paragraph">Elle avait une communication en direct&#8230;</p>



<p class="wp-block-paragraph">Elle, c&rsquo;était d&rsquo;âme à âme, et ça m&rsquo;a beaucoup plu quand j&rsquo;ai lu son livre, alors que je faisais de la voyance. J&rsquo;ai trouvé ça très intéressant, je me suis dit :<br>&#8211; Ah ben dit donc, j&rsquo;étais à la maison, et je suis allée chercher à l&rsquo;extérieur&#8230; Mais bon, à une époque ça m&rsquo;a rendu bien service&#8230;</p>



<p class="wp-block-paragraph">Et Isabelle, si tu lis son histoire, c&rsquo;est quelqu&rsquo;un de beaucoup plus léger, hein&#8230; Je ne sais plus trop ce que j&rsquo;avais lu, je crois que c&rsquo;était une reine d&rsquo;Espagne&#8230; Enfin voilà&#8230; C&rsquo;était beaucoup plus superficiel.</p>



<p class="wp-block-paragraph">La vie est quand même drôle, quand on y pense&#8230; <br>Mon frère s&rsquo;était marié pour avoir le droit d&rsquo;avoir, et moi j&rsquo;ai changé de prénom pour avoir le droit d&rsquo;être !</p>



<p class="wp-block-paragraph">&#8211; <em>C&rsquo;est pas étonnant que quand Michelangelo a essayé de te manipuler, que tu t&rsquo;es dit : Non&#8230; Mais je ne suis plus la petite fille, maintenant, Je suis isabelle !</em> <br>&#8211; Oui, exactement ! Ça suffit maintenant&#8230; <br>Celle-là elle est passée, longtemps&#8230;</p>



<p class="wp-block-paragraph">&#8211; <em>Non&#8230; et je n&rsquo;ai pas changé en Isabelle pour redevenir la petite fille&#8230; !</em> <br>&#8211; Exactement&#8230;</p>



<p class="wp-block-paragraph">C&rsquo;est pour ça que j&rsquo;ai écrit au château, beaucoup plus tard&#8230; Quand je suis rentrée du Costa Rica&#8230; pour que Isabelle soit reconnue officiellement, dans mes papiers ! <br>On m&rsquo;a dit que mon prénom actuel, ce n&rsquo;était pas un prénom qui pouvait être changé, parce que c&rsquo;était le prénom de naissance et que ce n&rsquo;était pas un nom comme si tu t&rsquo;appelles « cochon »&#8230;.(Rire)</p>



<p class="wp-block-paragraph">&#8211; <em>Parce que Michelangelo, sur sa carte d&rsquo;identité ce n&rsquo;est sûrement pas non plus Michelangelo&#8230;</em> <br>&#8211; Non, il s&rsquo;appelle Tony&#8230;</p>



<p class="wp-block-paragraph">Tandis que moi, je me suis dit après mes 20 ans&#8230; Isabelle pour toi ça a été une thérapie, alors j&rsquo;ai écrit au château en racontant mon histoire, pour dire que pour moi ça avait été une thérapie&#8230; et J&rsquo;ai gagné.</p>



<p class="wp-block-paragraph">C&rsquo;est pour ça que le château m&rsquo;a réécrit en disant qu&rsquo;ils acceptaient mon changement et j&rsquo;ai pu rajouter Isabelle à mon nom, à mon histoire.</p>



<p class="wp-block-paragraph">Ah&#8230; je suis allée jusqu&rsquo;au bout !</p>



<p class="wp-block-paragraph">Merci Gracias</p>

<p>&lt;Enregistré le 21 Octobre 2016&gt; Isabelle c&rsquo;est l&rsquo;apparence, c&rsquo;est comment les gens me perçoivent. Ils me perçoivent légère, c&rsquo;est l&rsquo;extérieur&#8230; Mais au fond je suis toujours Moi, avec mon prénom de naissance&#8230; à l&rsquo;intérieur de moi, c&rsquo;est ma vrai identité. Quand tu lis son histoire, au mois d&rsquo;octobre, (Il y en a deux en octobre) [&hellip;]</p>
