{"id":1404,"date":"2026-02-15T14:36:46","date_gmt":"2026-02-15T14:36:46","guid":{"rendered":"https:\/\/mercigracias.ch\/?page_id=1404"},"modified":"2026-06-20T14:51:03","modified_gmt":"2026-06-20T14:51:03","slug":"alors-apprenez-moi","status":"publish","type":"page","link":"https:\/\/mercigracias.ch\/?page_id=1404","title":{"rendered":"Alors apprenez moi !"},"content":{"rendered":"\n<p class=\"wp-block-paragraph\">&lt;Enregistr\u00e9 le 14 Septembre 2016&gt;<\/p>\n\n\n\n<p class=\"wp-block-paragraph\">J&rsquo;ai vu des coiffeurs, des coiffeuses, partir compl\u00e8tement cass\u00e9s, compl\u00e8tement d\u00e9molis parce que oui, \u00e7a n&rsquo;allait pas et qu&rsquo;il les avait foutus dehors&#8230; Mais \u00e7a c&rsquo;\u00e9tait terrible, des employ\u00e9s&#8230; c&rsquo;\u00e9tait violent !<\/p>\n\n\n\n<p class=\"wp-block-paragraph\">Il leur cassait compl\u00e8tement l&rsquo;image d&rsquo;eux-m\u00eames, l&rsquo;image de l&rsquo;autre&#8230; L&rsquo;estime d&rsquo;eux-m\u00eames quand il les foutait dehors.<\/p>\n\n\n\n<p class=\"wp-block-paragraph\">&#8211; <em>Du jour au lendemain comme \u00e7a toc toc&#8230;?<\/em> <br>&#8211; Ah oui, mais sur le champ&#8230;!<br>Il disait, je te paye la fin du mois, mais fous le camp !<\/p>\n\n\n\n<p class=\"wp-block-paragraph\">Comme ce que j&rsquo;avais fait avec la cuisini\u00e8re au Costa Rica&#8230; Mais la raison n&rsquo;\u00e9tait pas la m\u00eame&#8230; C&rsquo;\u00e9tait un d\u00e9but du mois, je lui dis :<br>&#8211; Tiens, allez du balai&#8230; Tiens, la totale, mais fous le camp&#8230;!<br><em>(L&rsquo;histoire est \u00e0 voir plus loin&#8230;)<\/em><\/p>\n\n\n\n<p class=\"wp-block-paragraph\">&#8211; <em>Mais qu&rsquo;est ce qu&rsquo;elles avaient pour qu&rsquo;il les foute dehors comme \u00e7a ?<\/em><br>&#8211; Je ne sais pas, je pense que c&rsquo;\u00e9tait des gens&#8230; <br>En tout cas je me souviens d&rsquo;un coiffeur, il avait un \u00e9go trop fort&#8230;<br>Il n&rsquo;\u00e9tait pas pr\u00eat d\u00e9j\u00e0 \u00e0 concilier au d\u00e9part sur diff\u00e9rentes choses, il faisait de la r\u00e9sistance !<\/p>\n\n\n\n<p class=\"wp-block-paragraph\">Mais bien s\u00fbr que moi aussi j&rsquo;ai fait de la r\u00e9sistance avec Michelangelo, mais en premier je conciliais avec lui, sur diff\u00e9rentes choses&#8230; <br>&#8211; Ok, il y a \u00e7a qui ne va pas, euh&#8230; Ok&#8230; Mais comment est ce que vous entendez diff\u00e9remment&#8230; Ah&#8230; Vous trouvez que je ne coupe pas d&rsquo;apr\u00e8s votre style&#8230;?<\/p>\n\n\n\n<p class=\"wp-block-paragraph\">Tu penses bien que quand il m&rsquo;a vu travailler avec mes brosses&#8230;<br>Il me dit :<br>&#8211; Mais pourquoi vous prenez des brosses&#8230;?<br>&#8211; Parce que le brushing, il ne tient pas assez autrement !<br>Sur une personne \u00e2g\u00e9e, \u00e7a va, du plat&#8230; Pour une personne \u00e2g\u00e9e, avant on mettait des bigoudis&#8230; <br>Et tu l&rsquo;enl\u00e8ves, t&rsquo;as vu ? C&rsquo;est une technique hein !<br>Si c&rsquo;est un petit peu plus, pas plus, pas moins&#8230; une technique \u00e0 trouver et qui donne vraiment le mouvement, l\u00e0 o\u00f9 tu veux&#8230;!<\/p>\n\n\n\n<p class=\"wp-block-paragraph\">&#8211; Mais pourquoi vous mettez&#8230;?<br>&#8211; Parce que c&rsquo;est comme \u00e7a !<\/p>\n\n\n\n<p class=\"wp-block-paragraph\">Bon alors pourquoi est ce que vous ne m&rsquo;apprenez pas ?<br>Moi j&rsquo;ai un certificat, vous \u00eates d&rsquo;accord&#8230;!? Je ne suis pas arriv\u00e9e ici sans certificat&#8230; J&rsquo;ai mon certificat de coiffeuse ! Je ne suis pas arriv\u00e9e en \u00e9tant qu&rsquo;assistante&#8230; ni apprentie.<\/p>\n\n\n\n<p class=\"wp-block-paragraph\">Maintenant comment est ce qu&rsquo;on peut faire&#8230; ?<\/p>\n\n\n\n<p class=\"wp-block-paragraph\">&#8211; <em>Tu lui montrais que tu \u00e9tais pleine de bonne volont\u00e9&#8230; que tu \u00e9tais pr\u00eate \u00e0 t&rsquo;adapter, mais il fallait lui montrer que c&rsquo;\u00e9tait lui le Patron&#8230;<\/em><\/p>\n\n\n\n<p class=\"wp-block-paragraph\">ll m&rsquo;a dit : <br>&#8211; Oui, mais je peux quand m\u00eame dire que votre coupe&#8230;<br>&#8211; Ben&#8230; Ok moi je veux bien, mais vous m&rsquo;avez engag\u00e9e en tant que coiffeuse, alors maintenant si \u00e7a ne vous convient pas, ben donnez moi des cours&#8230; Je ne sais pas&#8230; Qu&rsquo;est ce qu&rsquo;on fait&#8230;?<br>Parce que moi je ne vais pas rester ici en tant qu&rsquo;assistante, hein&#8230;<br>Moi, je suis une professionnelle !<\/p>\n\n\n\n<p class=\"wp-block-paragraph\">Et puis l\u00e0-dessus, <br>&#8211; Bon ben, il faut apprendre&#8230;<br>&#8211; Ah Ouais&#8230;? Ben, apprenez moi&#8230;!<\/p>\n\n\n\n<p class=\"wp-block-paragraph\">Alors que les autres, il rentraient dedans et ils exigeaient d&rsquo;avoir une place&#8230; Sans reconnaitre que c&rsquo;\u00e9tait lui le ma\u00eetre&#8230; Sans vouloir apprendre de lui.<\/p>\n\n\n\n<p class=\"wp-block-paragraph\">&#8211;<em>Mais s&rsquo;il donnait des cours, il devenait le ma\u00eetre ! <br>Tu as jou\u00e9 sur la corde du narcissique&#8230; qui trouvait du plaisir d&rsquo;\u00eatre le Patron devant ses employ\u00e9s assistants&#8230; Et avec toi il s&rsquo;est senti le ma\u00eetre en pouvant te transmettre son art. <\/em><br><em>Mais il te jugeait aussi capable d&rsquo;\u00eatre son \u00e9l\u00e8ve, et d&rsquo;\u00eatre ton mentor&#8230;<br>C&rsquo;est clair que quand t&rsquo;es partie \u00e7a a d\u00fb \u00eatre un drame&#8230;<br>Il perdait tout&#8230; le fait d&rsquo;\u00eatre le ma\u00eetre&#8230; d&rsquo;\u00eatre ton mentor, le gourou&#8230; <\/em><br><em>la personne admir\u00e9e tellement qu&rsquo;on voulait devenir comme lui&#8230;<br>et il a d\u00fb penser qu&rsquo;au final tu ne l&rsquo;admirais pas sinon tu serais rest\u00e9e, alors que tu voyais bien la qualit\u00e9 de son travail. <\/em><br><em><br>Il a du se sentir utilis\u00e9, viol\u00e9&#8230; C&rsquo;est pour \u00e7a qu&rsquo;il avait dit, qu&rsquo;il avait perdu son soleil ! En fait, c&rsquo;\u00e9tait son miroir qu&rsquo;il avait perdu&#8230;<\/em><\/p>\n","protected":false},"excerpt":{"rendered":"<p>&lt;Enregistr\u00e9 le 14 Septembre 2016&gt; J&rsquo;ai vu des coiffeurs, des coiffeuses, partir compl\u00e8tement cass\u00e9s, compl\u00e8tement d\u00e9molis parce que oui, \u00e7a n&rsquo;allait pas et qu&rsquo;il les avait foutus dehors&#8230; Mais \u00e7a c&rsquo;\u00e9tait terrible, des employ\u00e9s&#8230; c&rsquo;\u00e9tait violent ! Il leur cassait compl\u00e8tement l&rsquo;image d&rsquo;eux-m\u00eames, l&rsquo;image de l&rsquo;autre&#8230; L&rsquo;estime d&rsquo;eux-m\u00eames quand il les foutait dehors. &#8211; Du [&hellip;]<\/p>\n","protected":false},"author":1,"featured_media":0,"parent":0,"menu_order":0,"comment_status":"open","ping_status":"closed","template":"pages-chapitre-06","meta":{"footnotes":""},"class_list":["post-1404","page","type-page","status-publish","hentry"],"jetpack_sharing_enabled":true,"_links":{"self":[{"href":"https:\/\/mercigracias.ch\/index.php?rest_route=\/wp\/v2\/pages\/1404","targetHints":{"allow":["GET"]}}],"collection":[{"href":"https:\/\/mercigracias.ch\/index.php?rest_route=\/wp\/v2\/pages"}],"about":[{"href":"https:\/\/mercigracias.ch\/index.php?rest_route=\/wp\/v2\/types\/page"}],"author":[{"embeddable":true,"href":"https:\/\/mercigracias.ch\/index.php?rest_route=\/wp\/v2\/users\/1"}],"replies":[{"embeddable":true,"href":"https:\/\/mercigracias.ch\/index.php?rest_route=%2Fwp%2Fv2%2Fcomments&post=1404"}],"version-history":[{"count":7,"href":"https:\/\/mercigracias.ch\/index.php?rest_route=\/wp\/v2\/pages\/1404\/revisions"}],"predecessor-version":[{"id":4781,"href":"https:\/\/mercigracias.ch\/index.php?rest_route=\/wp\/v2\/pages\/1404\/revisions\/4781"}],"wp:attachment":[{"href":"https:\/\/mercigracias.ch\/index.php?rest_route=%2Fwp%2Fv2%2Fmedia&parent=1404"}],"curies":[{"name":"wp","href":"https:\/\/api.w.org\/{rel}","templated":true}]}}

<p class="wp-block-paragraph">&lt;Enregistré le 14 Septembre 2016&gt;</p>



<p class="wp-block-paragraph">J&rsquo;ai vu des coiffeurs, des coiffeuses, partir complètement cassés, complètement démolis parce que oui, ça n&rsquo;allait pas et qu&rsquo;il les avait foutus dehors&#8230; Mais ça c&rsquo;était terrible, des employés&#8230; c&rsquo;était violent !</p>



<p class="wp-block-paragraph">Il leur cassait complètement l&rsquo;image d&rsquo;eux-mêmes, l&rsquo;image de l&rsquo;autre&#8230; L&rsquo;estime d&rsquo;eux-mêmes quand il les foutait dehors.</p>



<p class="wp-block-paragraph">&#8211; <em>Du jour au lendemain comme ça toc toc&#8230;?</em> <br>&#8211; Ah oui, mais sur le champ&#8230;!<br>Il disait, je te paye la fin du mois, mais fous le camp !</p>



<p class="wp-block-paragraph">Comme ce que j&rsquo;avais fait avec la cuisinière au Costa Rica&#8230; Mais la raison n&rsquo;était pas la même&#8230; C&rsquo;était un début du mois, je lui dis :<br>&#8211; Tiens, allez du balai&#8230; Tiens, la totale, mais fous le camp&#8230;!<br><em>(L&rsquo;histoire est à voir plus loin&#8230;)</em></p>



<p class="wp-block-paragraph">&#8211; <em>Mais qu&rsquo;est ce qu&rsquo;elles avaient pour qu&rsquo;il les foute dehors comme ça ?</em><br>&#8211; Je ne sais pas, je pense que c&rsquo;était des gens&#8230; <br>En tout cas je me souviens d&rsquo;un coiffeur, il avait un égo trop fort&#8230;<br>Il n&rsquo;était pas prêt déjà à concilier au départ sur différentes choses, il faisait de la résistance !</p>



<p class="wp-block-paragraph">Mais bien sûr que moi aussi j&rsquo;ai fait de la résistance avec Michelangelo, mais en premier je conciliais avec lui, sur différentes choses&#8230; <br>&#8211; Ok, il y a ça qui ne va pas, euh&#8230; Ok&#8230; Mais comment est ce que vous entendez différemment&#8230; Ah&#8230; Vous trouvez que je ne coupe pas d&rsquo;après votre style&#8230;?</p>



<p class="wp-block-paragraph">Tu penses bien que quand il m&rsquo;a vu travailler avec mes brosses&#8230;<br>Il me dit :<br>&#8211; Mais pourquoi vous prenez des brosses&#8230;?<br>&#8211; Parce que le brushing, il ne tient pas assez autrement !<br>Sur une personne âgée, ça va, du plat&#8230; Pour une personne âgée, avant on mettait des bigoudis&#8230; <br>Et tu l&rsquo;enlèves, t&rsquo;as vu ? C&rsquo;est une technique hein !<br>Si c&rsquo;est un petit peu plus, pas plus, pas moins&#8230; une technique à trouver et qui donne vraiment le mouvement, là où tu veux&#8230;!</p>



<p class="wp-block-paragraph">&#8211; Mais pourquoi vous mettez&#8230;?<br>&#8211; Parce que c&rsquo;est comme ça !</p>



<p class="wp-block-paragraph">Bon alors pourquoi est ce que vous ne m&rsquo;apprenez pas ?<br>Moi j&rsquo;ai un certificat, vous êtes d&rsquo;accord&#8230;!? Je ne suis pas arrivée ici sans certificat&#8230; J&rsquo;ai mon certificat de coiffeuse ! Je ne suis pas arrivée en étant qu&rsquo;assistante&#8230; ni apprentie.</p>



<p class="wp-block-paragraph">Maintenant comment est ce qu&rsquo;on peut faire&#8230; ?</p>



<p class="wp-block-paragraph">&#8211; <em>Tu lui montrais que tu étais pleine de bonne volonté&#8230; que tu étais prête à t&rsquo;adapter, mais il fallait lui montrer que c&rsquo;était lui le Patron&#8230;</em></p>



<p class="wp-block-paragraph">ll m&rsquo;a dit : <br>&#8211; Oui, mais je peux quand même dire que votre coupe&#8230;<br>&#8211; Ben&#8230; Ok moi je veux bien, mais vous m&rsquo;avez engagée en tant que coiffeuse, alors maintenant si ça ne vous convient pas, ben donnez moi des cours&#8230; Je ne sais pas&#8230; Qu&rsquo;est ce qu&rsquo;on fait&#8230;?<br>Parce que moi je ne vais pas rester ici en tant qu&rsquo;assistante, hein&#8230;<br>Moi, je suis une professionnelle !</p>



<p class="wp-block-paragraph">Et puis là-dessus, <br>&#8211; Bon ben, il faut apprendre&#8230;<br>&#8211; Ah Ouais&#8230;? Ben, apprenez moi&#8230;!</p>



<p class="wp-block-paragraph">Alors que les autres, il rentraient dedans et ils exigeaient d&rsquo;avoir une place&#8230; Sans reconnaitre que c&rsquo;était lui le maître&#8230; Sans vouloir apprendre de lui.</p>



<p class="wp-block-paragraph">&#8211;<em>Mais s&rsquo;il donnait des cours, il devenait le maître ! <br>Tu as joué sur la corde du narcissique&#8230; qui trouvait du plaisir d&rsquo;être le Patron devant ses employés assistants&#8230; Et avec toi il s&rsquo;est senti le maître en pouvant te transmettre son art. </em><br><em>Mais il te jugeait aussi capable d&rsquo;être son élève, et d&rsquo;être ton mentor&#8230;<br>C&rsquo;est clair que quand t&rsquo;es partie ça a dû être un drame&#8230;<br>Il perdait tout&#8230; le fait d&rsquo;être le maître&#8230; d&rsquo;être ton mentor, le gourou&#8230; </em><br><em>la personne admirée tellement qu&rsquo;on voulait devenir comme lui&#8230;<br>et il a dû penser qu&rsquo;au final tu ne l&rsquo;admirais pas sinon tu serais restée, alors que tu voyais bien la qualité de son travail. </em><br><em><br>Il a du se sentir utilisé, violé&#8230; C&rsquo;est pour ça qu&rsquo;il avait dit, qu&rsquo;il avait perdu son soleil ! En fait, c&rsquo;était son miroir qu&rsquo;il avait perdu&#8230;</em></p>

<p>&lt;Enregistré le 14 Septembre 2016&gt; J&rsquo;ai vu des coiffeurs, des coiffeuses, partir complètement cassés, complètement démolis parce que oui, ça n&rsquo;allait pas et qu&rsquo;il les avait foutus dehors&#8230; Mais ça c&rsquo;était terrible, des employés&#8230; c&rsquo;était violent ! Il leur cassait complètement l&rsquo;image d&rsquo;eux-mêmes, l&rsquo;image de l&rsquo;autre&#8230; L&rsquo;estime d&rsquo;eux-mêmes quand il les foutait dehors. &#8211; Du [&hellip;]</p>
