{"id":1411,"date":"2026-02-15T14:59:41","date_gmt":"2026-02-15T14:59:41","guid":{"rendered":"https:\/\/mercigracias.ch\/?page_id=1411"},"modified":"2026-06-20T15:39:16","modified_gmt":"2026-06-20T15:39:16","slug":"les-pauses-cafes","status":"publish","type":"page","link":"https:\/\/mercigracias.ch\/?page_id=1411","title":{"rendered":"Les pauses caf\u00e9s&#8230;"},"content":{"rendered":"\n<p class=\"wp-block-paragraph\">&lt;Enregistr\u00e9 le 01 Juin 2020&gt;<\/p>\n\n\n\n<p class=\"wp-block-paragraph\">&#8211; <em>Alors comme \u00e7a, quand tu voulais prendre tes pauses caf\u00e9s, tu devais demander la permission au Patron&#8230;?<\/em><\/p>\n\n\n\n<p class=\"wp-block-paragraph\">&#8211; Ah oui&#8230; Exactement je devais demander s&rsquo;il vous plait&#8230; C&rsquo;est la demi-heure, je peux aller boire mon caf\u00e9 ?<br>C&rsquo;est ma demi-heure de pause&#8230;<\/p>\n\n\n\n<p class=\"wp-block-paragraph\">Je la prenais quand j&rsquo;avais un trou&#8230; et je ne voyais pas pourquoi, lui il sortait et pourquoi nous on devait rester toute la journ\u00e9e, coll\u00e9 dans notre bocal, dans le petit laboratoire, l\u00e0, o\u00f9 il y avait tous les produits, pour manger notre sandwich, alors qu&rsquo;on avait aussi envie d&rsquo;aller boire un caf\u00e9 en bas&#8230; <br>Et quand il faisait beau d&rsquo;\u00eatre un peu au soleil, et de faire quelque pas&#8230;<\/p>\n\n\n\n<p class=\"wp-block-paragraph\">C&rsquo;\u00e9tait la grande pause pour manger, et quand on faisait les jours de 8 heures du matin jusque 9 heures du soir&#8230; 1\/2 heure \u00e0 midi et 1\/2 heure avant la bourr\u00e9e du soir&#8230; C&rsquo;\u00e9tait long debout ! &#8230;.et il fallait demander ?<\/p>\n\n\n\n<p class=\"wp-block-paragraph\">Il m&rsquo;avait dit : <br>&#8211; Ha\u00efe, vous \u00eates la seule personne qui prenez cette place&#8230; sans demander, normalement c&rsquo;est pas comme \u00e7a et puis&#8230;<\/p>\n\n\n\n<p class=\"wp-block-paragraph\">Mais j&rsquo;ai dit : <br>&#8211; Non&#8230; Mais \u00e7a ne tient juste pas la route, hein !<br>On est libre l\u00e0&#8230; On n&rsquo;est pas en prison ! Vous sortez aussi, vous avez besoin de prendre l&rsquo;air&#8230;? Et bien nous aussi, on a envie de prendre l&rsquo;air, de prendre le soleil&#8230;<\/p>\n\n\n\n<p class=\"wp-block-paragraph\">Il me dit : <br>&#8211; Ha\u00efiiille&#8230;<\/p>\n\n\n\n<p class=\"wp-block-paragraph\">Lui, il avait le bureau au soleil quand il avait son temps&#8230; Lui, il voyait le soleil encore, et il se tirait&#8230; Mais nous on ne voyait pas le soleil de la journ\u00e9e, hein&#8230;!<\/p>\n\n\n\n<p class=\"wp-block-paragraph\">Je ne pouvais pas accepter son autorit\u00e9, c&rsquo;\u00e9tait rien \u00e0 faire&#8230;  <br>Il l&rsquo;avait bien compris, qu&rsquo;il ne pouvait pas l&rsquo;avoir non plus, avec toute les conf\u00e9rences que j&rsquo;avais faites, c&rsquo;\u00e9tait justement&#8230; <\/p>\n\n\n\n<ul class=\"wp-block-list\">\n<li>Et bien tes yeux, ils valent les miens !<\/li>\n<\/ul>\n\n\n\n<p class=\"wp-block-paragraph\">Pourquoi tes yeux, quand tu coiffes, tu penses que tu sais mieux faire que moi ?<\/p>\n\n\n\n<p class=\"wp-block-paragraph\">Pourquoi tu t&rsquo;autorises \u00e0 me faire des remarques ? <br>Tu vois mon fils de qui il tient&#8230; !?<\/p>\n\n\n\n<p class=\"wp-block-paragraph\">Et bien&#8230; Non ! J&rsquo;ai pris des cours avec toi&#8230; Tu m&rsquo;as dit que c&rsquo;\u00e9tait correct, que ma technique \u00e9tait correcte&#8230; <\/p>\n\n\n\n<p class=\"wp-block-paragraph\">Voil\u00e0, maintenant je rentre dedans&#8230;<\/p>\n","protected":false},"excerpt":{"rendered":"<p>&lt;Enregistr\u00e9 le 01 Juin 2020&gt; &#8211; Alors comme \u00e7a, quand tu voulais prendre tes pauses caf\u00e9s, tu devais demander la permission au Patron&#8230;? &#8211; Ah oui&#8230; Exactement je devais demander s&rsquo;il vous plait&#8230; C&rsquo;est la demi-heure, je peux aller boire mon caf\u00e9 ?C&rsquo;est ma demi-heure de pause&#8230; Je la prenais quand j&rsquo;avais un trou&#8230; et [&hellip;]<\/p>\n","protected":false},"author":1,"featured_media":0,"parent":0,"menu_order":0,"comment_status":"open","ping_status":"closed","template":"pages-chapitre-06","meta":{"footnotes":""},"class_list":["post-1411","page","type-page","status-publish","hentry"],"jetpack_sharing_enabled":true,"_links":{"self":[{"href":"https:\/\/mercigracias.ch\/index.php?rest_route=\/wp\/v2\/pages\/1411","targetHints":{"allow":["GET"]}}],"collection":[{"href":"https:\/\/mercigracias.ch\/index.php?rest_route=\/wp\/v2\/pages"}],"about":[{"href":"https:\/\/mercigracias.ch\/index.php?rest_route=\/wp\/v2\/types\/page"}],"author":[{"embeddable":true,"href":"https:\/\/mercigracias.ch\/index.php?rest_route=\/wp\/v2\/users\/1"}],"replies":[{"embeddable":true,"href":"https:\/\/mercigracias.ch\/index.php?rest_route=%2Fwp%2Fv2%2Fcomments&post=1411"}],"version-history":[{"count":6,"href":"https:\/\/mercigracias.ch\/index.php?rest_route=\/wp\/v2\/pages\/1411\/revisions"}],"predecessor-version":[{"id":4793,"href":"https:\/\/mercigracias.ch\/index.php?rest_route=\/wp\/v2\/pages\/1411\/revisions\/4793"}],"wp:attachment":[{"href":"https:\/\/mercigracias.ch\/index.php?rest_route=%2Fwp%2Fv2%2Fmedia&parent=1411"}],"curies":[{"name":"wp","href":"https:\/\/api.w.org\/{rel}","templated":true}]}}

Les pauses cafés&#8230;

<p class="wp-block-paragraph">&lt;Enregistré le 01 Juin 2020&gt;</p>



<p class="wp-block-paragraph">&#8211; <em>Alors comme ça, quand tu voulais prendre tes pauses cafés, tu devais demander la permission au Patron&#8230;?</em></p>



<p class="wp-block-paragraph">&#8211; Ah oui&#8230; Exactement je devais demander s&rsquo;il vous plait&#8230; C&rsquo;est la demi-heure, je peux aller boire mon café ?<br>C&rsquo;est ma demi-heure de pause&#8230;</p>



<p class="wp-block-paragraph">Je la prenais quand j&rsquo;avais un trou&#8230; et je ne voyais pas pourquoi, lui il sortait et pourquoi nous on devait rester toute la journée, collé dans notre bocal, dans le petit laboratoire, là, où il y avait tous les produits, pour manger notre sandwich, alors qu&rsquo;on avait aussi envie d&rsquo;aller boire un café en bas&#8230; <br>Et quand il faisait beau d&rsquo;être un peu au soleil, et de faire quelque pas&#8230;</p>



<p class="wp-block-paragraph">C&rsquo;était la grande pause pour manger, et quand on faisait les jours de 8 heures du matin jusque 9 heures du soir&#8230; 1/2 heure à midi et 1/2 heure avant la bourrée du soir&#8230; C&rsquo;était long debout ! &#8230;.et il fallait demander ?</p>



<p class="wp-block-paragraph">Il m&rsquo;avait dit : <br>&#8211; Haïe, vous êtes la seule personne qui prenez cette place&#8230; sans demander, normalement c&rsquo;est pas comme ça et puis&#8230;</p>



<p class="wp-block-paragraph">Mais j&rsquo;ai dit : <br>&#8211; Non&#8230; Mais ça ne tient juste pas la route, hein !<br>On est libre là&#8230; On n&rsquo;est pas en prison ! Vous sortez aussi, vous avez besoin de prendre l&rsquo;air&#8230;? Et bien nous aussi, on a envie de prendre l&rsquo;air, de prendre le soleil&#8230;</p>



<p class="wp-block-paragraph">Il me dit : <br>&#8211; Haïiiille&#8230;</p>



<p class="wp-block-paragraph">Lui, il avait le bureau au soleil quand il avait son temps&#8230; Lui, il voyait le soleil encore, et il se tirait&#8230; Mais nous on ne voyait pas le soleil de la journée, hein&#8230;!</p>



<p class="wp-block-paragraph">Je ne pouvais pas accepter son autorité, c&rsquo;était rien à faire&#8230;  <br>Il l&rsquo;avait bien compris, qu&rsquo;il ne pouvait pas l&rsquo;avoir non plus, avec toute les conférences que j&rsquo;avais faites, c&rsquo;était justement&#8230; </p>



<ul class="wp-block-list">
<li>Et bien tes yeux, ils valent les miens !</li>
</ul>



<p class="wp-block-paragraph">Pourquoi tes yeux, quand tu coiffes, tu penses que tu sais mieux faire que moi ?</p>



<p class="wp-block-paragraph">Pourquoi tu t&rsquo;autorises à me faire des remarques ? <br>Tu vois mon fils de qui il tient&#8230; !?</p>



<p class="wp-block-paragraph">Et bien&#8230; Non ! J&rsquo;ai pris des cours avec toi&#8230; Tu m&rsquo;as dit que c&rsquo;était correct, que ma technique était correcte&#8230; </p>



<p class="wp-block-paragraph">Voilà, maintenant je rentre dedans&#8230;</p>

<p>&lt;Enregistré le 01 Juin 2020&gt; &#8211; Alors comme ça, quand tu voulais prendre tes pauses cafés, tu devais demander la permission au Patron&#8230;? &#8211; Ah oui&#8230; Exactement je devais demander s&rsquo;il vous plait&#8230; C&rsquo;est la demi-heure, je peux aller boire mon café ?C&rsquo;est ma demi-heure de pause&#8230; Je la prenais quand j&rsquo;avais un trou&#8230; et [&hellip;]</p>
