{"id":1431,"date":"2026-02-15T21:11:07","date_gmt":"2026-02-15T21:11:07","guid":{"rendered":"https:\/\/mercigracias.ch\/?page_id=1431"},"modified":"2026-06-20T14:59:37","modified_gmt":"2026-06-20T14:59:37","slug":"apprenez-moi-carita","status":"publish","type":"page","link":"https:\/\/mercigracias.ch\/?page_id=1431","title":{"rendered":"Apprenez moi Carita !"},"content":{"rendered":"\n<p class=\"wp-block-paragraph\">&lt;Enregistr\u00e9 le 28 Novembre 2021&gt;<\/p>\n\n\n\n<figure class=\"wp-block-audio\"><audio controls src=\"https:\/\/mercigracias.ch\/wp-content\/uploads\/2026\/02\/20211128-1323-ApprenezMoiCarita.m4a\"><\/audio><\/figure>\n\n\n\n<p class=\"wp-block-paragraph\">Il m&rsquo;avait dit : <br>&#8211; Je n&rsquo;aime pas le style Sassoon ! <br>&#8211; Ah, mais moi non plus ! que je lui ai r\u00e9pondu.<br>J&rsquo;ai appris le style Sassoon mais je n&rsquo;aime pas Sassoon&#8230; <br>Alors apprenez moi Carita, puisque c&rsquo;est votre style de salon, moi je veux bien&#8230;<\/p>\n\n\n\n<p class=\"wp-block-paragraph\">Et il me dit en pensant qu&rsquo;il allait me dissuader&#8230;: <br>&#8211; Euhh&#8230; Ah et bien d&rsquo;accord&#8230;!<br>&#8211; Ok !<\/p>\n\n\n\n<p class=\"wp-block-paragraph\">Moi, je faisais 8 heures &#8211; 5 heures 1\/2 j&rsquo;avais 9 heures \u00e0 suivi&#8230; <br>J&rsquo;avais une demi heure de pause, donc j&rsquo;avais fait mes 9 heures&#8230; et il y avait la vente du soir le jeudi, o\u00f9 on fermait le salon de coiffure \u00e0 21 heures, donc fallait y aller, hein !<\/p>\n\n\n\n<p class=\"wp-block-paragraph\">Il me dit :<br>&#8211; Bon alors, on peut faire \u00e7a le mardi soir&#8230; et puis \u00e7a sera \u00e0 7 heures&#8230;<br>Parce qu&rsquo;on fini le salon \u00e0 6 heures 1\/2 donc pour moi \u00e7a sera 7 heures o\u00f9 je serai disponible&#8230;<\/p>\n\n\n\n<p class=\"wp-block-paragraph\">Donc t&rsquo;avais fait ta journ\u00e9e, je devais attendre de 5 heures 1\/2 encore jusque 7 heures et puis rentrer \u00e0 je ne sais pas quelle heure, pour revenir le lendemain matin ! <br>Et apr\u00e8s il y avait le jeudi soir la vente du soir&#8230;<\/p>\n\n\n\n<p class=\"wp-block-paragraph\">Je lui ai dit :<br>&#8211; OK \u00e7a marche !<br>&#8211; Comment vous aller trouver des mod\u00e8les ? qu&rsquo;il me demande&#8230;<\/p>\n\n\n\n<p class=\"wp-block-paragraph\">&#8211; Ne vous occupez pas de \u00e7a&#8230; \u00c7a, \u00e7a me regarde ! <br>Mais donnez moi vos cours, puisque vous voulez que je pratique Carita&#8230;<\/p>\n\n\n\n<p class=\"wp-block-paragraph\">Et j&rsquo;\u00e9tais pr\u00e9sente&#8230; il se ram\u00e8ne \u00e0 7 heures, le mardi soir&#8230;<br>Il voit mon mod\u00e8le et&#8230; il avait presque oubli\u00e9 de revenir au salon, parce qu&rsquo;il \u00e9tait sorti&#8230; et il revient et il me dit : <br>&#8211; Ah&#8230; Mais \u00e7a alors&#8230;!<br>Ah bon&#8230; vous avez trouv\u00e9 un mod\u00e8le ?<\/p>\n\n\n\n<p class=\"wp-block-paragraph\">&#8211; Ben oui, on avait rendez vous ce soir&#8230; \u00e0 7 heures avec un mod\u00e8le, et bien moi j&rsquo;ai mon mod\u00e8le et puis je suis l\u00e0&#8230;.<br>&#8211; Alors l\u00e0&#8230; Vous me soufflez compl\u00e8tement !<\/p>\n\n\n\n<p class=\"wp-block-paragraph\">Puis deuxi\u00e8me fois, troisi\u00e8me fois&#8230; intrigu\u00e9, il me dit : <br>&#8211; Mais vous les trouvez o\u00f9 vos mod\u00e8les ?<br>&#8211;  Mais mes mod\u00e8les&#8230;? Je les trouve, ils sont l\u00e0&#8230;!<\/p>\n\n\n\n<p class=\"wp-block-paragraph\">&#8211; Oui, Mais vous les trouvez comment ?<br>&#8211; Mais \u00e0 la gare, que je lui dis&#8230; Puisqu&rsquo;il y a un autre soir o\u00f9 je dois rester plus tard, alors j&rsquo;arr\u00eate les gens pour leur demander qui c&rsquo;est qui \u00e0 besoin d&rsquo;une coupe de cheveux, et une coupe qui va d&rsquo;apr\u00e8s ce que je veux&#8230;<\/p>\n\n\n\n<p class=\"wp-block-paragraph\">Donc je rentrais encore une fois, un soir un peu plus tard&#8230; le temps de trouver mon mod\u00e8le.<\/p>\n\n\n\n<p class=\"wp-block-paragraph\">il me dit : <br>&#8211; Alors avec vous&#8230; sacr\u00e9 matin ! (Rire)<\/p>\n\n\n\n<p class=\"wp-block-paragraph\">J&rsquo;ai vu qu&rsquo;il \u00e9tait compl\u00e8tement souffl\u00e9, il n&rsquo;en revenait pas&#8230; Il a dit : <br>&#8211; Ah ben dis donc&#8230; et puis ces personnes l\u00e0, vous ne les connaissez pas&#8230; !? <br>&#8211; Non, pas du tout ! Par chance elles sont venues, parce qu&rsquo;on s&rsquo;est rencontr\u00e9&#8230; On s&rsquo;est donn\u00e9 le num\u00e9ro de t\u00e9l\u00e9phone, on a discut\u00e9 sur la coupe qu&rsquo;on allait faire&#8230; Je lui ai dit o\u00f9 je travaillais, la rue et tout&#8230;<\/p>\n\n\n\n<p class=\"wp-block-paragraph\"><em>(C&rsquo;\u00e9tait les ann\u00e9es 80, et pas de t\u00e9l\u00e9phone portable&#8230;)<\/em><\/p>\n\n\n\n<p class=\"wp-block-paragraph\">Et en plus de \u00e7a, ce n&rsquo;\u00e9tait pas sp\u00e9cialement des gens qui avaient d\u00e9cid\u00e9 d&rsquo;aller chez le coiffeur&#8230; C&rsquo;\u00e9tait des gens que j&rsquo;avais d\u00e9cid\u00e9 et que j&rsquo;arr\u00eatais, et \u00e0 qui je disais :<br>&#8211; Ah et bien toi je te verrais bien avec une coupe, comme \u00e7a&#8230;<br>Il fallait vendre d\u00e9j\u00e0 la coupe que j&rsquo;avais vu faire ! &#8230;et puis encore que la personne s&rsquo;arr\u00eate&#8230; parce qu&rsquo;elle allait prendre son train aussi&#8230; <br>Tu vois, il fallait qu&rsquo;elle ait le temps de parler.<\/p>\n\n\n\n<p class=\"wp-block-paragraph\">Ben oui&#8230; et \u00e0 chaque fois, j&rsquo;arrivais avec mon mod\u00e8le. (Rire)<\/p>\n\n\n\n<p class=\"wp-block-paragraph\">Il fallait qu&rsquo;elles viennent, et elles sont toujours venues&#8230;<\/p>\n\n\n\n<ul class=\"wp-block-list\">\n<li>La vente \u00e9tait bien faite !<\/li>\n<\/ul>\n","protected":false},"excerpt":{"rendered":"<p>&lt;Enregistr\u00e9 le 28 Novembre 2021&gt; Il m&rsquo;avait dit : &#8211; Je n&rsquo;aime pas le style Sassoon ! &#8211; Ah, mais moi non plus ! que je lui ai r\u00e9pondu.J&rsquo;ai appris le style Sassoon mais je n&rsquo;aime pas Sassoon&#8230; Alors apprenez moi Carita, puisque c&rsquo;est votre style de salon, moi je veux bien&#8230; Et il me [&hellip;]<\/p>\n","protected":false},"author":1,"featured_media":0,"parent":0,"menu_order":0,"comment_status":"open","ping_status":"closed","template":"pages-chapitre-06","meta":{"footnotes":""},"class_list":["post-1431","page","type-page","status-publish","hentry"],"jetpack_sharing_enabled":true,"_links":{"self":[{"href":"https:\/\/mercigracias.ch\/index.php?rest_route=\/wp\/v2\/pages\/1431","targetHints":{"allow":["GET"]}}],"collection":[{"href":"https:\/\/mercigracias.ch\/index.php?rest_route=\/wp\/v2\/pages"}],"about":[{"href":"https:\/\/mercigracias.ch\/index.php?rest_route=\/wp\/v2\/types\/page"}],"author":[{"embeddable":true,"href":"https:\/\/mercigracias.ch\/index.php?rest_route=\/wp\/v2\/users\/1"}],"replies":[{"embeddable":true,"href":"https:\/\/mercigracias.ch\/index.php?rest_route=%2Fwp%2Fv2%2Fcomments&post=1431"}],"version-history":[{"count":7,"href":"https:\/\/mercigracias.ch\/index.php?rest_route=\/wp\/v2\/pages\/1431\/revisions"}],"predecessor-version":[{"id":4783,"href":"https:\/\/mercigracias.ch\/index.php?rest_route=\/wp\/v2\/pages\/1431\/revisions\/4783"}],"wp:attachment":[{"href":"https:\/\/mercigracias.ch\/index.php?rest_route=%2Fwp%2Fv2%2Fmedia&parent=1431"}],"curies":[{"name":"wp","href":"https:\/\/api.w.org\/{rel}","templated":true}]}}

<p class="wp-block-paragraph">&lt;Enregistré le 28 Novembre 2021&gt;</p>



<figure class="wp-block-audio"><audio controls src="https://mercigracias.ch/wp-content/uploads/2026/02/20211128-1323-ApprenezMoiCarita.m4a"></audio></figure>



<p class="wp-block-paragraph">Il m&rsquo;avait dit : <br>&#8211; Je n&rsquo;aime pas le style Sassoon ! <br>&#8211; Ah, mais moi non plus ! que je lui ai répondu.<br>J&rsquo;ai appris le style Sassoon mais je n&rsquo;aime pas Sassoon&#8230; <br>Alors apprenez moi Carita, puisque c&rsquo;est votre style de salon, moi je veux bien&#8230;</p>



<p class="wp-block-paragraph">Et il me dit en pensant qu&rsquo;il allait me dissuader&#8230;: <br>&#8211; Euhh&#8230; Ah et bien d&rsquo;accord&#8230;!<br>&#8211; Ok !</p>



<p class="wp-block-paragraph">Moi, je faisais 8 heures &#8211; 5 heures 1/2 j&rsquo;avais 9 heures à suivi&#8230; <br>J&rsquo;avais une demi heure de pause, donc j&rsquo;avais fait mes 9 heures&#8230; et il y avait la vente du soir le jeudi, où on fermait le salon de coiffure à 21 heures, donc fallait y aller, hein !</p>



<p class="wp-block-paragraph">Il me dit :<br>&#8211; Bon alors, on peut faire ça le mardi soir&#8230; et puis ça sera à 7 heures&#8230;<br>Parce qu&rsquo;on fini le salon à 6 heures 1/2 donc pour moi ça sera 7 heures où je serai disponible&#8230;</p>



<p class="wp-block-paragraph">Donc t&rsquo;avais fait ta journée, je devais attendre de 5 heures 1/2 encore jusque 7 heures et puis rentrer à je ne sais pas quelle heure, pour revenir le lendemain matin ! <br>Et après il y avait le jeudi soir la vente du soir&#8230;</p>



<p class="wp-block-paragraph">Je lui ai dit :<br>&#8211; OK ça marche !<br>&#8211; Comment vous aller trouver des modèles ? qu&rsquo;il me demande&#8230;</p>



<p class="wp-block-paragraph">&#8211; Ne vous occupez pas de ça&#8230; Ça, ça me regarde ! <br>Mais donnez moi vos cours, puisque vous voulez que je pratique Carita&#8230;</p>



<p class="wp-block-paragraph">Et j&rsquo;étais présente&#8230; il se ramène à 7 heures, le mardi soir&#8230;<br>Il voit mon modèle et&#8230; il avait presque oublié de revenir au salon, parce qu&rsquo;il était sorti&#8230; et il revient et il me dit : <br>&#8211; Ah&#8230; Mais ça alors&#8230;!<br>Ah bon&#8230; vous avez trouvé un modèle ?</p>



<p class="wp-block-paragraph">&#8211; Ben oui, on avait rendez vous ce soir&#8230; à 7 heures avec un modèle, et bien moi j&rsquo;ai mon modèle et puis je suis là&#8230;.<br>&#8211; Alors là&#8230; Vous me soufflez complètement !</p>



<p class="wp-block-paragraph">Puis deuxième fois, troisième fois&#8230; intrigué, il me dit : <br>&#8211; Mais vous les trouvez où vos modèles ?<br>&#8211;  Mais mes modèles&#8230;? Je les trouve, ils sont là&#8230;!</p>



<p class="wp-block-paragraph">&#8211; Oui, Mais vous les trouvez comment ?<br>&#8211; Mais à la gare, que je lui dis&#8230; Puisqu&rsquo;il y a un autre soir où je dois rester plus tard, alors j&rsquo;arrête les gens pour leur demander qui c&rsquo;est qui à besoin d&rsquo;une coupe de cheveux, et une coupe qui va d&rsquo;après ce que je veux&#8230;</p>



<p class="wp-block-paragraph">Donc je rentrais encore une fois, un soir un peu plus tard&#8230; le temps de trouver mon modèle.</p>



<p class="wp-block-paragraph">il me dit : <br>&#8211; Alors avec vous&#8230; sacré matin ! (Rire)</p>



<p class="wp-block-paragraph">J&rsquo;ai vu qu&rsquo;il était complètement soufflé, il n&rsquo;en revenait pas&#8230; Il a dit : <br>&#8211; Ah ben dis donc&#8230; et puis ces personnes là, vous ne les connaissez pas&#8230; !? <br>&#8211; Non, pas du tout ! Par chance elles sont venues, parce qu&rsquo;on s&rsquo;est rencontré&#8230; On s&rsquo;est donné le numéro de téléphone, on a discuté sur la coupe qu&rsquo;on allait faire&#8230; Je lui ai dit où je travaillais, la rue et tout&#8230;</p>



<p class="wp-block-paragraph"><em>(C&rsquo;était les années 80, et pas de téléphone portable&#8230;)</em></p>



<p class="wp-block-paragraph">Et en plus de ça, ce n&rsquo;était pas spécialement des gens qui avaient décidé d&rsquo;aller chez le coiffeur&#8230; C&rsquo;était des gens que j&rsquo;avais décidé et que j&rsquo;arrêtais, et à qui je disais :<br>&#8211; Ah et bien toi je te verrais bien avec une coupe, comme ça&#8230;<br>Il fallait vendre déjà la coupe que j&rsquo;avais vu faire ! &#8230;et puis encore que la personne s&rsquo;arrête&#8230; parce qu&rsquo;elle allait prendre son train aussi&#8230; <br>Tu vois, il fallait qu&rsquo;elle ait le temps de parler.</p>



<p class="wp-block-paragraph">Ben oui&#8230; et à chaque fois, j&rsquo;arrivais avec mon modèle. (Rire)</p>



<p class="wp-block-paragraph">Il fallait qu&rsquo;elles viennent, et elles sont toujours venues&#8230;</p>



<ul class="wp-block-list">
<li>La vente était bien faite !</li>
</ul>

<p>&lt;Enregistré le 28 Novembre 2021&gt; Il m&rsquo;avait dit : &#8211; Je n&rsquo;aime pas le style Sassoon ! &#8211; Ah, mais moi non plus ! que je lui ai répondu.J&rsquo;ai appris le style Sassoon mais je n&rsquo;aime pas Sassoon&#8230; Alors apprenez moi Carita, puisque c&rsquo;est votre style de salon, moi je veux bien&#8230; Et il me [&hellip;]</p>
