{"id":1442,"date":"2026-02-16T14:28:58","date_gmt":"2026-02-16T14:28:58","guid":{"rendered":"https:\/\/mercigracias.ch\/?page_id=1442"},"modified":"2026-06-20T15:08:40","modified_gmt":"2026-06-20T15:08:40","slug":"les-pommes-de-terre","status":"publish","type":"page","link":"https:\/\/mercigracias.ch\/?page_id=1442","title":{"rendered":"Les pommes de terre&#8230;"},"content":{"rendered":"\n<p class=\"wp-block-paragraph\">&lt;Enregistr\u00e9 les 29 Ao\u00fbt 2014 et 07 Juillet 2016&gt;<\/p>\n\n\n\n<p class=\"wp-block-paragraph\">Michelangelo avait sa m\u00e9thode pour suivre son personnel, et quand ses employ\u00e9s n&rsquo;avaient pas fait quelque chose, ils avaient \u00ab\u00a0La pomme de terre\u00a0\u00bb&#8230;<\/p>\n\n\n\n<p class=\"wp-block-paragraph\">\u00c7a voulait dire l&rsquo;amende&#8230; Une amende d&rsquo;1 Franc et quand c&rsquo;\u00e9tait ok, t&rsquo;avais 1 point&#8230;<\/p>\n\n\n\n<p class=\"wp-block-paragraph\">Alors moi tr\u00e8s vite quand je suis arriv\u00e9e, je leur ai dit :<br>&#8211; Ah ben voil\u00e0, y a la patate&#8230;! (Rire)<\/p>\n\n\n\n<p class=\"wp-block-paragraph\">Mais il s&rsquo;\u00e9tait rendu compte tr\u00e8s rapidement, que pour moi les choses \u00e9taient \u00e9videntes pour tout, pour le rangement, pour faire&#8230; <br>Alors il s&rsquo;\u00e9tait vite rendu compte aussi que pour moi, je ne me faisais jamais choper, donc il m&rsquo;a nomm\u00e9e, cheffe&#8230; Cheffe des contr\u00f4les !<br>Si les autres ne faisaient pas, alors c&rsquo;\u00e9tait chez moi \u00e0 qui il mettait la patate&#8230; (rire)<\/p>\n\n\n\n<p class=\"wp-block-paragraph\">Il m&rsquo;avait donn\u00e9 le contr\u00f4le sur les autres&#8230;<\/p>\n\n\n\n<p class=\"wp-block-paragraph\">Il m&rsquo;a surtout dit : <br>&#8211; Vous ne faites pas&nbsp;!  Vous dites aux autres de faire ce que vous voulez qu&rsquo;ils fassent, et vous contr\u00f4lez ! Mais vous&#8230; vous ne faites pas ! <br>Vous, vous n&rsquo;avez rien \u00e0 faire, vous ne touchez \u00e0 rien !<\/p>\n\n\n\n<p class=\"wp-block-paragraph\">Il voulait se d\u00e9charger, et il me donnait la responsabilit\u00e9 de \u00e7a&#8230;<\/p>\n\n\n\n<p class=\"wp-block-paragraph\">Alors si ce n&rsquo;\u00e9tait pas fait, on avait la pomme de terre, et la pomme de terre, la patate c&rsquo;\u00e9tait l&rsquo;amende&#8230; On devait mettre 1 franc dans la caisse. Il y avait une caisse&#8230; et si on avait fait le travail qu&rsquo;on avait \u00e0 faire, on gagnait une frite ! C&rsquo;est \u00e0 dire on avait un point. Un bonus&#8230;<\/p>\n\n\n\n<p class=\"wp-block-paragraph\">Donc moi, il m&rsquo;avait menac\u00e9e, il m&rsquo;avait dit que je devais contr\u00f4ler que les autres rangent le salon, que le salon soit rang\u00e9&#8230; Parce qu&rsquo;il avait vu que quand le salon \u00e9tait en chni, c&rsquo;\u00e9tait toujours moi qui faisais, qui le rangeait derri\u00e8re et que j&rsquo;allais encore le faire&#8230;<\/p>\n\n\n\n<p class=\"wp-block-paragraph\">Alors il m&rsquo;a dit :<br>&#8211; Non&#8230; Je ne veux pas que \u00e7a soit vous ! <\/p>\n\n\n\n<p class=\"wp-block-paragraph\">Il s&rsquo;\u00e9tait dit, bon je vais la prendre elle, car elle sait d\u00e9j\u00e0 faire&#8230;<\/p>\n\n\n\n<p class=\"wp-block-paragraph\">&#8211; Et si je vous vois faire&#8230; <\/p>\n\n\n\n<p class=\"wp-block-paragraph\">Il allait dire : C&rsquo;est la patate, alors je lui ai dit&#8230;<br>&#8211; Mais vous me verrez toujours le faire parce que moi je ne suis pas comme \u00e7a&#8230;! Mais je le ferai en m\u00eame temps que les autres, parce qu&rsquo;autrement je me trouve en dehors, du coup.<\/p>\n\n\n\n<p class=\"wp-block-paragraph\">&#8211; OK, mais si je vous vois faire toute seule&#8230; et bien vous avez la patate ! qu&rsquo;il m&rsquo;a r\u00e9pondu.<\/p>\n\n\n\n<p class=\"wp-block-paragraph\">Alors je me suis dit :<br>&#8211; Ah, Mince, hein&#8230; Pas de patate !<\/p>\n\n\n\n<p class=\"wp-block-paragraph\">&#8211; <em>Etre punie pour <em>bien <\/em>faire les choses, c&rsquo;est le comble&#8230;<\/em><\/p>\n\n\n\n<p class=\"wp-block-paragraph\">Et comme il notait tout \u00e7a sur ses affiches, moi je m&rsquo;\u00e9tais dit :<br>&#8211; Ahhh mais c&rsquo;est le comble&#8230;!<br>Alors j&rsquo;ai fait un grand panneau&#8230; comme celui o\u00f9, il nous fichait ses patates&#8230; et je m&rsquo;\u00e9tais dit : <br>&#8211; On y mettra aussi Michelangelo dessus&#8230;<\/p>\n\n\n\n<p class=\"wp-block-paragraph\">Alors il \u00e9tait devenu furieux parce que c&rsquo;\u00e9tait un comble&#8230; qu&rsquo;on puisse mettre aussi son nom dessus l&rsquo;affiche !<\/p>\n\n\n\n<p class=\"wp-block-paragraph\">Et Tac&#8230; quand il arrivait en retard, patate ! Tu penses qu&rsquo;il \u00e9tait furax !<\/p>\n\n\n\n<p class=\"wp-block-paragraph\">&#8211; <em>Qu&rsquo;est ce qu&rsquo;on ne fait pas quand on a 20 ans&#8230;<\/em><\/p>\n\n\n\n<p class=\"wp-block-paragraph\">Il m&rsquo;avait appel\u00e9e au bureau et il m&rsquo;avait dit&#8230;<br>&#8211; A quoi vous pensez, quand vous d\u00e9cider de mettre le patron&#8230;?<br> \u00c7a, on ne fait pas ! On ne met pas le patron&#8230; Il begayait un petit peu comme \u00e7a&#8230; <\/p>\n\n\n\n<p class=\"wp-block-paragraph\">On ne me met pas, quoi&#8230; ! (Rire) mais pas le patroonnnn, pas lui&#8230;!  <br>&#8211; Mais pourquoi ? On est tous une \u00e9quipe hein !? &#8230;Ici dedans. <br>&#8211; Mais pas le patron&#8230; qu&rsquo;il me disait.<\/p>\n\n\n\n<p class=\"wp-block-paragraph\">Et puis quelque temps apr\u00e8s, c&rsquo;\u00e9tait encore moi qui avait fait une feuille aussi grande que \u00e7a, par rapport \u00e0 autre chose, par rapport aux comportements&#8230;<\/p>\n\n\n\n<p class=\"wp-block-paragraph\"><\/p>\n","protected":false},"excerpt":{"rendered":"<p>&lt;Enregistr\u00e9 les 29 Ao\u00fbt 2014 et 07 Juillet 2016&gt; Michelangelo avait sa m\u00e9thode pour suivre son personnel, et quand ses employ\u00e9s n&rsquo;avaient pas fait quelque chose, ils avaient \u00ab\u00a0La pomme de terre\u00a0\u00bb&#8230; \u00c7a voulait dire l&rsquo;amende&#8230; Une amende d&rsquo;1 Franc et quand c&rsquo;\u00e9tait ok, t&rsquo;avais 1 point&#8230; Alors moi tr\u00e8s vite quand je suis arriv\u00e9e, [&hellip;]<\/p>\n","protected":false},"author":1,"featured_media":0,"parent":0,"menu_order":0,"comment_status":"open","ping_status":"closed","template":"pages-chapitre-06","meta":{"footnotes":""},"class_list":["post-1442","page","type-page","status-publish","hentry"],"jetpack_sharing_enabled":true,"_links":{"self":[{"href":"https:\/\/mercigracias.ch\/index.php?rest_route=\/wp\/v2\/pages\/1442","targetHints":{"allow":["GET"]}}],"collection":[{"href":"https:\/\/mercigracias.ch\/index.php?rest_route=\/wp\/v2\/pages"}],"about":[{"href":"https:\/\/mercigracias.ch\/index.php?rest_route=\/wp\/v2\/types\/page"}],"author":[{"embeddable":true,"href":"https:\/\/mercigracias.ch\/index.php?rest_route=\/wp\/v2\/users\/1"}],"replies":[{"embeddable":true,"href":"https:\/\/mercigracias.ch\/index.php?rest_route=%2Fwp%2Fv2%2Fcomments&post=1442"}],"version-history":[{"count":5,"href":"https:\/\/mercigracias.ch\/index.php?rest_route=\/wp\/v2\/pages\/1442\/revisions"}],"predecessor-version":[{"id":4785,"href":"https:\/\/mercigracias.ch\/index.php?rest_route=\/wp\/v2\/pages\/1442\/revisions\/4785"}],"wp:attachment":[{"href":"https:\/\/mercigracias.ch\/index.php?rest_route=%2Fwp%2Fv2%2Fmedia&parent=1442"}],"curies":[{"name":"wp","href":"https:\/\/api.w.org\/{rel}","templated":true}]}}

<p class="wp-block-paragraph">&lt;Enregistré les 29 Août 2014 et 07 Juillet 2016&gt;</p>



<p class="wp-block-paragraph">Michelangelo avait sa méthode pour suivre son personnel, et quand ses employés n&rsquo;avaient pas fait quelque chose, ils avaient « La pomme de terre »&#8230;</p>



<p class="wp-block-paragraph">Ça voulait dire l&rsquo;amende&#8230; Une amende d&rsquo;1 Franc et quand c&rsquo;était ok, t&rsquo;avais 1 point&#8230;</p>



<p class="wp-block-paragraph">Alors moi très vite quand je suis arrivée, je leur ai dit :<br>&#8211; Ah ben voilà, y a la patate&#8230;! (Rire)</p>



<p class="wp-block-paragraph">Mais il s&rsquo;était rendu compte très rapidement, que pour moi les choses étaient évidentes pour tout, pour le rangement, pour faire&#8230; <br>Alors il s&rsquo;était vite rendu compte aussi que pour moi, je ne me faisais jamais choper, donc il m&rsquo;a nommée, cheffe&#8230; Cheffe des contrôles !<br>Si les autres ne faisaient pas, alors c&rsquo;était chez moi à qui il mettait la patate&#8230; (rire)</p>



<p class="wp-block-paragraph">Il m&rsquo;avait donné le contrôle sur les autres&#8230;</p>



<p class="wp-block-paragraph">Il m&rsquo;a surtout dit : <br>&#8211; Vous ne faites pas&nbsp;!  Vous dites aux autres de faire ce que vous voulez qu&rsquo;ils fassent, et vous contrôlez ! Mais vous&#8230; vous ne faites pas ! <br>Vous, vous n&rsquo;avez rien à faire, vous ne touchez à rien !</p>



<p class="wp-block-paragraph">Il voulait se décharger, et il me donnait la responsabilité de ça&#8230;</p>



<p class="wp-block-paragraph">Alors si ce n&rsquo;était pas fait, on avait la pomme de terre, et la pomme de terre, la patate c&rsquo;était l&rsquo;amende&#8230; On devait mettre 1 franc dans la caisse. Il y avait une caisse&#8230; et si on avait fait le travail qu&rsquo;on avait à faire, on gagnait une frite ! C&rsquo;est à dire on avait un point. Un bonus&#8230;</p>



<p class="wp-block-paragraph">Donc moi, il m&rsquo;avait menacée, il m&rsquo;avait dit que je devais contrôler que les autres rangent le salon, que le salon soit rangé&#8230; Parce qu&rsquo;il avait vu que quand le salon était en chni, c&rsquo;était toujours moi qui faisais, qui le rangeait derrière et que j&rsquo;allais encore le faire&#8230;</p>



<p class="wp-block-paragraph">Alors il m&rsquo;a dit :<br>&#8211; Non&#8230; Je ne veux pas que ça soit vous ! </p>



<p class="wp-block-paragraph">Il s&rsquo;était dit, bon je vais la prendre elle, car elle sait déjà faire&#8230;</p>



<p class="wp-block-paragraph">&#8211; Et si je vous vois faire&#8230; </p>



<p class="wp-block-paragraph">Il allait dire : C&rsquo;est la patate, alors je lui ai dit&#8230;<br>&#8211; Mais vous me verrez toujours le faire parce que moi je ne suis pas comme ça&#8230;! Mais je le ferai en même temps que les autres, parce qu&rsquo;autrement je me trouve en dehors, du coup.</p>



<p class="wp-block-paragraph">&#8211; OK, mais si je vous vois faire toute seule&#8230; et bien vous avez la patate ! qu&rsquo;il m&rsquo;a répondu.</p>



<p class="wp-block-paragraph">Alors je me suis dit :<br>&#8211; Ah, Mince, hein&#8230; Pas de patate !</p>



<p class="wp-block-paragraph">&#8211; <em>Etre punie pour <em>bien </em>faire les choses, c&rsquo;est le comble&#8230;</em></p>



<p class="wp-block-paragraph">Et comme il notait tout ça sur ses affiches, moi je m&rsquo;étais dit :<br>&#8211; Ahhh mais c&rsquo;est le comble&#8230;!<br>Alors j&rsquo;ai fait un grand panneau&#8230; comme celui où, il nous fichait ses patates&#8230; et je m&rsquo;étais dit : <br>&#8211; On y mettra aussi Michelangelo dessus&#8230;</p>



<p class="wp-block-paragraph">Alors il était devenu furieux parce que c&rsquo;était un comble&#8230; qu&rsquo;on puisse mettre aussi son nom dessus l&rsquo;affiche !</p>



<p class="wp-block-paragraph">Et Tac&#8230; quand il arrivait en retard, patate ! Tu penses qu&rsquo;il était furax !</p>



<p class="wp-block-paragraph">&#8211; <em>Qu&rsquo;est ce qu&rsquo;on ne fait pas quand on a 20 ans&#8230;</em></p>



<p class="wp-block-paragraph">Il m&rsquo;avait appelée au bureau et il m&rsquo;avait dit&#8230;<br>&#8211; A quoi vous pensez, quand vous décider de mettre le patron&#8230;?<br> Ça, on ne fait pas ! On ne met pas le patron&#8230; Il begayait un petit peu comme ça&#8230; </p>



<p class="wp-block-paragraph">On ne me met pas, quoi&#8230; ! (Rire) mais pas le patroonnnn, pas lui&#8230;!  <br>&#8211; Mais pourquoi ? On est tous une équipe hein !? &#8230;Ici dedans. <br>&#8211; Mais pas le patron&#8230; qu&rsquo;il me disait.</p>



<p class="wp-block-paragraph">Et puis quelque temps après, c&rsquo;était encore moi qui avait fait une feuille aussi grande que ça, par rapport à autre chose, par rapport aux comportements&#8230;</p>



<p class="wp-block-paragraph"></p>

<p>&lt;Enregistré les 29 Août 2014 et 07 Juillet 2016&gt; Michelangelo avait sa méthode pour suivre son personnel, et quand ses employés n&rsquo;avaient pas fait quelque chose, ils avaient « La pomme de terre »&#8230; Ça voulait dire l&rsquo;amende&#8230; Une amende d&rsquo;1 Franc et quand c&rsquo;était ok, t&rsquo;avais 1 point&#8230; Alors moi très vite quand je suis arrivée, [&hellip;]</p>
