{"id":1476,"date":"2026-02-17T09:20:10","date_gmt":"2026-02-17T09:20:10","guid":{"rendered":"https:\/\/mercigracias.ch\/?page_id=1476"},"modified":"2026-07-13T05:36:46","modified_gmt":"2026-07-13T05:36:46","slug":"tony-et-nos-betises","status":"publish","type":"page","link":"https:\/\/mercigracias.ch\/?page_id=1476","title":{"rendered":"Tony, et nos b\u00eatises&#8230;"},"content":{"rendered":"\n<p class=\"wp-block-paragraph\">&lt;Enregistr\u00e9 le 07 Octobre 2016&gt;<\/p>\n\n\n\n<figure class=\"wp-block-audio\"><audio controls src=\"https:\/\/mercigracias.ch\/wp-content\/uploads\/2026\/02\/20161007-135103_Tony.m4a\"><\/audio><\/figure>\n\n\n\n<p class=\"wp-block-paragraph\">Tony, c&rsquo;\u00e9tait le coiffeur avec qui je m&rsquo;entendais bien&#8230; On \u00e9tait dans les m\u00eames \u00e2ges. Il me plaisait bien&#8230; je l&rsquo;aimais bien comme un fr\u00e8re. Il avait la t\u00eate \u00e0 Julien Clerc avec les cheveux tout boucl\u00e9s comme \u00e7a&#8230; Tu vois c&rsquo;\u00e9tait vraiment \u00e7a. Je le trouvais tout mignon ce Tony&#8230; tout chou et il avait ce c\u00f4t\u00e9 bon enfant, quoi&#8230; Il avait cet air pur&#8230;<\/p>\n\n\n\n<p class=\"wp-block-paragraph\">Aussi pr\u00eat \u00e0 faire des b\u00e8tises et  le premier \u00e0 dire :<br>&#8211; Oui&#8230; d&rsquo;accord&#8230; OK !<\/p>\n\n\n\n<p class=\"wp-block-paragraph\">Il y avait une bonne entente ! <br>Alors quand Michelangelo arrivait et qu&rsquo;il me disait : <br>&#8211; Isabelle&#8230; Bureau&#8230;<\/p>\n\n\n\n<p class=\"wp-block-paragraph\">Ce Tony , il disait : <br>&#8211; Muss ich auch kommen&#8230; ? Je dois aussi venir avec ?<\/p>\n\n\n\n<p class=\"wp-block-paragraph\">Parce qu&rsquo;il savait que bien souvent il \u00e9tait appel\u00e9 derri\u00e8re, aussi&#8230; (Rire)<br>Ah.. il \u00e9tait toujours d&rsquo;accord !(Rire) C&rsquo;est pour \u00e7a que je l&rsquo;aimais bien&#8230;<\/p>\n\n\n\n<p class=\"wp-block-paragraph\">Ah oui, toutes les b\u00eatises, il \u00e9tait d&rsquo;accord !<\/p>\n","protected":false},"excerpt":{"rendered":"<p>&lt;Enregistr\u00e9 le 07 Octobre 2016&gt; Tony, c&rsquo;\u00e9tait le coiffeur avec qui je m&rsquo;entendais bien&#8230; On \u00e9tait dans les m\u00eames \u00e2ges. Il me plaisait bien&#8230; je l&rsquo;aimais bien comme un fr\u00e8re. Il avait la t\u00eate \u00e0 Julien Clerc avec les cheveux tout boucl\u00e9s comme \u00e7a&#8230; Tu vois c&rsquo;\u00e9tait vraiment \u00e7a. Je le trouvais tout mignon ce [&hellip;]<\/p>\n","protected":false},"author":1,"featured_media":0,"parent":0,"menu_order":0,"comment_status":"open","ping_status":"closed","template":"pages-chapitre-06","meta":{"footnotes":""},"class_list":["post-1476","page","type-page","status-publish","hentry"],"jetpack_sharing_enabled":true,"_links":{"self":[{"href":"https:\/\/mercigracias.ch\/index.php?rest_route=\/wp\/v2\/pages\/1476","targetHints":{"allow":["GET"]}}],"collection":[{"href":"https:\/\/mercigracias.ch\/index.php?rest_route=\/wp\/v2\/pages"}],"about":[{"href":"https:\/\/mercigracias.ch\/index.php?rest_route=\/wp\/v2\/types\/page"}],"author":[{"embeddable":true,"href":"https:\/\/mercigracias.ch\/index.php?rest_route=\/wp\/v2\/users\/1"}],"replies":[{"embeddable":true,"href":"https:\/\/mercigracias.ch\/index.php?rest_route=%2Fwp%2Fv2%2Fcomments&post=1476"}],"version-history":[{"count":10,"href":"https:\/\/mercigracias.ch\/index.php?rest_route=\/wp\/v2\/pages\/1476\/revisions"}],"predecessor-version":[{"id":5664,"href":"https:\/\/mercigracias.ch\/index.php?rest_route=\/wp\/v2\/pages\/1476\/revisions\/5664"}],"wp:attachment":[{"href":"https:\/\/mercigracias.ch\/index.php?rest_route=%2Fwp%2Fv2%2Fmedia&parent=1476"}],"curies":[{"name":"wp","href":"https:\/\/api.w.org\/{rel}","templated":true}]}}

Tony, et nos bêtises&#8230;

<p class="wp-block-paragraph">&lt;Enregistré le 07 Octobre 2016&gt;</p>



<figure class="wp-block-audio"><audio controls src="https://mercigracias.ch/wp-content/uploads/2026/02/20161007-135103_Tony.m4a"></audio></figure>



<p class="wp-block-paragraph">Tony, c&rsquo;était le coiffeur avec qui je m&rsquo;entendais bien&#8230; On était dans les mêmes âges. Il me plaisait bien&#8230; je l&rsquo;aimais bien comme un frère. Il avait la tête à Julien Clerc avec les cheveux tout bouclés comme ça&#8230; Tu vois c&rsquo;était vraiment ça. Je le trouvais tout mignon ce Tony&#8230; tout chou et il avait ce côté bon enfant, quoi&#8230; Il avait cet air pur&#8230;</p>



<p class="wp-block-paragraph">Aussi prêt à faire des bètises et  le premier à dire :<br>&#8211; Oui&#8230; d&rsquo;accord&#8230; OK !</p>



<p class="wp-block-paragraph">Il y avait une bonne entente ! <br>Alors quand Michelangelo arrivait et qu&rsquo;il me disait : <br>&#8211; Isabelle&#8230; Bureau&#8230;</p>



<p class="wp-block-paragraph">Ce Tony , il disait : <br>&#8211; Muss ich auch kommen&#8230; ? Je dois aussi venir avec ?</p>



<p class="wp-block-paragraph">Parce qu&rsquo;il savait que bien souvent il était appelé derrière, aussi&#8230; (Rire)<br>Ah.. il était toujours d&rsquo;accord !(Rire) C&rsquo;est pour ça que je l&rsquo;aimais bien&#8230;</p>



<p class="wp-block-paragraph">Ah oui, toutes les bêtises, il était d&rsquo;accord !</p>

<p>&lt;Enregistré le 07 Octobre 2016&gt; Tony, c&rsquo;était le coiffeur avec qui je m&rsquo;entendais bien&#8230; On était dans les mêmes âges. Il me plaisait bien&#8230; je l&rsquo;aimais bien comme un frère. Il avait la tête à Julien Clerc avec les cheveux tout bouclés comme ça&#8230; Tu vois c&rsquo;était vraiment ça. Je le trouvais tout mignon ce [&hellip;]</p>
