{"id":1500,"date":"2026-02-17T12:09:33","date_gmt":"2026-02-17T12:09:33","guid":{"rendered":"https:\/\/mercigracias.ch\/?page_id=1500"},"modified":"2026-06-21T12:11:06","modified_gmt":"2026-06-21T12:11:06","slug":"mes-copains","status":"publish","type":"page","link":"https:\/\/mercigracias.ch\/?page_id=1500","title":{"rendered":"Mes copains&#8230;"},"content":{"rendered":"\n<p class=\"wp-block-paragraph\">&lt;Enregistr\u00e9 le 03 Juin 2014&gt;<\/p>\n\n\n\n<p class=\"wp-block-paragraph\">A mon copain Beat, le playboy du village, je lui avais dit&#8230;:<br>&#8211; Oui, tu peux \u00eatre fier, gentiment fier et content de toi, parce que ta \u00ab\u00a0Mustang\u00a0\u00bb, c&rsquo;est toi qui l&rsquo;a gagn\u00e9e&#8230; C&rsquo;est ton travail, alors si tu veux te promener avec ta belle \u00ab\u00a0Mustang\u00a0\u00bb, vas-y&#8230;<\/p>\n\n\n\n<ul class=\"wp-block-list\">\n<li>Allez, Regardez ma \u00ab\u00a0Mustang\u00a0\u00bb&#8230; !<\/li>\n<\/ul>\n\n\n\n<p class=\"wp-block-paragraph\">Il venait m&rsquo;ouvrir la porti\u00e8re&#8230; Oui, ta \u00ab\u00a0Mustang\u00a0\u00bb tu l&rsquo;a gagn\u00e9e, c&rsquo;est justifi\u00e9&#8230; \u00c7a avait de la valeur alors que de l&rsquo;autre c\u00f4t\u00e9, mon autre copain, Sacha qui faisait des \u00e9tudes d&rsquo;avocat et qui \u00e9tait une grande t\u00eate&#8230; <br>Il \u00e9tait quelqu&rsquo;un d&rsquo;important \u00e0 Fribourg, son p\u00e8re \u00e9tait aussi avocat, c&rsquo;\u00e9tait pas rien de balancer \u00e0 Sasha et de lui dire stop, en tant que petite coiffeuse !<\/p>\n\n\n\n<p class=\"wp-block-paragraph\">&#8211; Ben \u00e9coute, non merci, je pense que l\u00e0 aussi, il a du ramasser du c\u00f4t\u00e9 de l&rsquo;orgueil&#8230; <br>&#8211; <em>Parce qu&rsquo;il se prenait le chou sans avoir r\u00e9ellement rien fait&#8230;<\/em>?<\/p>\n\n\n\n<p class=\"wp-block-paragraph\">Pour moi il n&rsquo;avait rien fait. C&rsquo;\u00e9tait une estime de lui-m\u00eame qui n&rsquo;\u00e9tait pas justifi\u00e9. \u00c7a m&rsquo;avait travaill\u00e9 d\u00e9j\u00e0 \u00e0 l&rsquo;\u00e9poque alors que j&rsquo;avais 20 ans&#8230; Je m&rsquo;\u00e9tais dit, \u00e7a ne joue pas !<br>La valeur n&rsquo;est pas correcte l\u00e0-dedans. Il se l&rsquo;\u00e9tait appropri\u00e9e par ses parents, par l&rsquo;appartenance au groupe familial&#8230;<\/p>\n\n\n\n<p class=\"wp-block-paragraph\">Quand j&rsquo;avais \u00e9t\u00e9 chez ses parents, il m&rsquo;avait dit , viens regarder la cuisine, les machins, la villa en toute pompe, elle \u00e9tait situ\u00e9e \u00e0 Marly, ou se trouvait aussi ma Copine d&rsquo;enfance&#8230;<br>C&rsquo;\u00e9tait le coin o\u00f9 t&rsquo;y vas quand t&rsquo;es arriv\u00e9&#8230; quand tu vas \u00e0 Marly, tu vois&#8230; C&rsquo;est un petit peu la zone r\u00e9sidentielle de Fribourg, des villas o\u00f9 c&rsquo;est le bon niveau&#8230; Et je me suis dit :<br>&#8211; Ta villa, ta villa&#8230; pourquoi tu me montres ta villa ?<br>Bien, OK&#8230; Mais tu habites ici, chez papa-maman, c&rsquo;est tout !<\/p>\n\n\n\n<p class=\"wp-block-paragraph\">Tu n&rsquo;as rien \u00e0 me montrer, tes machins je m&rsquo;en fous, pour moi ce que tes parents ont fait&#8230;<\/p>\n\n\n\n<p class=\"wp-block-paragraph\">Sasha, il a eu de la chance de me rencontrer car il ne lui restait plus qu&rsquo;une fois \u00e0 passer et avec la mentalit\u00e9 qu&rsquo;il avait j&rsquo;\u00e9tais s\u00fbre qu&rsquo;il loupait. Puisqu&rsquo;il s&rsquo;appropriait des choses qui n&rsquo;\u00e9taient pas siennes et qu&rsquo;il \u00e9tait orgueilleux avec \u00e7a&#8230; Mais le fait de lui avoir dit\u00a0:<br>&#8211; Ecoute, avant d&rsquo;\u00eatre orgueilleux et fier, il faut que tu prouves, hein&#8230; !<br>Il faut que tu remontes tes manches, que tu montres que tu sais faire quelque chose !<\/p>\n\n\n\n<p class=\"wp-block-paragraph\">Je l&rsquo;ai mis totalement au d\u00e9fi et le fait qu&rsquo;en tant que petite coiffeuse, je le mettais au d\u00e9fi, il s&rsquo;est dit : <br>&#8211; Faut y aller&#8230;<br>Il a commenc\u00e9 par me dire :<br>&#8211; Alors t&rsquo;es pas fi\u00e8re, toi&nbsp;? <\/p>\n\n\n\n<p class=\"wp-block-paragraph\">Mais je lui ai dit :<br>&#8211; Mais tu veux que je sois fi\u00e8re de quoi&nbsp;? <br>Que j&rsquo;\u00e9tais coiffeuse ? <br>Oui, j&rsquo;ai de la fiert\u00e9, je travaille&#8230; j&rsquo;ai de la fiert\u00e9 mais je n&rsquo;ai pas \u00e0 \u00eatre fi\u00e8re outre mesure&#8230; Je n&rsquo;ai pas une fiert\u00e9 d\u00e9mesur\u00e9e, je fais juste les choses qui sont normales et je suis contente avec moi, de ce que je fais. C&rsquo;est une satisfaction qui est l\u00e0, mais je n&rsquo;ai pas \u00e0 \u00eatre d\u00e9mesur\u00e9e&#8230;<\/p>\n\n\n\n<p class=\"wp-block-paragraph\">J&rsquo;avais fait l&rsquo;analyse \u00e0 cette \u00e9poque&#8230; \u00e0 20 ans<\/p>\n","protected":false},"excerpt":{"rendered":"<p>&lt;Enregistr\u00e9 le 03 Juin 2014&gt; A mon copain Beat, le playboy du village, je lui avais dit&#8230;:&#8211; Oui, tu peux \u00eatre fier, gentiment fier et content de toi, parce que ta \u00ab\u00a0Mustang\u00a0\u00bb, c&rsquo;est toi qui l&rsquo;a gagn\u00e9e&#8230; C&rsquo;est ton travail, alors si tu veux te promener avec ta belle \u00ab\u00a0Mustang\u00a0\u00bb, vas-y&#8230; Il venait m&rsquo;ouvrir la [&hellip;]<\/p>\n","protected":false},"author":1,"featured_media":0,"parent":0,"menu_order":0,"comment_status":"open","ping_status":"closed","template":"pages-chapitre-06","meta":{"footnotes":""},"class_list":["post-1500","page","type-page","status-publish","hentry"],"jetpack_sharing_enabled":true,"_links":{"self":[{"href":"https:\/\/mercigracias.ch\/index.php?rest_route=\/wp\/v2\/pages\/1500","targetHints":{"allow":["GET"]}}],"collection":[{"href":"https:\/\/mercigracias.ch\/index.php?rest_route=\/wp\/v2\/pages"}],"about":[{"href":"https:\/\/mercigracias.ch\/index.php?rest_route=\/wp\/v2\/types\/page"}],"author":[{"embeddable":true,"href":"https:\/\/mercigracias.ch\/index.php?rest_route=\/wp\/v2\/users\/1"}],"replies":[{"embeddable":true,"href":"https:\/\/mercigracias.ch\/index.php?rest_route=%2Fwp%2Fv2%2Fcomments&post=1500"}],"version-history":[{"count":6,"href":"https:\/\/mercigracias.ch\/index.php?rest_route=\/wp\/v2\/pages\/1500\/revisions"}],"predecessor-version":[{"id":4811,"href":"https:\/\/mercigracias.ch\/index.php?rest_route=\/wp\/v2\/pages\/1500\/revisions\/4811"}],"wp:attachment":[{"href":"https:\/\/mercigracias.ch\/index.php?rest_route=%2Fwp%2Fv2%2Fmedia&parent=1500"}],"curies":[{"name":"wp","href":"https:\/\/api.w.org\/{rel}","templated":true}]}}

<p class="wp-block-paragraph">&lt;Enregistré le 03 Juin 2014&gt;</p>



<p class="wp-block-paragraph">A mon copain Beat, le playboy du village, je lui avais dit&#8230;:<br>&#8211; Oui, tu peux être fier, gentiment fier et content de toi, parce que ta « Mustang », c&rsquo;est toi qui l&rsquo;a gagnée&#8230; C&rsquo;est ton travail, alors si tu veux te promener avec ta belle « Mustang », vas-y&#8230;</p>



<ul class="wp-block-list">
<li>Allez, Regardez ma « Mustang »&#8230; !</li>
</ul>



<p class="wp-block-paragraph">Il venait m&rsquo;ouvrir la portière&#8230; Oui, ta « Mustang » tu l&rsquo;a gagnée, c&rsquo;est justifié&#8230; Ça avait de la valeur alors que de l&rsquo;autre côté, mon autre copain, Sacha qui faisait des études d&rsquo;avocat et qui était une grande tête&#8230; <br>Il était quelqu&rsquo;un d&rsquo;important à Fribourg, son père était aussi avocat, c&rsquo;était pas rien de balancer à Sasha et de lui dire stop, en tant que petite coiffeuse !</p>



<p class="wp-block-paragraph">&#8211; Ben écoute, non merci, je pense que là aussi, il a du ramasser du côté de l&rsquo;orgueil&#8230; <br>&#8211; <em>Parce qu&rsquo;il se prenait le chou sans avoir réellement rien fait&#8230;</em>?</p>



<p class="wp-block-paragraph">Pour moi il n&rsquo;avait rien fait. C&rsquo;était une estime de lui-même qui n&rsquo;était pas justifié. Ça m&rsquo;avait travaillé déjà à l&rsquo;époque alors que j&rsquo;avais 20 ans&#8230; Je m&rsquo;étais dit, ça ne joue pas !<br>La valeur n&rsquo;est pas correcte là-dedans. Il se l&rsquo;était appropriée par ses parents, par l&rsquo;appartenance au groupe familial&#8230;</p>



<p class="wp-block-paragraph">Quand j&rsquo;avais été chez ses parents, il m&rsquo;avait dit , viens regarder la cuisine, les machins, la villa en toute pompe, elle était située à Marly, ou se trouvait aussi ma Copine d&rsquo;enfance&#8230;<br>C&rsquo;était le coin où t&rsquo;y vas quand t&rsquo;es arrivé&#8230; quand tu vas à Marly, tu vois&#8230; C&rsquo;est un petit peu la zone résidentielle de Fribourg, des villas où c&rsquo;est le bon niveau&#8230; Et je me suis dit :<br>&#8211; Ta villa, ta villa&#8230; pourquoi tu me montres ta villa ?<br>Bien, OK&#8230; Mais tu habites ici, chez papa-maman, c&rsquo;est tout !</p>



<p class="wp-block-paragraph">Tu n&rsquo;as rien à me montrer, tes machins je m&rsquo;en fous, pour moi ce que tes parents ont fait&#8230;</p>



<p class="wp-block-paragraph">Sasha, il a eu de la chance de me rencontrer car il ne lui restait plus qu&rsquo;une fois à passer et avec la mentalité qu&rsquo;il avait j&rsquo;étais sûre qu&rsquo;il loupait. Puisqu&rsquo;il s&rsquo;appropriait des choses qui n&rsquo;étaient pas siennes et qu&rsquo;il était orgueilleux avec ça&#8230; Mais le fait de lui avoir dit :<br>&#8211; Ecoute, avant d&rsquo;être orgueilleux et fier, il faut que tu prouves, hein&#8230; !<br>Il faut que tu remontes tes manches, que tu montres que tu sais faire quelque chose !</p>



<p class="wp-block-paragraph">Je l&rsquo;ai mis totalement au défi et le fait qu&rsquo;en tant que petite coiffeuse, je le mettais au défi, il s&rsquo;est dit : <br>&#8211; Faut y aller&#8230;<br>Il a commencé par me dire :<br>&#8211; Alors t&rsquo;es pas fière, toi&nbsp;? </p>



<p class="wp-block-paragraph">Mais je lui ai dit :<br>&#8211; Mais tu veux que je sois fière de quoi&nbsp;? <br>Que j&rsquo;étais coiffeuse ? <br>Oui, j&rsquo;ai de la fierté, je travaille&#8230; j&rsquo;ai de la fierté mais je n&rsquo;ai pas à être fière outre mesure&#8230; Je n&rsquo;ai pas une fierté démesurée, je fais juste les choses qui sont normales et je suis contente avec moi, de ce que je fais. C&rsquo;est une satisfaction qui est là, mais je n&rsquo;ai pas à être démesurée&#8230;</p>



<p class="wp-block-paragraph">J&rsquo;avais fait l&rsquo;analyse à cette époque&#8230; à 20 ans</p>

<p>&lt;Enregistré le 03 Juin 2014&gt; A mon copain Beat, le playboy du village, je lui avais dit&#8230;:&#8211; Oui, tu peux être fier, gentiment fier et content de toi, parce que ta « Mustang », c&rsquo;est toi qui l&rsquo;a gagnée&#8230; C&rsquo;est ton travail, alors si tu veux te promener avec ta belle « Mustang », vas-y&#8230; Il venait m&rsquo;ouvrir la [&hellip;]</p>
