{"id":1506,"date":"2026-02-17T16:07:38","date_gmt":"2026-02-17T16:07:38","guid":{"rendered":"https:\/\/mercigracias.ch\/?page_id=1506"},"modified":"2026-06-21T12:18:51","modified_gmt":"2026-06-21T12:18:51","slug":"le-vieux-pissoir","status":"publish","type":"page","link":"https:\/\/mercigracias.ch\/?page_id=1506","title":{"rendered":"Le vieux pissoir"},"content":{"rendered":"\n<p class=\"wp-block-paragraph\">&lt;Enregistr\u00e9 le 20 Novembre 2016&gt;<\/p>\n\n\n\n<p class=\"wp-block-paragraph\">\u00c0 cette \u00e9poque, il y avait aussi Yvan et Guy, c&rsquo;\u00e9tait deux fran\u00e7ais qui travaillaient \u00ab\u00a0au Vieux Manoir\u00a0\u00bb&#8230; C&rsquo;\u00e9tait un Palace, un 5 \u00e9toiles. <br>Ils l&rsquo;appelaient le Vieux Pissoir&#8230; Ils avaient beaucoup d&rsquo;humour !<\/p>\n\n\n\n<p class=\"wp-block-paragraph\">Les deux \u00e9taient cuistots, Guy devait avoir la trentaine, il avait une dizaine d&rsquo;ann\u00e9es de plus qu&rsquo;Yvan, qui devait avoir 22 ans. <br>Guy, il aimait bien ma s\u0153ur&#8230; Il l&rsquo;aurait bien aim\u00e9, lui&#8230;<\/p>\n\n\n\n<p class=\"wp-block-paragraph\">Mais Yvan, et bien c&rsquo;\u00e9tait avec moi&#8230; Yvan c&rsquo;\u00e9tait l\u00e9ger, c&rsquo;\u00e9tait la jeunesse. C&rsquo;\u00e9tait rafraichissant, mais tu sentais qu&rsquo;il y avait eu de la souffrance derri\u00e8re quand m\u00eame&#8230; Oui, je pense qu&rsquo;il avait eu une enfance pas simple.<\/p>\n\n\n\n<p class=\"wp-block-paragraph\">Il faisait les saisons d&rsquo;\u00e9t\u00e9 l\u00e0, et puis les saisons d&rsquo;hiver en Guadeloupe ou \u00e0 Davos, ou ailleurs&#8230; Mais il suivait les saisons&#8230; et quand il revenait, car il disait toujours&#8230;<br>&#8211; Je vais revenir&#8230; Je vais revenir&#8230; Je reviendrai !<\/p>\n\n\n\n<p class=\"wp-block-paragraph\">Et quand il revenait, il venait me chercher \u00e0 travers le village et il me recherchait partout&#8230; \u00e0 la maison, partout.<\/p>\n\n\n\n<p class=\"wp-block-paragraph\">Une fois, il m&rsquo;avait rencontr\u00e9e alors que j&rsquo;\u00e9tais sur les remparts, \u00e0 l&rsquo;entr\u00e9e du village. C&rsquo;\u00e9tait un vendredi soir&#8230; vers 4 heures.<br>Je me souviens la ville \u00e9tait remplie, et il a bloqu\u00e9 toute la rue, toute la ville&#8230; l\u00e0, avec son auto juste parce qu&rsquo;il m&rsquo;avait vue en chemin !<\/p>\n\n\n\n<p class=\"wp-block-paragraph\">J&rsquo;\u00e9tais encore sur le trottoir, qu&rsquo;il ouvre la fen\u00eatre de son auto, et il me dit&#8230;<br>&#8211; Oh, mais quel travail, quel travail&#8230;!<br>Il \u00e9tait tout fou, tout heureux&#8230; il m&rsquo;appelait depuis sa petite voiture qu&rsquo;on ne savait pas \u00e0 quel moment elle allait l\u00e2cher&#8230; Il \u00e9tait en train de conduire, il avait arr\u00eat\u00e9 sa voiture, et passait sa t\u00eate \u00e0 travers la fen\u00eatre et&#8230; <br>&#8211; H\u00e9\u00e9ee&#8230; Viens m&#8217;embrasser, viens me faire un bisou&#8230; !<\/p>\n\n\n\n<p class=\"wp-block-paragraph\">Et Hop, il me tire comme \u00e7a dans la voiture, j&rsquo;\u00e9tais au milieu de la ville, j&rsquo;avais les jambes en l&rsquo;air, \u00e0 travers la fen\u00eatre&#8230;(Rire) il m&rsquo;avait fait passer par la fen\u00eatre&#8230; On rigolait comme des fous&#8230;(Rire) <br>Il \u00e9tait heureux, et il disait :<br>&#8211; Oh&#8230; mais quel travail, qu&rsquo;est ce que je suis heureux, je suis heureux&#8230; je suis heureux, je ne peux pas te dire comment&#8230;<\/p>\n\n\n\n<ul class=\"wp-block-list\">\n<li>Quel bonheur d&rsquo;\u00eatre revenu !<\/li>\n<\/ul>\n\n\n\n<p class=\"wp-block-paragraph\">Avec lui on rigolait bien quand il me disait : <br>&#8211; Tu me coupes les cheveux ?<br>&#8211; Oui, mais je te coupe les cheveux sur le radeau du lac&#8230; Je ne vais pas faire \u00e7a par terre.<\/p>\n\n\n\n<p class=\"wp-block-paragraph\">Alors il avait ramen\u00e9 un tabouret, pos\u00e9 sur sa t\u00eate en nageant jusqu&rsquo;au radeau et en m&rsquo;amenant mes affaires de coiffure&#8230;<\/p>\n\n\n\n<p class=\"wp-block-paragraph\">Alors je lui avait coup\u00e9 ses cheveux&#8230; Je me souviens c&rsquo;\u00e9tait un jour o\u00f9 il y avait du vent, il y avait tout qui volait&#8230; et lui avec ses trois poils, ses cheveux tout fins&#8230; (Rire) On avait fait les fous&#8230;<\/p>\n\n\n\n<p class=\"wp-block-paragraph\">Qu&rsquo;est ce qu&rsquo;on rigolait&#8230; C&rsquo;\u00e9tait une belle jeunesse !<\/p>\n\n\n\n<p class=\"wp-block-paragraph\">Il \u00e9tait m\u00eame venu faire la cuisine une fois \u00e0 la maison, parce qu&rsquo;il y avait eu les Franchons de Bern, ceux qui m&rsquo;aimaient bien, ceux qui m&rsquo;avaient emmen\u00e9e au palace \u00e0 Paris qui \u00e9taient venus \u00e0 la maison.<\/p>\n\n\n\n<p class=\"wp-block-paragraph\">Yvan \u00e9tait venu faire la cuisine avec Guy, pour les recevoir \u00e0 la maison&#8230; alors J&rsquo;avais pu leur dire :<br>&#8211; Alors Oui&#8230; On peut vous recevoir \u00e0 la maison&#8230;<\/p>\n\n\n\n<p class=\"wp-block-paragraph\">Et on s&rsquo;\u00e9tait dit :<br>&#8211; On va leur faire du 5 \u00e9toiles !<\/p>\n\n\n\n<p class=\"wp-block-paragraph\">Alors ils \u00e9taient tout \u00e9tonn\u00e9s d&rsquo;arriver chez Maman, dans notre petit trois pi\u00e8ces, dans notre trou et d&rsquo;\u00eatre servis en 5 \u00e9toiles, il \u00e9tait adorable cet Yvan, il \u00e9tait vraiment chou&#8230;<\/p>\n\n\n\n<p class=\"wp-block-paragraph\">Et finalement, il revenait toujours jusqu&rsquo;\u00e0 ce qu&rsquo;il m&rsquo;ait vu fr\u00e9quenter mon fianc\u00e9&#8230; et apr\u00e8s, il n&rsquo;est plus revenu dans la r\u00e9gion.<\/p>\n\n\n\n<p class=\"wp-block-paragraph\">Nos chemins, se sont crois\u00e9s comme \u00e7a&#8230; Il avait fini sa saison et il est parti&#8230;<\/p>\n\n\n\n<p class=\"wp-block-paragraph\">Une belle \u00e2me&#8230;<\/p>\n\n\n\n<p class=\"wp-block-paragraph\">Merci Gracias<\/p>\n","protected":false},"excerpt":{"rendered":"<p>&lt;Enregistr\u00e9 le 20 Novembre 2016&gt; \u00c0 cette \u00e9poque, il y avait aussi Yvan et Guy, c&rsquo;\u00e9tait deux fran\u00e7ais qui travaillaient \u00ab\u00a0au Vieux Manoir\u00a0\u00bb&#8230; C&rsquo;\u00e9tait un Palace, un 5 \u00e9toiles. Ils l&rsquo;appelaient le Vieux Pissoir&#8230; Ils avaient beaucoup d&rsquo;humour ! Les deux \u00e9taient cuistots, Guy devait avoir la trentaine, il avait une dizaine d&rsquo;ann\u00e9es de plus [&hellip;]<\/p>\n","protected":false},"author":1,"featured_media":0,"parent":0,"menu_order":0,"comment_status":"open","ping_status":"closed","template":"pages-chapitre-06","meta":{"footnotes":""},"class_list":["post-1506","page","type-page","status-publish","hentry"],"jetpack_sharing_enabled":true,"_links":{"self":[{"href":"https:\/\/mercigracias.ch\/index.php?rest_route=\/wp\/v2\/pages\/1506","targetHints":{"allow":["GET"]}}],"collection":[{"href":"https:\/\/mercigracias.ch\/index.php?rest_route=\/wp\/v2\/pages"}],"about":[{"href":"https:\/\/mercigracias.ch\/index.php?rest_route=\/wp\/v2\/types\/page"}],"author":[{"embeddable":true,"href":"https:\/\/mercigracias.ch\/index.php?rest_route=\/wp\/v2\/users\/1"}],"replies":[{"embeddable":true,"href":"https:\/\/mercigracias.ch\/index.php?rest_route=%2Fwp%2Fv2%2Fcomments&post=1506"}],"version-history":[{"count":6,"href":"https:\/\/mercigracias.ch\/index.php?rest_route=\/wp\/v2\/pages\/1506\/revisions"}],"predecessor-version":[{"id":4813,"href":"https:\/\/mercigracias.ch\/index.php?rest_route=\/wp\/v2\/pages\/1506\/revisions\/4813"}],"wp:attachment":[{"href":"https:\/\/mercigracias.ch\/index.php?rest_route=%2Fwp%2Fv2%2Fmedia&parent=1506"}],"curies":[{"name":"wp","href":"https:\/\/api.w.org\/{rel}","templated":true}]}}

<p class="wp-block-paragraph">&lt;Enregistré le 20 Novembre 2016&gt;</p>



<p class="wp-block-paragraph">À cette époque, il y avait aussi Yvan et Guy, c&rsquo;était deux français qui travaillaient « au Vieux Manoir »&#8230; C&rsquo;était un Palace, un 5 étoiles. <br>Ils l&rsquo;appelaient le Vieux Pissoir&#8230; Ils avaient beaucoup d&rsquo;humour !</p>



<p class="wp-block-paragraph">Les deux étaient cuistots, Guy devait avoir la trentaine, il avait une dizaine d&rsquo;années de plus qu&rsquo;Yvan, qui devait avoir 22 ans. <br>Guy, il aimait bien ma sœur&#8230; Il l&rsquo;aurait bien aimé, lui&#8230;</p>



<p class="wp-block-paragraph">Mais Yvan, et bien c&rsquo;était avec moi&#8230; Yvan c&rsquo;était léger, c&rsquo;était la jeunesse. C&rsquo;était rafraichissant, mais tu sentais qu&rsquo;il y avait eu de la souffrance derrière quand même&#8230; Oui, je pense qu&rsquo;il avait eu une enfance pas simple.</p>



<p class="wp-block-paragraph">Il faisait les saisons d&rsquo;été là, et puis les saisons d&rsquo;hiver en Guadeloupe ou à Davos, ou ailleurs&#8230; Mais il suivait les saisons&#8230; et quand il revenait, car il disait toujours&#8230;<br>&#8211; Je vais revenir&#8230; Je vais revenir&#8230; Je reviendrai !</p>



<p class="wp-block-paragraph">Et quand il revenait, il venait me chercher à travers le village et il me recherchait partout&#8230; à la maison, partout.</p>



<p class="wp-block-paragraph">Une fois, il m&rsquo;avait rencontrée alors que j&rsquo;étais sur les remparts, à l&rsquo;entrée du village. C&rsquo;était un vendredi soir&#8230; vers 4 heures.<br>Je me souviens la ville était remplie, et il a bloqué toute la rue, toute la ville&#8230; là, avec son auto juste parce qu&rsquo;il m&rsquo;avait vue en chemin !</p>



<p class="wp-block-paragraph">J&rsquo;étais encore sur le trottoir, qu&rsquo;il ouvre la fenêtre de son auto, et il me dit&#8230;<br>&#8211; Oh, mais quel travail, quel travail&#8230;!<br>Il était tout fou, tout heureux&#8230; il m&rsquo;appelait depuis sa petite voiture qu&rsquo;on ne savait pas à quel moment elle allait lâcher&#8230; Il était en train de conduire, il avait arrêté sa voiture, et passait sa tête à travers la fenêtre et&#8230; <br>&#8211; Hééee&#8230; Viens m&#8217;embrasser, viens me faire un bisou&#8230; !</p>



<p class="wp-block-paragraph">Et Hop, il me tire comme ça dans la voiture, j&rsquo;étais au milieu de la ville, j&rsquo;avais les jambes en l&rsquo;air, à travers la fenêtre&#8230;(Rire) il m&rsquo;avait fait passer par la fenêtre&#8230; On rigolait comme des fous&#8230;(Rire) <br>Il était heureux, et il disait :<br>&#8211; Oh&#8230; mais quel travail, qu&rsquo;est ce que je suis heureux, je suis heureux&#8230; je suis heureux, je ne peux pas te dire comment&#8230;</p>



<ul class="wp-block-list">
<li>Quel bonheur d&rsquo;être revenu !</li>
</ul>



<p class="wp-block-paragraph">Avec lui on rigolait bien quand il me disait : <br>&#8211; Tu me coupes les cheveux ?<br>&#8211; Oui, mais je te coupe les cheveux sur le radeau du lac&#8230; Je ne vais pas faire ça par terre.</p>



<p class="wp-block-paragraph">Alors il avait ramené un tabouret, posé sur sa tête en nageant jusqu&rsquo;au radeau et en m&rsquo;amenant mes affaires de coiffure&#8230;</p>



<p class="wp-block-paragraph">Alors je lui avait coupé ses cheveux&#8230; Je me souviens c&rsquo;était un jour où il y avait du vent, il y avait tout qui volait&#8230; et lui avec ses trois poils, ses cheveux tout fins&#8230; (Rire) On avait fait les fous&#8230;</p>



<p class="wp-block-paragraph">Qu&rsquo;est ce qu&rsquo;on rigolait&#8230; C&rsquo;était une belle jeunesse !</p>



<p class="wp-block-paragraph">Il était même venu faire la cuisine une fois à la maison, parce qu&rsquo;il y avait eu les Franchons de Bern, ceux qui m&rsquo;aimaient bien, ceux qui m&rsquo;avaient emmenée au palace à Paris qui étaient venus à la maison.</p>



<p class="wp-block-paragraph">Yvan était venu faire la cuisine avec Guy, pour les recevoir à la maison&#8230; alors J&rsquo;avais pu leur dire :<br>&#8211; Alors Oui&#8230; On peut vous recevoir à la maison&#8230;</p>



<p class="wp-block-paragraph">Et on s&rsquo;était dit :<br>&#8211; On va leur faire du 5 étoiles !</p>



<p class="wp-block-paragraph">Alors ils étaient tout étonnés d&rsquo;arriver chez Maman, dans notre petit trois pièces, dans notre trou et d&rsquo;être servis en 5 étoiles, il était adorable cet Yvan, il était vraiment chou&#8230;</p>



<p class="wp-block-paragraph">Et finalement, il revenait toujours jusqu&rsquo;à ce qu&rsquo;il m&rsquo;ait vu fréquenter mon fiancé&#8230; et après, il n&rsquo;est plus revenu dans la région.</p>



<p class="wp-block-paragraph">Nos chemins, se sont croisés comme ça&#8230; Il avait fini sa saison et il est parti&#8230;</p>



<p class="wp-block-paragraph">Une belle âme&#8230;</p>



<p class="wp-block-paragraph">Merci Gracias</p>

<p>&lt;Enregistré le 20 Novembre 2016&gt; À cette époque, il y avait aussi Yvan et Guy, c&rsquo;était deux français qui travaillaient « au Vieux Manoir »&#8230; C&rsquo;était un Palace, un 5 étoiles. Ils l&rsquo;appelaient le Vieux Pissoir&#8230; Ils avaient beaucoup d&rsquo;humour ! Les deux étaient cuistots, Guy devait avoir la trentaine, il avait une dizaine d&rsquo;années de plus [&hellip;]</p>
