{"id":1511,"date":"2026-02-17T16:24:11","date_gmt":"2026-02-17T16:24:11","guid":{"rendered":"https:\/\/mercigracias.ch\/?page_id=1511"},"modified":"2026-07-12T17:31:39","modified_gmt":"2026-07-12T17:31:39","slug":"je-dors-au-schweizerhof","status":"publish","type":"page","link":"https:\/\/mercigracias.ch\/?page_id=1511","title":{"rendered":"Je dors au Schweizerhof"},"content":{"rendered":"\n<p class=\"wp-block-paragraph\">&lt;Enregistr\u00e9 le 01 Mai 2020&gt;<\/p>\n\n\n\n<p class=\"wp-block-paragraph\">Je pense que c&rsquo;\u00e9tait l&rsquo;ann\u00e9e avant de partir \u00e0 Gstaad, \u00e0 mes 21 ans, que les Franchons m&rsquo;ont demand\u00e9 qu&rsquo;est ce que je faisais&#8230; et puis chez nous, rien du tout, hein&#8230; pour nos anniversaires&#8230;<\/p>\n\n\n\n<p class=\"wp-block-paragraph\">Alors ils m&rsquo;ont dit :<br>&#8211; Et bien, alors nous on va t&rsquo;inviter, avec Franchon, on a d\u00e9cid\u00e9 qu&rsquo;on t&rsquo;invitait&#8230;<br>On va t&rsquo;inviter au <a href=\"https:\/\/schweizerhofbern.com\/\">Schweizerhof \u00e0 Bern<\/a> pour souper, on a r\u00e9serv\u00e9 une chambre d&rsquo;h\u00f4tel, et le petit d\u00e9jeuner demain&#8230; Comme \u00e7a tu pourras voir o\u00f9 ton p\u00e8re a fait son apprentissage et tu pourras vivre cet ambiance&#8230; Parce que c&rsquo;\u00e9tait ancien&#8230; Ils avaient peut-\u00eatre refait, mais c&rsquo;\u00e9tait toujours un peu&#8230; comme c&rsquo;\u00e9tait avant !<\/p>\n\n\n\n<p class=\"wp-block-paragraph\">C&rsquo;est comme les palaces, tu retrouves toujours ces marques. <br>Ce n&rsquo;est pas toujours remis \u00e0 neuf.<\/p>\n\n\n\n<p class=\"wp-block-paragraph\">C&rsquo;est comme quand on avait \u00e9t\u00e9 \u00e0 Zermat, ensemble&#8230; Tu retrouves toujours ces traces, tu sens que \u00e7a n&rsquo;a pas \u00e9volu\u00e9, au Schweizerhof, c&rsquo;\u00e9tait pareil&#8230;!<\/p>\n\n\n\n<p class=\"wp-block-paragraph\">Mais derri\u00e8re \u00e7a, tu as la grande classe, le grand service, le grand tralala, c&rsquo;\u00e9tait un cadeau magnifique !<\/p>\n\n\n\n<p class=\"wp-block-paragraph\">Alors \u00e7a avait \u00e9t\u00e9 grandiose&#8230;<\/p>\n\n\n\n<p class=\"wp-block-paragraph\">Le soir apr\u00e8s le travail, j&rsquo;avais organis\u00e9 d&rsquo;avoir mes habits&#8230; qu&rsquo;ils soient pr\u00eats. Je me suis chang\u00e9e au boulot pour aller manger avec eux&#8230; <br>Je les ai rencontr\u00e9s directement l\u00e0-bas sur place, on a pris l&rsquo;ap\u00e9ritif, on a soup\u00e9, on a pass\u00e9 la soir\u00e9e ensemble au Schweizerhof et puis apr\u00e8s autour des 10 heures, 10 heures et demi, comme tout le monde travaillait le lendemain, ils m&rsquo;ont dit : <br>&#8211; Bon ben voil\u00e0&#8230; On te laisse, passe une bonne nuit&#8230; et puis demain matin, le petit d\u00e9jeuner est organis\u00e9, on a regard\u00e9 qui travaille \u00e0 telle et telle heure&#8230; comme \u00e7a tu auras le temps de d\u00e9jeuner, et tu pars \u00e0 ton travail, comme \u00e7a tranquille&#8230; !<\/p>\n\n\n\n<p class=\"wp-block-paragraph\">Un cadeau magnifique, hein ! (Rire)<\/p>\n\n\n\n<p class=\"wp-block-paragraph\">&#8211; Ah ouais, j&rsquo;avais pris des beaux habits pour aller, j&rsquo;ai \u00e9t\u00e9 tr\u00e8s contente d&rsquo;avoir \u00e9t\u00e9 l\u00e0-bas, d&rsquo;avoir pu voir toute cette ambiance&#8230;<\/p>\n\n\n\n<p class=\"wp-block-paragraph\">&#8211; <em>Sur les pas de ton p\u00e8re&#8230;<\/em><br>&#8211; Ah oui !<\/p>\n\n\n\n<p class=\"wp-block-paragraph\">C&rsquo;est l\u00e0 que j&rsquo;avais vu que j&rsquo;avais eu un manque, parce que pour mon fr\u00e8re et ma s\u0153ur, ce n&rsquo;\u00e9tait pas n\u00e9cessaire de faire \u00e7a&#8230;!<\/p>\n\n\n\n<p class=\"wp-block-paragraph\">Ils n&rsquo;ont pas eu envie d&rsquo;aller au Schweizerhof&#8230; d&rsquo;en parler, d&rsquo;aller \u00e0 Zermatt, pour voir le Palace&#8230; ni \u00e0 Lausanne pour aller voir l&rsquo;\u00e9cole des Palaces&#8230; la Haute Ecole H\u00f4teli\u00e8re et d&rsquo;avoir la rencontre, de savoir par o\u00f9 il \u00e9tait pass\u00e9&#8230;<\/p>\n\n\n\n<p class=\"wp-block-paragraph\">L&rsquo;enfant qui a eu la rencontre, il n&rsquo;est pas dans le manque, il ne cherche pas. Il a eu son compte, il a fait son tour&#8230; Il n&rsquo;a pas besoin de plus, il peut continuer sa vie, c&rsquo;est une page qui est faite.<\/p>\n\n\n\n<p class=\"wp-block-paragraph\">Mais quand tu n&rsquo;as pas eu, tu as besoin&#8230; C&rsquo;est une fa\u00e7on de retrouver ses racines, de retrouver qui tu es, en fin de compte de retrouver ton identit\u00e9&#8230;<\/p>\n\n\n\n<p class=\"wp-block-paragraph\">C&rsquo;est pour \u00e7a que plus tard, j&rsquo;ai toujours  laiss\u00e9 les portes ouvertes \u00e0 mes enfants pour qu&rsquo;ils puissent avoir la rencontre avec leur p\u00e8re&#8230; <\/p>\n\n\n\n<p class=\"wp-block-paragraph\">Merci Gracias<\/p>\n","protected":false},"excerpt":{"rendered":"<p>&lt;Enregistr\u00e9 le 01 Mai 2020&gt; Je pense que c&rsquo;\u00e9tait l&rsquo;ann\u00e9e avant de partir \u00e0 Gstaad, \u00e0 mes 21 ans, que les Franchons m&rsquo;ont demand\u00e9 qu&rsquo;est ce que je faisais&#8230; et puis chez nous, rien du tout, hein&#8230; pour nos anniversaires&#8230; Alors ils m&rsquo;ont dit :&#8211; Et bien, alors nous on va t&rsquo;inviter, avec Franchon, on [&hellip;]<\/p>\n","protected":false},"author":1,"featured_media":0,"parent":0,"menu_order":0,"comment_status":"open","ping_status":"closed","template":"pages-chapitre-06","meta":{"footnotes":""},"class_list":["post-1511","page","type-page","status-publish","hentry"],"jetpack_sharing_enabled":true,"_links":{"self":[{"href":"https:\/\/mercigracias.ch\/index.php?rest_route=\/wp\/v2\/pages\/1511","targetHints":{"allow":["GET"]}}],"collection":[{"href":"https:\/\/mercigracias.ch\/index.php?rest_route=\/wp\/v2\/pages"}],"about":[{"href":"https:\/\/mercigracias.ch\/index.php?rest_route=\/wp\/v2\/types\/page"}],"author":[{"embeddable":true,"href":"https:\/\/mercigracias.ch\/index.php?rest_route=\/wp\/v2\/users\/1"}],"replies":[{"embeddable":true,"href":"https:\/\/mercigracias.ch\/index.php?rest_route=%2Fwp%2Fv2%2Fcomments&post=1511"}],"version-history":[{"count":8,"href":"https:\/\/mercigracias.ch\/index.php?rest_route=\/wp\/v2\/pages\/1511\/revisions"}],"predecessor-version":[{"id":5566,"href":"https:\/\/mercigracias.ch\/index.php?rest_route=\/wp\/v2\/pages\/1511\/revisions\/5566"}],"wp:attachment":[{"href":"https:\/\/mercigracias.ch\/index.php?rest_route=%2Fwp%2Fv2%2Fmedia&parent=1511"}],"curies":[{"name":"wp","href":"https:\/\/api.w.org\/{rel}","templated":true}]}}

<p class="wp-block-paragraph">&lt;Enregistré le 01 Mai 2020&gt;</p>



<p class="wp-block-paragraph">Je pense que c&rsquo;était l&rsquo;année avant de partir à Gstaad, à mes 21 ans, que les Franchons m&rsquo;ont demandé qu&rsquo;est ce que je faisais&#8230; et puis chez nous, rien du tout, hein&#8230; pour nos anniversaires&#8230;</p>



<p class="wp-block-paragraph">Alors ils m&rsquo;ont dit :<br>&#8211; Et bien, alors nous on va t&rsquo;inviter, avec Franchon, on a décidé qu&rsquo;on t&rsquo;invitait&#8230;<br>On va t&rsquo;inviter au <a href="https://schweizerhofbern.com/">Schweizerhof à Bern</a> pour souper, on a réservé une chambre d&rsquo;hôtel, et le petit déjeuner demain&#8230; Comme ça tu pourras voir où ton père a fait son apprentissage et tu pourras vivre cet ambiance&#8230; Parce que c&rsquo;était ancien&#8230; Ils avaient peut-être refait, mais c&rsquo;était toujours un peu&#8230; comme c&rsquo;était avant !</p>



<p class="wp-block-paragraph">C&rsquo;est comme les palaces, tu retrouves toujours ces marques. <br>Ce n&rsquo;est pas toujours remis à neuf.</p>



<p class="wp-block-paragraph">C&rsquo;est comme quand on avait été à Zermat, ensemble&#8230; Tu retrouves toujours ces traces, tu sens que ça n&rsquo;a pas évolué, au Schweizerhof, c&rsquo;était pareil&#8230;!</p>



<p class="wp-block-paragraph">Mais derrière ça, tu as la grande classe, le grand service, le grand tralala, c&rsquo;était un cadeau magnifique !</p>



<p class="wp-block-paragraph">Alors ça avait été grandiose&#8230;</p>



<p class="wp-block-paragraph">Le soir après le travail, j&rsquo;avais organisé d&rsquo;avoir mes habits&#8230; qu&rsquo;ils soient prêts. Je me suis changée au boulot pour aller manger avec eux&#8230; <br>Je les ai rencontrés directement là-bas sur place, on a pris l&rsquo;apéritif, on a soupé, on a passé la soirée ensemble au Schweizerhof et puis après autour des 10 heures, 10 heures et demi, comme tout le monde travaillait le lendemain, ils m&rsquo;ont dit : <br>&#8211; Bon ben voilà&#8230; On te laisse, passe une bonne nuit&#8230; et puis demain matin, le petit déjeuner est organisé, on a regardé qui travaille à telle et telle heure&#8230; comme ça tu auras le temps de déjeuner, et tu pars à ton travail, comme ça tranquille&#8230; !</p>



<p class="wp-block-paragraph">Un cadeau magnifique, hein ! (Rire)</p>



<p class="wp-block-paragraph">&#8211; Ah ouais, j&rsquo;avais pris des beaux habits pour aller, j&rsquo;ai été très contente d&rsquo;avoir été là-bas, d&rsquo;avoir pu voir toute cette ambiance&#8230;</p>



<p class="wp-block-paragraph">&#8211; <em>Sur les pas de ton père&#8230;</em><br>&#8211; Ah oui !</p>



<p class="wp-block-paragraph">C&rsquo;est là que j&rsquo;avais vu que j&rsquo;avais eu un manque, parce que pour mon frère et ma sœur, ce n&rsquo;était pas nécessaire de faire ça&#8230;!</p>



<p class="wp-block-paragraph">Ils n&rsquo;ont pas eu envie d&rsquo;aller au Schweizerhof&#8230; d&rsquo;en parler, d&rsquo;aller à Zermatt, pour voir le Palace&#8230; ni à Lausanne pour aller voir l&rsquo;école des Palaces&#8230; la Haute Ecole Hôtelière et d&rsquo;avoir la rencontre, de savoir par où il était passé&#8230;</p>



<p class="wp-block-paragraph">L&rsquo;enfant qui a eu la rencontre, il n&rsquo;est pas dans le manque, il ne cherche pas. Il a eu son compte, il a fait son tour&#8230; Il n&rsquo;a pas besoin de plus, il peut continuer sa vie, c&rsquo;est une page qui est faite.</p>



<p class="wp-block-paragraph">Mais quand tu n&rsquo;as pas eu, tu as besoin&#8230; C&rsquo;est une façon de retrouver ses racines, de retrouver qui tu es, en fin de compte de retrouver ton identité&#8230;</p>



<p class="wp-block-paragraph">C&rsquo;est pour ça que plus tard, j&rsquo;ai toujours  laissé les portes ouvertes à mes enfants pour qu&rsquo;ils puissent avoir la rencontre avec leur père&#8230; </p>



<p class="wp-block-paragraph">Merci Gracias</p>

<p>&lt;Enregistré le 01 Mai 2020&gt; Je pense que c&rsquo;était l&rsquo;année avant de partir à Gstaad, à mes 21 ans, que les Franchons m&rsquo;ont demandé qu&rsquo;est ce que je faisais&#8230; et puis chez nous, rien du tout, hein&#8230; pour nos anniversaires&#8230; Alors ils m&rsquo;ont dit :&#8211; Et bien, alors nous on va t&rsquo;inviter, avec Franchon, on [&hellip;]</p>
