{"id":1540,"date":"2026-02-17T22:09:14","date_gmt":"2026-02-17T22:09:14","guid":{"rendered":"https:\/\/mercigracias.ch\/?page_id=1540"},"modified":"2026-07-13T05:44:28","modified_gmt":"2026-07-13T05:44:28","slug":"a-vif","status":"publish","type":"page","link":"https:\/\/mercigracias.ch\/?page_id=1540","title":{"rendered":"A vif !"},"content":{"rendered":"\n<p class=\"wp-block-paragraph\">&lt;Enregistr\u00e9 le 01 Septembre 2014 et 03 D\u00e9cembre 2016&gt;<\/p>\n\n\n\n<p class=\"wp-block-paragraph\">Michelangelo, il avait besoin de folie&#8230; C&rsquo;est pour \u00e7a qu&rsquo;il fichait les brosses \u00e0 la figure&#8230;<br>&#8211; Vous me faites chier, vous m&rsquo;\u00e9nervez ! <br>&#8211; <em>Un excentrique&#8230;<\/em><\/p>\n\n\n\n<p class=\"wp-block-paragraph\">&#8211; Oui, un excentrique au possible ! <\/p>\n\n\n\n<p class=\"wp-block-paragraph\">Il disait :<br>&#8211; Ooooh&#8230; Elle me fait chier celle-l\u00e0&#8230;Tout le temps avec ses machins&#8230;!<\/p>\n\n\n\n<p class=\"wp-block-paragraph\">C&rsquo;\u00e9tait vraiment \u00e7a, tu vois&#8230; Et puis &#8230;<br>&#8211; Ha\u00efe&#8230; C&rsquo;est le printemps maintenant, vous avez vu ? <br>C&rsquo;est le printemps&#8230; il faut qu&rsquo;on change tout ici dedans&#8230;<\/p>\n\n\n\n<p class=\"wp-block-paragraph\">Et moi : <br>&#8211; Il faut qu&rsquo;on change tout&#8230; ?<br>&#8211; Qu&rsquo;est ce que vous en pensez..? <\/p>\n\n\n\n<p class=\"wp-block-paragraph\">&#8211; J&rsquo;ai pens\u00e9 qu&rsquo;on pourrait mettre, je ne sais pas&#8230; des fleurs. Des machins des truc&#8230;<br>&#8211; Oh, mais c&rsquo;est une bonne id\u00e9e&#8230; On peut mettre des fleurs contre le miroir&#8230;que je lui disais&#8230; (rire)<\/p>\n\n\n\n<p class=\"wp-block-paragraph\">Tu vois quand il arrivait avec ces trucs l\u00e0, moi, je disais toujours que c&rsquo;\u00e9tait une super id\u00e9e, donc il \u00e9tait content&#8230;<\/p>\n\n\n\n<p class=\"wp-block-paragraph\">Alors il arrivait avec des machins, tellement cccrrrrrr&#8230; <br>OK et lui : <br>&#8211; et puis si on les collait ici ou encore l\u00e0 ?&#8230;<\/p>\n\n\n\n<p class=\"wp-block-paragraph\">Et moi&#8230;<br>&#8211; Ah ? Oui oui&#8230; On pourrait coller&#8230;<\/p>\n\n\n\n<p class=\"wp-block-paragraph\">\u00c7a, c&rsquo;\u00e9tait Michelangelo&#8230; <\/p>\n\n\n\n<p class=\"wp-block-paragraph\">&#8211; <em>Finalement, il \u00e9tait un peu comme toi ?<\/em> <br>&#8211; Oh mais lui, quand il y avait quelque chose, il \u00e9tait compl\u00e8tement&#8230;<br>Il \u00e9tait comme moi, (Rire) il arrachait la nappe&#8230; C&rsquo;\u00e9tait pareil hein&#8230;!? <br>A vif, d&rsquo;\u00e0 vif, hein !?<\/p>\n\n\n\n<p class=\"wp-block-paragraph\">Sa copine, elle disait, mais il ne fait rien, et il est compl\u00e8tement retourn\u00e9, il est toujours \u00e0 vif. Toujours en train de sauter, tu lui demandes quelque chose ?&#8230; Il saute !<\/p>\n\n\n\n<p class=\"wp-block-paragraph\">(Rire) Moi, c&rsquo;est pareil.<\/p>\n\n\n\n<p class=\"wp-block-paragraph\">&#8211;<em>Il avait trouv\u00e9 son pendant en f\u00e9minin alors !<\/em> <br>&#8211; Oui, alors oui&#8230;totalement l\u00e0-dedans&#8230; Ce c\u00f4t\u00e9 compl\u00e8tement \u00e0 cran&#8230; Tu penses bien qu&rsquo;on se renvoyait un miroir, avec nos c\u00f4t\u00e9s joie et humour !<\/p>\n\n\n\n<p class=\"wp-block-paragraph\">&#8211; <em>T&rsquo;\u00e9tais sa muse ? Un m\u00e9lange enrichissant, parce que les artistes ils ne sont pas compris, il n&rsquo;y a que des artistes qui les comprennent&#8230; <\/em><br><em>Au niveau de leur sensibilit\u00e9. Ils ne trouvent pas vraiment de plaisir avec les autres&#8230; Parce qu&rsquo;il n&rsquo;arrivent pas \u00e0 partager.<\/em> <em>Avec toi il devait y avoir quelque chose, comme tu disais, il y avait du jeu !<\/em><\/p>\n\n\n\n<p class=\"wp-block-paragraph\">Par contre il avait bien choisi sa copine, parce qu&rsquo;elle \u00e9tait un petit peu comme ma filleule&#8230; L&rsquo;\u00e9quilibre derri\u00e8re l&rsquo;organisation.<br>Sa fianc\u00e9e, elle \u00e9tait l\u00e0, comme secr\u00e9taire&#8230; C&rsquo;\u00e9tait un mannequin, elle \u00e9tait belle de belle&#8230; Vraiment une tr\u00e8s belle femme. Elle organisait, elle le cadrait&#8230;<\/p>\n\n\n\n<ul class=\"wp-block-list\">\n<li>Voil\u00e0&#8230; Elle le cadrait !<\/li>\n<\/ul>\n\n\n\n<p class=\"wp-block-paragraph\">Quand il y avait quelque chose, quand elle le voyait compl\u00e8tement hyper dos\u00e9&#8230; Elle disait : <br>&#8211; Rafi&#8230; Jetzt Ruhe&#8230; Maintenant, tu t&rsquo;arr\u00eates ! <br>Was ist los ? Qu&rsquo;est ce qui se passe de nouveau (Rire)<\/p>\n\n\n\n<p class=\"wp-block-paragraph\">\u00c7a suffit maintenant ! Rafi, viens ici&#8230; Rafi, viens par l\u00e0&#8230;<\/p>\n\n\n\n<p class=\"wp-block-paragraph\">Elle essayait toujours de lui remettre le pendule \u00e0 l&rsquo;heure&#8230; quand elle sentait les choses qui s&rsquo;envenimaient&#8230;<\/p>\n\n\n\n<p class=\"wp-block-paragraph\">Mais c&rsquo;\u00e9tait chouette ! <\/p>\n\n\n\n<p class=\"wp-block-paragraph\">Elle nous cadrait tous, moi aussi quand je fichais le bordel&#8230; Elle me cadrait aussi en me disant&#8230;(Rire) Il ne sait plus que faire&#8230; <br>&#8211; Vous comprenez, si vous mettez une cigarette \u00e0 tous les becs de vos mod\u00e8les et que vous y mettez le feu&#8230; Il ne sait plus que faire ! (Rire)<br><br>Je me souviens quand je suis arriv\u00e9e, il m&rsquo;avait donn\u00e9 un mod\u00e8le et il m&rsquo;avait dit :<br>&#8211; J&rsquo;aimerais que vous me fassiez un chignon l\u00e0-dessus&#8230; mais ce n&rsquo;\u00e9tait plus l&rsquo;\u00e9poque o\u00f9 on faisait les chignons. C&rsquo;\u00e9tait fini&#8230; Oui, mes copines qui venaient des vieux salons de coiffure, d&rsquo;accord !<\/p>\n\n\n\n<p class=\"wp-block-paragraph\">Oui, mais moi, j&rsquo;\u00e9tais dans un salon de coiffure o\u00f9 on ne faisait plus de mise en pli, tout \u00e7a c&rsquo;\u00e9tait fini&#8230; On \u00e9tait \u00e0 la page de Sassoon, et lui c&rsquo;\u00e9tait Carita&#8230; C&rsquo;\u00e9tait r\u00e9volutionnaire \u00e0 l&rsquo;\u00e9poque&#8230;<\/p>\n\n\n\n<p class=\"wp-block-paragraph\">Au salon de Fribourg on n&rsquo;en faisait d\u00e9j\u00e0 plus et on \u00e9tait avant les temps&#8230;<\/p>\n\n\n\n<p class=\"wp-block-paragraph\">&#8211; Voil\u00e0 je vais vous mettre des points. Je vais vous juger sur un chignon&#8230; alors que moi, je venais d&rsquo;arriver&#8230;<\/p>\n\n\n\n<p class=\"wp-block-paragraph\">Je me suis dit :<br>&#8211; Ah ben tu es bien arriv\u00e9e ici, maintenant que tu ne veux plus de chignon&#8230; M\u00eame qu&rsquo;\u00e0 tes examens on ne t&rsquo;en a pas demand\u00e9 des chignons, parce que c&rsquo;\u00e9tait de l&rsquo;\u00e9poque pass\u00e9e&#8230; <br>Mais je lui dis :<br>&#8211; Mais vous les avez o\u00f9&#8230; les tips-tips, les machins pour les fixer ? <br>&#8211; Ah mais vous pouvez les trouver ici, il faut regarder dans le tiroir&#8230;<\/p>\n\n\n\n<p class=\"wp-block-paragraph\">Oh ben sacr\u00e9 matin que je me suis dit&#8230; Il va falloir que je le fasse avec du rouge&#8230; et puis l\u00e0 j&rsquo;ai vu des aiguilles \u00e0 tricoter, qui n&rsquo;avaient rien \u00e0 voir avec \u00e7a&#8230;<\/p>\n\n\n\n<p class=\"wp-block-paragraph\">Alors j&rsquo;ai fait le chignon et puis j&rsquo;ai plant\u00e9 les aiguilles \u00e0 tricoter dedans&#8230; Je l&rsquo;ai vu partir, j&rsquo;ai commenc\u00e9 \u00e0 prendre les artifices qu&rsquo;il y avait l\u00e0-dedans, et puis&#8230; <br>&#8211; Ah \u00e7a&#8230; j&rsquo;aime bien qu&rsquo;il me dit !<br>Alors vous avez utilis\u00e9 \u00e7a et puis \u00e7a, et puis \u00e7a&#8230;?<\/p>\n\n\n\n<p class=\"wp-block-paragraph\">Ah&#8230; et puis le chignon ce n&rsquo;est pas tr\u00e8s doux, avec les machins, je ne savais pas tr\u00e8s bien le faire, j&rsquo;avais fait une banane, l\u00e0 et hop&#8230; <br>Mais il avait aim\u00e9 parce que j&rsquo;avais mis dedans tout ce que j&rsquo;avais.<\/p>\n\n\n\n<ul class=\"wp-block-list\">\n<li>\u00c7a, il avait aim\u00e9 !<\/li>\n<\/ul>\n\n\n\n<p class=\"wp-block-paragraph\">Il avait aim\u00e9 qu&rsquo;en peu de temps j&rsquo;ai improvis\u00e9&#8230; C&rsquo;\u00e9tait une qualit\u00e9, il avait reconnu l&rsquo;artiste&#8230;<\/p>\n\n\n\n<p class=\"wp-block-paragraph\">Merci Gracias<\/p>\n","protected":false},"excerpt":{"rendered":"<p>&lt;Enregistr\u00e9 le 01 Septembre 2014 et 03 D\u00e9cembre 2016&gt; Michelangelo, il avait besoin de folie&#8230; C&rsquo;est pour \u00e7a qu&rsquo;il fichait les brosses \u00e0 la figure&#8230;&#8211; Vous me faites chier, vous m&rsquo;\u00e9nervez ! &#8211; Un excentrique&#8230; &#8211; Oui, un excentrique au possible ! Il disait :&#8211; Ooooh&#8230; Elle me fait chier celle-l\u00e0&#8230;Tout le temps avec ses [&hellip;]<\/p>\n","protected":false},"author":1,"featured_media":0,"parent":0,"menu_order":0,"comment_status":"open","ping_status":"closed","template":"pages-chapitre-06","meta":{"footnotes":""},"class_list":["post-1540","page","type-page","status-publish","hentry"],"jetpack_sharing_enabled":true,"_links":{"self":[{"href":"https:\/\/mercigracias.ch\/index.php?rest_route=\/wp\/v2\/pages\/1540","targetHints":{"allow":["GET"]}}],"collection":[{"href":"https:\/\/mercigracias.ch\/index.php?rest_route=\/wp\/v2\/pages"}],"about":[{"href":"https:\/\/mercigracias.ch\/index.php?rest_route=\/wp\/v2\/types\/page"}],"author":[{"embeddable":true,"href":"https:\/\/mercigracias.ch\/index.php?rest_route=\/wp\/v2\/users\/1"}],"replies":[{"embeddable":true,"href":"https:\/\/mercigracias.ch\/index.php?rest_route=%2Fwp%2Fv2%2Fcomments&post=1540"}],"version-history":[{"count":8,"href":"https:\/\/mercigracias.ch\/index.php?rest_route=\/wp\/v2\/pages\/1540\/revisions"}],"predecessor-version":[{"id":5667,"href":"https:\/\/mercigracias.ch\/index.php?rest_route=\/wp\/v2\/pages\/1540\/revisions\/5667"}],"wp:attachment":[{"href":"https:\/\/mercigracias.ch\/index.php?rest_route=%2Fwp%2Fv2%2Fmedia&parent=1540"}],"curies":[{"name":"wp","href":"https:\/\/api.w.org\/{rel}","templated":true}]}}

<p class="wp-block-paragraph">&lt;Enregistré le 01 Septembre 2014 et 03 Décembre 2016&gt;</p>



<p class="wp-block-paragraph">Michelangelo, il avait besoin de folie&#8230; C&rsquo;est pour ça qu&rsquo;il fichait les brosses à la figure&#8230;<br>&#8211; Vous me faites chier, vous m&rsquo;énervez ! <br>&#8211; <em>Un excentrique&#8230;</em></p>



<p class="wp-block-paragraph">&#8211; Oui, un excentrique au possible ! </p>



<p class="wp-block-paragraph">Il disait :<br>&#8211; Ooooh&#8230; Elle me fait chier celle-là&#8230;Tout le temps avec ses machins&#8230;!</p>



<p class="wp-block-paragraph">C&rsquo;était vraiment ça, tu vois&#8230; Et puis &#8230;<br>&#8211; Haïe&#8230; C&rsquo;est le printemps maintenant, vous avez vu ? <br>C&rsquo;est le printemps&#8230; il faut qu&rsquo;on change tout ici dedans&#8230;</p>



<p class="wp-block-paragraph">Et moi : <br>&#8211; Il faut qu&rsquo;on change tout&#8230; ?<br>&#8211; Qu&rsquo;est ce que vous en pensez..? </p>



<p class="wp-block-paragraph">&#8211; J&rsquo;ai pensé qu&rsquo;on pourrait mettre, je ne sais pas&#8230; des fleurs. Des machins des truc&#8230;<br>&#8211; Oh, mais c&rsquo;est une bonne idée&#8230; On peut mettre des fleurs contre le miroir&#8230;que je lui disais&#8230; (rire)</p>



<p class="wp-block-paragraph">Tu vois quand il arrivait avec ces trucs là, moi, je disais toujours que c&rsquo;était une super idée, donc il était content&#8230;</p>



<p class="wp-block-paragraph">Alors il arrivait avec des machins, tellement cccrrrrrr&#8230; <br>OK et lui : <br>&#8211; et puis si on les collait ici ou encore là ?&#8230;</p>



<p class="wp-block-paragraph">Et moi&#8230;<br>&#8211; Ah ? Oui oui&#8230; On pourrait coller&#8230;</p>



<p class="wp-block-paragraph">Ça, c&rsquo;était Michelangelo&#8230; </p>



<p class="wp-block-paragraph">&#8211; <em>Finalement, il était un peu comme toi ?</em> <br>&#8211; Oh mais lui, quand il y avait quelque chose, il était complètement&#8230;<br>Il était comme moi, (Rire) il arrachait la nappe&#8230; C&rsquo;était pareil hein&#8230;!? <br>A vif, d&rsquo;à vif, hein !?</p>



<p class="wp-block-paragraph">Sa copine, elle disait, mais il ne fait rien, et il est complètement retourné, il est toujours à vif. Toujours en train de sauter, tu lui demandes quelque chose ?&#8230; Il saute !</p>



<p class="wp-block-paragraph">(Rire) Moi, c&rsquo;est pareil.</p>



<p class="wp-block-paragraph">&#8211;<em>Il avait trouvé son pendant en féminin alors !</em> <br>&#8211; Oui, alors oui&#8230;totalement là-dedans&#8230; Ce côté complètement à cran&#8230; Tu penses bien qu&rsquo;on se renvoyait un miroir, avec nos côtés joie et humour !</p>



<p class="wp-block-paragraph">&#8211; <em>T&rsquo;étais sa muse ? Un mélange enrichissant, parce que les artistes ils ne sont pas compris, il n&rsquo;y a que des artistes qui les comprennent&#8230; </em><br><em>Au niveau de leur sensibilité. Ils ne trouvent pas vraiment de plaisir avec les autres&#8230; Parce qu&rsquo;il n&rsquo;arrivent pas à partager.</em> <em>Avec toi il devait y avoir quelque chose, comme tu disais, il y avait du jeu !</em></p>



<p class="wp-block-paragraph">Par contre il avait bien choisi sa copine, parce qu&rsquo;elle était un petit peu comme ma filleule&#8230; L&rsquo;équilibre derrière l&rsquo;organisation.<br>Sa fiancée, elle était là, comme secrétaire&#8230; C&rsquo;était un mannequin, elle était belle de belle&#8230; Vraiment une très belle femme. Elle organisait, elle le cadrait&#8230;</p>



<ul class="wp-block-list">
<li>Voilà&#8230; Elle le cadrait !</li>
</ul>



<p class="wp-block-paragraph">Quand il y avait quelque chose, quand elle le voyait complètement hyper dosé&#8230; Elle disait : <br>&#8211; Rafi&#8230; Jetzt Ruhe&#8230; Maintenant, tu t&rsquo;arrêtes ! <br>Was ist los ? Qu&rsquo;est ce qui se passe de nouveau (Rire)</p>



<p class="wp-block-paragraph">Ça suffit maintenant ! Rafi, viens ici&#8230; Rafi, viens par là&#8230;</p>



<p class="wp-block-paragraph">Elle essayait toujours de lui remettre le pendule à l&rsquo;heure&#8230; quand elle sentait les choses qui s&rsquo;envenimaient&#8230;</p>



<p class="wp-block-paragraph">Mais c&rsquo;était chouette ! </p>



<p class="wp-block-paragraph">Elle nous cadrait tous, moi aussi quand je fichais le bordel&#8230; Elle me cadrait aussi en me disant&#8230;(Rire) Il ne sait plus que faire&#8230; <br>&#8211; Vous comprenez, si vous mettez une cigarette à tous les becs de vos modèles et que vous y mettez le feu&#8230; Il ne sait plus que faire ! (Rire)<br><br>Je me souviens quand je suis arrivée, il m&rsquo;avait donné un modèle et il m&rsquo;avait dit :<br>&#8211; J&rsquo;aimerais que vous me fassiez un chignon là-dessus&#8230; mais ce n&rsquo;était plus l&rsquo;époque où on faisait les chignons. C&rsquo;était fini&#8230; Oui, mes copines qui venaient des vieux salons de coiffure, d&rsquo;accord !</p>



<p class="wp-block-paragraph">Oui, mais moi, j&rsquo;étais dans un salon de coiffure où on ne faisait plus de mise en pli, tout ça c&rsquo;était fini&#8230; On était à la page de Sassoon, et lui c&rsquo;était Carita&#8230; C&rsquo;était révolutionnaire à l&rsquo;époque&#8230;</p>



<p class="wp-block-paragraph">Au salon de Fribourg on n&rsquo;en faisait déjà plus et on était avant les temps&#8230;</p>



<p class="wp-block-paragraph">&#8211; Voilà je vais vous mettre des points. Je vais vous juger sur un chignon&#8230; alors que moi, je venais d&rsquo;arriver&#8230;</p>



<p class="wp-block-paragraph">Je me suis dit :<br>&#8211; Ah ben tu es bien arrivée ici, maintenant que tu ne veux plus de chignon&#8230; Même qu&rsquo;à tes examens on ne t&rsquo;en a pas demandé des chignons, parce que c&rsquo;était de l&rsquo;époque passée&#8230; <br>Mais je lui dis :<br>&#8211; Mais vous les avez où&#8230; les tips-tips, les machins pour les fixer ? <br>&#8211; Ah mais vous pouvez les trouver ici, il faut regarder dans le tiroir&#8230;</p>



<p class="wp-block-paragraph">Oh ben sacré matin que je me suis dit&#8230; Il va falloir que je le fasse avec du rouge&#8230; et puis là j&rsquo;ai vu des aiguilles à tricoter, qui n&rsquo;avaient rien à voir avec ça&#8230;</p>



<p class="wp-block-paragraph">Alors j&rsquo;ai fait le chignon et puis j&rsquo;ai planté les aiguilles à tricoter dedans&#8230; Je l&rsquo;ai vu partir, j&rsquo;ai commencé à prendre les artifices qu&rsquo;il y avait là-dedans, et puis&#8230; <br>&#8211; Ah ça&#8230; j&rsquo;aime bien qu&rsquo;il me dit !<br>Alors vous avez utilisé ça et puis ça, et puis ça&#8230;?</p>



<p class="wp-block-paragraph">Ah&#8230; et puis le chignon ce n&rsquo;est pas très doux, avec les machins, je ne savais pas très bien le faire, j&rsquo;avais fait une banane, là et hop&#8230; <br>Mais il avait aimé parce que j&rsquo;avais mis dedans tout ce que j&rsquo;avais.</p>



<ul class="wp-block-list">
<li>Ça, il avait aimé !</li>
</ul>



<p class="wp-block-paragraph">Il avait aimé qu&rsquo;en peu de temps j&rsquo;ai improvisé&#8230; C&rsquo;était une qualité, il avait reconnu l&rsquo;artiste&#8230;</p>



<p class="wp-block-paragraph">Merci Gracias</p>

<p>&lt;Enregistré le 01 Septembre 2014 et 03 Décembre 2016&gt; Michelangelo, il avait besoin de folie&#8230; C&rsquo;est pour ça qu&rsquo;il fichait les brosses à la figure&#8230;&#8211; Vous me faites chier, vous m&rsquo;énervez ! &#8211; Un excentrique&#8230; &#8211; Oui, un excentrique au possible ! Il disait :&#8211; Ooooh&#8230; Elle me fait chier celle-là&#8230;Tout le temps avec ses [&hellip;]</p>
