{"id":1580,"date":"2026-02-18T17:07:04","date_gmt":"2026-02-18T17:07:04","guid":{"rendered":"https:\/\/mercigracias.ch\/?page_id=1580"},"modified":"2026-07-13T06:37:27","modified_gmt":"2026-07-13T06:37:27","slug":"1580-2","status":"publish","type":"page","link":"https:\/\/mercigracias.ch\/?page_id=1580","title":{"rendered":"Trop tard&#8230;"},"content":{"rendered":"\n<p class=\"wp-block-paragraph\">&lt;Enregistr\u00e9 le 06 D\u00e9cembre 2014&gt;<\/p>\n\n\n\n<p class=\"wp-block-paragraph\">Je venais de rencontrer mon futur mari au mois de Juillet, et l\u00e0 c&rsquo;\u00e9tait en automne&#8230;<\/p>\n\n\n\n<p class=\"wp-block-paragraph\">Le fils du boulanger de mon village, mon petit copain d&rsquo;enfance me t\u00e9l\u00e9phone et puis il me dit : <br>&#8211; Oui&#8230; Il y a Ir\u00e8ne, qui va danser \u00e0 avec le groupe folklorique, j&rsquo;aimerais tellement qu&rsquo;on se retrouve l\u00e0-bas&#8230;<\/p>\n\n\n\n<p class=\"wp-block-paragraph\">Moi, j&rsquo;aimais bien la danse folklorique de notre village, il y avait tant de souvenirs partag\u00e9s et heureux quand on dansait avec nos costumes !<br>Oui&#8230; C&rsquo;\u00e9tait \u00e0 Tr\u00e9vaux, l\u00e0 o\u00f9 habitaient mes grands-parents paternels.<\/p>\n\n\n\n<p class=\"wp-block-paragraph\">Je dis \u00e0 celui qui allait devenir mon futur mari&#8230; :<br>&#8211; Alors \u00e9coute, avec Sasha, et mon copain, le fils du boulanger, on va aller danser avec le groupe folklorique de mon enfance&#8230;<\/p>\n\n\n\n<p class=\"wp-block-paragraph\">&#8211; <em>Il \u00e9tait venu ?<\/em><br>&#8211; Non&#8230;<\/p>\n\n\n\n<p class=\"wp-block-paragraph\">Mon copain m&rsquo;invitait pour aller avec lui, alors je lui ai dit :<br>&#8211; Non non, la danse folklorique, c&rsquo;est mon histoire ! &#8230;avec mes copains d&rsquo;enfance.<br>Mais c&rsquo;\u00e9tait dr\u00f4le, parce qu&rsquo;il m&rsquo;aurait invit\u00e9e peut-\u00eatre trois ou quatre mois avant, les choses se seraient pass\u00e9es tout \u00e0 fait autrement&#8230;<\/p>\n\n\n\n<p class=\"wp-block-paragraph\">Parce que c&rsquo;\u00e9tait assez marrant, il \u00e9tait venu plusieurs fois chez Maman, pour tenter de me revoir et \u00e0 chaque fois qu&rsquo;il venait, je me tirais&#8230;<\/p>\n\n\n\n<p class=\"wp-block-paragraph\">&#8211; <em>Tu ne voulais pas, parce que c&rsquo;\u00e9tait trop pr\u00e8s de ton enfance, tu avais besoin de cette coupure ? <\/em><br>&#8211; Oui bien s\u00fbr&#8230;<\/p>\n\n\n\n<p class=\"wp-block-paragraph\">C&rsquo;est pour \u00e7a que son p\u00e8re, le boulanger m&rsquo;avait dit : <br>&#8211; Mais, oh mon Dieu&#8230;!<br>Ah oui, il m&rsquo;avait fichu les jetons, j&rsquo;\u00e9vitais ces moments&#8230;<\/p>\n\n\n\n<p class=\"wp-block-paragraph\">&#8211; <em>Tu avais besoin de cette coupure&#8230;<\/em> <br>&#8211; Oui, parce que moi, quand je passais au village de mon enfance, je pleurais&#8230; Je passais devant le buffet, \u00e7a coulait&#8230;<\/p>\n\n\n\n<p class=\"wp-block-paragraph\">Alors je passais par l&rsquo;autre village, j&rsquo;\u00e9vitais&#8230;<br>D&rsquo;ailleurs je n&rsquo;ai jamais pu retourner voir ma marraine de confirmation, le coin \u00e9tait trop charg\u00e9&#8230; Tout se r\u00e9veillait.<\/p>\n\n\n\n<p class=\"wp-block-paragraph\">La cicatrice \u00e9tait sous la peau&#8230; et ne demandait qu&rsquo;\u00e0 se rouvrir !<\/p>\n","protected":false},"excerpt":{"rendered":"<p>&lt;Enregistr\u00e9 le 06 D\u00e9cembre 2014&gt; Je venais de rencontrer mon futur mari au mois de Juillet, et l\u00e0 c&rsquo;\u00e9tait en automne&#8230; Le fils du boulanger de mon village, mon petit copain d&rsquo;enfance me t\u00e9l\u00e9phone et puis il me dit : &#8211; Oui&#8230; Il y a Ir\u00e8ne, qui va danser \u00e0 avec le groupe folklorique, j&rsquo;aimerais [&hellip;]<\/p>\n","protected":false},"author":1,"featured_media":0,"parent":0,"menu_order":0,"comment_status":"open","ping_status":"closed","template":"pages-chapitre-06","meta":{"footnotes":""},"class_list":["post-1580","page","type-page","status-publish","hentry"],"jetpack_sharing_enabled":true,"_links":{"self":[{"href":"https:\/\/mercigracias.ch\/index.php?rest_route=\/wp\/v2\/pages\/1580","targetHints":{"allow":["GET"]}}],"collection":[{"href":"https:\/\/mercigracias.ch\/index.php?rest_route=\/wp\/v2\/pages"}],"about":[{"href":"https:\/\/mercigracias.ch\/index.php?rest_route=\/wp\/v2\/types\/page"}],"author":[{"embeddable":true,"href":"https:\/\/mercigracias.ch\/index.php?rest_route=\/wp\/v2\/users\/1"}],"replies":[{"embeddable":true,"href":"https:\/\/mercigracias.ch\/index.php?rest_route=%2Fwp%2Fv2%2Fcomments&post=1580"}],"version-history":[{"count":8,"href":"https:\/\/mercigracias.ch\/index.php?rest_route=\/wp\/v2\/pages\/1580\/revisions"}],"predecessor-version":[{"id":5720,"href":"https:\/\/mercigracias.ch\/index.php?rest_route=\/wp\/v2\/pages\/1580\/revisions\/5720"}],"wp:attachment":[{"href":"https:\/\/mercigracias.ch\/index.php?rest_route=%2Fwp%2Fv2%2Fmedia&parent=1580"}],"curies":[{"name":"wp","href":"https:\/\/api.w.org\/{rel}","templated":true}]}}

<p class="wp-block-paragraph">&lt;Enregistré le 06 Décembre 2014&gt;</p>



<p class="wp-block-paragraph">Je venais de rencontrer mon futur mari au mois de Juillet, et là c&rsquo;était en automne&#8230;</p>



<p class="wp-block-paragraph">Le fils du boulanger de mon village, mon petit copain d&rsquo;enfance me téléphone et puis il me dit : <br>&#8211; Oui&#8230; Il y a Irène, qui va danser à avec le groupe folklorique, j&rsquo;aimerais tellement qu&rsquo;on se retrouve là-bas&#8230;</p>



<p class="wp-block-paragraph">Moi, j&rsquo;aimais bien la danse folklorique de notre village, il y avait tant de souvenirs partagés et heureux quand on dansait avec nos costumes !<br>Oui&#8230; C&rsquo;était à Trévaux, là où habitaient mes grands-parents paternels.</p>



<p class="wp-block-paragraph">Je dis à celui qui allait devenir mon futur mari&#8230; :<br>&#8211; Alors écoute, avec Sasha, et mon copain, le fils du boulanger, on va aller danser avec le groupe folklorique de mon enfance&#8230;</p>



<p class="wp-block-paragraph">&#8211; <em>Il était venu ?</em><br>&#8211; Non&#8230;</p>



<p class="wp-block-paragraph">Mon copain m&rsquo;invitait pour aller avec lui, alors je lui ai dit :<br>&#8211; Non non, la danse folklorique, c&rsquo;est mon histoire ! &#8230;avec mes copains d&rsquo;enfance.<br>Mais c&rsquo;était drôle, parce qu&rsquo;il m&rsquo;aurait invitée peut-être trois ou quatre mois avant, les choses se seraient passées tout à fait autrement&#8230;</p>



<p class="wp-block-paragraph">Parce que c&rsquo;était assez marrant, il était venu plusieurs fois chez Maman, pour tenter de me revoir et à chaque fois qu&rsquo;il venait, je me tirais&#8230;</p>



<p class="wp-block-paragraph">&#8211; <em>Tu ne voulais pas, parce que c&rsquo;était trop près de ton enfance, tu avais besoin de cette coupure ? </em><br>&#8211; Oui bien sûr&#8230;</p>



<p class="wp-block-paragraph">C&rsquo;est pour ça que son père, le boulanger m&rsquo;avait dit : <br>&#8211; Mais, oh mon Dieu&#8230;!<br>Ah oui, il m&rsquo;avait fichu les jetons, j&rsquo;évitais ces moments&#8230;</p>



<p class="wp-block-paragraph">&#8211; <em>Tu avais besoin de cette coupure&#8230;</em> <br>&#8211; Oui, parce que moi, quand je passais au village de mon enfance, je pleurais&#8230; Je passais devant le buffet, ça coulait&#8230;</p>



<p class="wp-block-paragraph">Alors je passais par l&rsquo;autre village, j&rsquo;évitais&#8230;<br>D&rsquo;ailleurs je n&rsquo;ai jamais pu retourner voir ma marraine de confirmation, le coin était trop chargé&#8230; Tout se réveillait.</p>



<p class="wp-block-paragraph">La cicatrice était sous la peau&#8230; et ne demandait qu&rsquo;à se rouvrir !</p>

<p>&lt;Enregistré le 06 Décembre 2014&gt; Je venais de rencontrer mon futur mari au mois de Juillet, et là c&rsquo;était en automne&#8230; Le fils du boulanger de mon village, mon petit copain d&rsquo;enfance me téléphone et puis il me dit : &#8211; Oui&#8230; Il y a Irène, qui va danser à avec le groupe folklorique, j&rsquo;aimerais [&hellip;]</p>
