{"id":159,"date":"2025-12-15T16:44:00","date_gmt":"2025-12-15T16:44:00","guid":{"rendered":"https:\/\/mercigracias.ch\/?page_id=159"},"modified":"2026-06-14T05:20:49","modified_gmt":"2026-06-14T05:20:49","slug":"maman","status":"publish","type":"page","link":"https:\/\/mercigracias.ch\/?page_id=159","title":{"rendered":"Maman&#8230;"},"content":{"rendered":"\n<p class=\"wp-block-paragraph\">&lt;Enregistr\u00e9 le 04 septembre 2014&gt;<\/p>\n\n\n\n<p class=\"wp-block-paragraph\">Maman, elle avait dit :<\/p>\n\n\n\n<p class=\"wp-block-paragraph\">&#8211; Tu ne vas pas me d\u00e9ranger&#8230;hein ! <br>Alors Je me suis serr\u00e9e une bonne fois pour toute !<\/p>\n\n\n\n<p class=\"wp-block-paragraph\">Il n&rsquo;y a pas si longtemps, j&rsquo;ai m\u00eame appris qu&rsquo;elle avait tout fait pour faire une fausse couche, m\u00eame jusqu&rsquo;\u00e0 tomber dans les escaliers&#8230; Mais je me suis accroch\u00e9e, c&rsquo;\u00e9tait le signe d&rsquo;une grande volont\u00e9&#8230; mais aussi sans doute d&rsquo;une n\u00e9cessit\u00e9 !<\/p>\n\n\n\n<p class=\"wp-block-paragraph\">&#8211; Tu vois, personne ne voyait que j&rsquo;\u00e9tais enceinte, ni vu ni connu&#8230; m&rsquo;avait elle dit&#8230; Tu vois, Il y avait 100 pensionnaires dans la maison, je n&rsquo;allais pas passer mon temps \u00e0 \u00e7a&#8230; D&rsquo;ailleurs le cur\u00e9 qui m&rsquo;a vu juste avant d&rsquo;aller accoucher, quand je lui ai annonc\u00e9 que je ne serai pas l\u00e0, la semaine suivante&#8230; Il m&rsquo;a demand\u00e9 :<br>&#8211; Mais vous allez o\u00f9&#8230; ?<br>&#8211; Ben&#8230; je vais accoucher !<br>&#8211; Vous allez accoucher ? Mais il est o\u00f9 ce gamin&#8230; ?<\/p>\n\n\n\n<p class=\"wp-block-paragraph\">Personne n&rsquo;avait rien vu. Rien vu du tout, ni vu ni connu&#8230;<br>Alors t&rsquo;accouches comme \u00e7a, on d\u00e9pose \u00e7a&#8230; et on continue.<\/p>\n\n\n\n<p class=\"wp-block-paragraph\">C&rsquo;\u00e9tait ma m\u00e8re&#8230;<\/p>\n\n\n\n<p class=\"wp-block-paragraph\">Chez moi non plus, avec mon fils, on n&rsquo;y voyait rien. <br>Juste un peu vers la fin, mais j&rsquo;ai accouch\u00e9 \u00e0 seulement 6 -7 mois. <br>Je mettais un pull par dessus, et hop, personne n&rsquo;y voyait rien&#8230; <br>Mais maman, c&rsquo;\u00e9tait parce qu&rsquo;elle serrait !<\/p>\n\n\n\n<p class=\"wp-block-paragraph\">Elle m&rsquo;a bien dit : <br>&#8211; Le matin, je me serrais, je me serrais&#8230; Qu&rsquo;est ce que je vais faire avec ce machin ? que je me disais&#8230; Comment le mettre pour ne pas me d\u00e9ranger dans mes mouvements&#8230; Il va bien falloir y aller !<\/p>\n\n\n\n<p class=\"wp-block-paragraph\">C&rsquo;\u00e9tait \u00e7a pour elle, Il fallait y aller !<\/p>\n\n\n\n<p class=\"wp-block-paragraph\">Ben oui, il y avait quand m\u00eame 100 pensionnaires derri\u00e8re qui attendaient&#8230; On peut imaginer, quand il y a le plein, quand tout le monde est l\u00e0. En plus, \u00e7a ne faisait pas si longtemps qu&rsquo;ils avaient repris \u00ab\u00a0Le Buffet\u00a0\u00bb, cet h\u00f4tel restaurant, \u00e7a ne devait faire que 3-4 ans, car 5 ans auparavant, lors de la naissance de mon fr\u00e8re, ils \u00e9taient encore dans le restaurant pr\u00e9c\u00e9dent et pour ma s\u0153ur, 2 ans avant moi, ils \u00e9taient d\u00e9j\u00e0 arriv\u00e9s \u00ab\u00a0Au Buffet\u00a0\u00bb&#8230;<\/p>\n\n\n\n<p class=\"wp-block-paragraph\">En fin de compte, si elle concevait la grossesse comme d&rsquo;une g\u00e8ne, elle n&rsquo;\u00e9tait pas consciente des cons\u00e9quences sur l&rsquo;enfant en gestation&#8230;<br>Mais \u00e0 cette \u00e9poque, les enfants&#8230; ils ne comptaient pas !<br>Sauf pour \u00eatre utilis\u00e9s&#8230; D\u00e8s qu&rsquo;ils savaient marcher, hop, c&rsquo;\u00e9tait une nouvelle ressource de travail.<\/p>\n\n\n\n<p class=\"wp-block-paragraph\">Les enfants&#8230; ? C&rsquo;\u00e9tait une charge. <br>Mais d\u00e9j\u00e0 pour eux, la vie n&rsquo;\u00e9tait pas simple&#8230;<\/p>\n\n\n\n<p class=\"wp-block-paragraph\">Pas consciente. Je crois que c&rsquo;est surtout \u00e7a&#8230;<\/p>\n\n\n\n<p class=\"wp-block-paragraph\">Ma foi., ce b\u00e9b\u00e9 qui venait l\u00e0&#8230;<\/p>\n","protected":false},"excerpt":{"rendered":"<p>&lt;Enregistr\u00e9 le 04 septembre 2014&gt; Maman, elle avait dit : &#8211; Tu ne vas pas me d\u00e9ranger&#8230;hein ! Alors Je me suis serr\u00e9e une bonne fois pour toute ! Il n&rsquo;y a pas si longtemps, j&rsquo;ai m\u00eame appris qu&rsquo;elle avait tout fait pour faire une fausse couche, m\u00eame jusqu&rsquo;\u00e0 tomber dans les escaliers&#8230; Mais je [&hellip;]<\/p>\n","protected":false},"author":1,"featured_media":0,"parent":0,"menu_order":0,"comment_status":"open","ping_status":"closed","template":"pages-chapitre-01","meta":{"footnotes":""},"class_list":["post-159","page","type-page","status-publish","hentry"],"jetpack_sharing_enabled":true,"_links":{"self":[{"href":"https:\/\/mercigracias.ch\/index.php?rest_route=\/wp\/v2\/pages\/159","targetHints":{"allow":["GET"]}}],"collection":[{"href":"https:\/\/mercigracias.ch\/index.php?rest_route=\/wp\/v2\/pages"}],"about":[{"href":"https:\/\/mercigracias.ch\/index.php?rest_route=\/wp\/v2\/types\/page"}],"author":[{"embeddable":true,"href":"https:\/\/mercigracias.ch\/index.php?rest_route=\/wp\/v2\/users\/1"}],"replies":[{"embeddable":true,"href":"https:\/\/mercigracias.ch\/index.php?rest_route=%2Fwp%2Fv2%2Fcomments&post=159"}],"version-history":[{"count":10,"href":"https:\/\/mercigracias.ch\/index.php?rest_route=\/wp\/v2\/pages\/159\/revisions"}],"predecessor-version":[{"id":4528,"href":"https:\/\/mercigracias.ch\/index.php?rest_route=\/wp\/v2\/pages\/159\/revisions\/4528"}],"wp:attachment":[{"href":"https:\/\/mercigracias.ch\/index.php?rest_route=%2Fwp%2Fv2%2Fmedia&parent=159"}],"curies":[{"name":"wp","href":"https:\/\/api.w.org\/{rel}","templated":true}]}}

<p class="wp-block-paragraph">&lt;Enregistré le 04 septembre 2014&gt;</p>



<p class="wp-block-paragraph">Maman, elle avait dit :</p>



<p class="wp-block-paragraph">&#8211; Tu ne vas pas me déranger&#8230;hein ! <br>Alors Je me suis serrée une bonne fois pour toute !</p>



<p class="wp-block-paragraph">Il n&rsquo;y a pas si longtemps, j&rsquo;ai même appris qu&rsquo;elle avait tout fait pour faire une fausse couche, même jusqu&rsquo;à tomber dans les escaliers&#8230; Mais je me suis accrochée, c&rsquo;était le signe d&rsquo;une grande volonté&#8230; mais aussi sans doute d&rsquo;une nécessité !</p>



<p class="wp-block-paragraph">&#8211; Tu vois, personne ne voyait que j&rsquo;étais enceinte, ni vu ni connu&#8230; m&rsquo;avait elle dit&#8230; Tu vois, Il y avait 100 pensionnaires dans la maison, je n&rsquo;allais pas passer mon temps à ça&#8230; D&rsquo;ailleurs le curé qui m&rsquo;a vu juste avant d&rsquo;aller accoucher, quand je lui ai annoncé que je ne serai pas là, la semaine suivante&#8230; Il m&rsquo;a demandé :<br>&#8211; Mais vous allez où&#8230; ?<br>&#8211; Ben&#8230; je vais accoucher !<br>&#8211; Vous allez accoucher ? Mais il est où ce gamin&#8230; ?</p>



<p class="wp-block-paragraph">Personne n&rsquo;avait rien vu. Rien vu du tout, ni vu ni connu&#8230;<br>Alors t&rsquo;accouches comme ça, on dépose ça&#8230; et on continue.</p>



<p class="wp-block-paragraph">C&rsquo;était ma mère&#8230;</p>



<p class="wp-block-paragraph">Chez moi non plus, avec mon fils, on n&rsquo;y voyait rien. <br>Juste un peu vers la fin, mais j&rsquo;ai accouché à seulement 6 -7 mois. <br>Je mettais un pull par dessus, et hop, personne n&rsquo;y voyait rien&#8230; <br>Mais maman, c&rsquo;était parce qu&rsquo;elle serrait !</p>



<p class="wp-block-paragraph">Elle m&rsquo;a bien dit : <br>&#8211; Le matin, je me serrais, je me serrais&#8230; Qu&rsquo;est ce que je vais faire avec ce machin ? que je me disais&#8230; Comment le mettre pour ne pas me déranger dans mes mouvements&#8230; Il va bien falloir y aller !</p>



<p class="wp-block-paragraph">C&rsquo;était ça pour elle, Il fallait y aller !</p>



<p class="wp-block-paragraph">Ben oui, il y avait quand même 100 pensionnaires derrière qui attendaient&#8230; On peut imaginer, quand il y a le plein, quand tout le monde est là. En plus, ça ne faisait pas si longtemps qu&rsquo;ils avaient repris « Le Buffet », cet hôtel restaurant, ça ne devait faire que 3-4 ans, car 5 ans auparavant, lors de la naissance de mon frère, ils étaient encore dans le restaurant précédent et pour ma sœur, 2 ans avant moi, ils étaient déjà arrivés « Au Buffet »&#8230;</p>



<p class="wp-block-paragraph">En fin de compte, si elle concevait la grossesse comme d&rsquo;une gène, elle n&rsquo;était pas consciente des conséquences sur l&rsquo;enfant en gestation&#8230;<br>Mais à cette époque, les enfants&#8230; ils ne comptaient pas !<br>Sauf pour être utilisés&#8230; Dès qu&rsquo;ils savaient marcher, hop, c&rsquo;était une nouvelle ressource de travail.</p>



<p class="wp-block-paragraph">Les enfants&#8230; ? C&rsquo;était une charge. <br>Mais déjà pour eux, la vie n&rsquo;était pas simple&#8230;</p>



<p class="wp-block-paragraph">Pas consciente. Je crois que c&rsquo;est surtout ça&#8230;</p>



<p class="wp-block-paragraph">Ma foi., ce bébé qui venait là&#8230;</p>

<p>&lt;Enregistré le 04 septembre 2014&gt; Maman, elle avait dit : &#8211; Tu ne vas pas me déranger&#8230;hein ! Alors Je me suis serrée une bonne fois pour toute ! Il n&rsquo;y a pas si longtemps, j&rsquo;ai même appris qu&rsquo;elle avait tout fait pour faire une fausse couche, même jusqu&rsquo;à tomber dans les escaliers&#8230; Mais je [&hellip;]</p>
