{"id":1591,"date":"2026-02-18T20:43:03","date_gmt":"2026-02-18T20:43:03","guid":{"rendered":"https:\/\/mercigracias.ch\/?page_id=1591"},"modified":"2026-06-23T08:56:45","modified_gmt":"2026-06-23T08:56:45","slug":"les-diablerets","status":"publish","type":"page","link":"https:\/\/mercigracias.ch\/?page_id=1591","title":{"rendered":"Les diablerets"},"content":{"rendered":"\n<p class=\"wp-block-paragraph\">&lt;Enregistr\u00e9 le 14 Septembre 2014&gt;<\/p>\n\n\n\n<p class=\"wp-block-paragraph\">Enfant au buffet, j&rsquo;avais la joie de vivre, mais lorsque je suis arriv\u00e9e chez ma marraine de confirmation je l&rsquo;avais perdu, ma joie de vivre&#8230;<\/p>\n\n\n\n<p class=\"wp-block-paragraph\">Je voyais tr\u00e8s bien qu&rsquo;il y avait une tr\u00e8s bonne vibration dans cette famille, mais je n&rsquo;arrivais pas \u00e0 retrouver cette joie&#8230; La joie de ma famille, la joie de partager avec mes parents, m\u00eame si c&rsquo;\u00e9tait tendu&#8230; J&rsquo;\u00e9tais tellement triste, mais d&rsquo;une tristesse&#8230;!<\/p>\n\n\n\n<p class=\"wp-block-paragraph\">Voir ce buffet qui avait \u00e9t\u00e9 fait avec mes parents, il y avait ce sentiment de perte incommensurable&#8230; <br>Mais la famille de ma marraine c&rsquo;\u00e9taient des gens formidables, remplis d&rsquo;Amour, et d&rsquo;attention, une grande et bonne vibration.<\/p>\n\n\n\n<p class=\"wp-block-paragraph\">Chez mon oncle, chez qui ma m\u00e8re habitait, c&rsquo;\u00e9tait aussi une tr\u00e8s bonne vibration&#8230; mais j&rsquo;avais la mort dans l&rsquo;\u00e2me ! <br>C&rsquo;\u00e9tait quelque chose de pas possible, de voir un g\u00e2chis pareil.<\/p>\n\n\n\n<p class=\"wp-block-paragraph\"><em>&#8211; Une d\u00e9chirure&#8230;<\/em><br>&#8211; Oui, une grande d\u00e9chirure !<\/p>\n\n\n\n<p class=\"wp-block-paragraph\">Alors, quand j&rsquo;ai fait mon apprentissage \u00e0 Fribourg, j&rsquo;\u00e9tais en r\u00e9paration de cette \u00e2me \u00e0 retrouver, mais ce n&rsquo;\u00e9tait pas encore \u00e7a&#8230;<\/p>\n\n\n\n<ul class=\"wp-block-list\">\n<li>J&rsquo;\u00e9tais d\u00e9chir\u00e9e, quoi !<\/li>\n<\/ul>\n\n\n\n<p class=\"wp-block-paragraph\">Et quand je pars \u00e0 Bern, apr\u00e8s mon dipl\u00f4me, j&rsquo;ai l&rsquo;intention de changer d&rsquo;identit\u00e9 et de retrouver mon \u00e2me, chez Michelangelo !<\/p>\n\n\n\n<p class=\"wp-block-paragraph\">&#8211; <em>Pour te reconstruire une identit\u00e9&#8230;?<\/em> <br>&#8211; Oui, pour reconstruire une identit\u00e9, \u00e0 moi&#8230;<\/p>\n\n\n\n<p class=\"wp-block-paragraph\">Une identit\u00e9 qui soit dans la joie&#8230; et quand j&rsquo;arrive \u00e0 Gstaad c&rsquo;est de nouveau l&rsquo;explosion de cette joie&#8230;!<br>Ce bonheur renaissait, parce qu&rsquo;il n&rsquo;y avait plus ces racines (Rire) o\u00f9 on ne veut pas la joie&#8230;<\/p>\n\n\n\n<p class=\"wp-block-paragraph\">Et quand on monte les deux jours aux Diablerets, qu&rsquo;au moment o\u00f9 on passe par Gstaad&#8230; Michelangelo me dit : <br>&#8211; C&rsquo;\u00e9tait les plus beaux moments de ma vie, l\u00e0-bas&#8230;<\/p>\n\n\n\n<p class=\"wp-block-paragraph\">Quand je passe avec lui dans sa Range Rover et qu&rsquo;il me dit :<br>&#8211; Regardez, le salon de coiffure ici&#8230; Ah l\u00e0, c&rsquo;\u00e9tait les plus beaux moments de ma vie&#8230; !<\/p>\n\n\n\n<p class=\"wp-block-paragraph\">&#8211; Ohhhh, mais \u00e7a s&rsquo;appelle comment ici ? (Rire) Ah&#8230; Ferdinand&#8230; ?N&rsquo;oublie pas&#8230; Ferdinand !<br>C&rsquo;est tout ce que tu veux savoir, Gstaad, Ferdinand&#8230;<\/p>\n\n\n\n<ul class=\"wp-block-list\">\n<li>C&rsquo;est l\u00e0 que tu viens maintenant&#8230;!<\/li>\n<\/ul>\n\n\n\n<p class=\"wp-block-paragraph\">Parce que, toi c&rsquo;est ce que tu cherches&#8230; Tu ne veux rien d&rsquo;autre, le bonheur, la joie&#8230;<\/p>\n\n\n\n<ul class=\"wp-block-list\">\n<li>La joie !<\/li>\n<\/ul>\n\n\n\n<p class=\"wp-block-paragraph\">OK&#8230; Je suis rentr\u00e9e, et directement&#8230; Annonces ? <br>Il ne cherche pas de coiffeuse ? Il ne cherche personne, mais moi je lui ai \u00e9crit&#8230; :<br>&#8211; Ecoutez moi&#8230; Je suis int\u00e9ress\u00e9e pour la prochaine saison chez vous&#8230;<\/p>\n\n\n\n<p class=\"wp-block-paragraph\">\u00c7a c&rsquo;\u00e9tait au mois de Mars, j&rsquo;ai \u00e9crit tout de suite&#8230; Et puis il me r\u00e9pond :<br>&#8211; Venez vous pr\u00e9senter au mois de juillet&#8230;<\/p>\n\n\n\n<p class=\"wp-block-paragraph\">On \u00e9tait au mois de juin, je ne sais plus, l\u00e0 autour&#8230; et \u00e7a s&rsquo;est tout de suite d\u00e9cid\u00e9, pour le 3 d\u00e9cembre&#8230;<\/p>\n\n\n\n<p class=\"wp-block-paragraph\">Oh Bonheur&#8230;! Mais tu te tires&#8230; (Rire)<\/p>\n\n\n\n<p class=\"wp-block-paragraph\">Tu ne sais pas comment tu vas faire, mais tu vas \u00e0 la joie&#8230; <br>L\u00e0-bas c&rsquo;est la porte ? OK&#8230; C&rsquo;est la seule chose qui t&rsquo;int\u00e9resse !<\/p>\n\n\n\n<p class=\"wp-block-paragraph\">Et l\u00e0-bas&#8230;? C&rsquo;\u00e9tait la joie, tous les jours ! <br>Tous les jours c&rsquo;\u00e9tait la joie pure, rien d&rsquo;autre&#8230;<\/p>\n\n\n\n<p class=\"wp-block-paragraph\">Plus tard, quand je suis redescendue pour emm\u00e9nager avec mon futur mari, pareil, je cr\u00e9e mon salon de coiffure et c&rsquo;est la joie pure !<\/p>\n\n\n\n<p class=\"wp-block-paragraph\">Malheureusement quand il a commenc\u00e9 \u00e0 sortir, apr\u00e8s qu&rsquo;il y ait les enfants&#8230; On sentait que \u00e7a baissait, alors quand il a propos\u00e9 le Costa Rica, Je me suis dit :<br>&#8211; Bon s&rsquo;il peut retrouver sa joie, s&rsquo;il va retrouver son bonheur&#8230; <br>OK allons y ! Et toi, tu vas retrouver la joie&#8230;<\/p>\n\n\n\n<p class=\"wp-block-paragraph\">Le reste ne t&rsquo;int\u00e9resse pas&#8230;<\/p>\n\n\n\n<p class=\"wp-block-paragraph\">Les vies qui ne sont pas dans la joie, tu ne veux pas. Au bout d&rsquo;un moment, tu quittes ! Tu t&rsquo;en vas, tu vas ailleurs!<\/p>\n\n\n\n<p class=\"wp-block-paragraph\">Il fallait que je me d\u00e9passe, c&rsquo;\u00e9tait l&rsquo;ambition de ma propre \u00e9volution.<\/p>\n\n\n\n<p class=\"wp-block-paragraph\">C&rsquo;\u00e9tait assez dr\u00f4le que, sans connaitre mon P\u00e8re, une transmission s&rsquo;\u00e9tait op\u00e9r\u00e9e, un h\u00e9ritage g\u00e9n\u00e9tique, le besoin d&rsquo;apprendre et ce besoin d&rsquo;avancer, d&rsquo;aller dans les Palaces et de rechercher l&rsquo;excellence.<\/p>\n\n\n\n<p class=\"wp-block-paragraph\">Ce qui \u00e9tait aussi incroyable c&rsquo;est qu&rsquo;\u00e0 chaque fois, c&rsquo;\u00e9tait mes patrons qui m&rsquo;ont trac\u00e9 mon chemin&#8230;<\/p>\n\n\n\n<p class=\"wp-block-paragraph\">La Patronne de Fribourg, c&rsquo;est elle qui m&rsquo;avait montr\u00e9 l&rsquo;article de Michelangelo, dans le journal, en disant :<br>&#8211; Ben dit donc, celui l\u00e0 alors&#8230; oh l\u00e0 l\u00e0&#8230; pffff&#8230;.<\/p>\n\n\n\n<ul class=\"wp-block-list\">\n<li>OK ben, j&rsquo;y vais.<\/li>\n<\/ul>\n\n\n\n<p class=\"wp-block-paragraph\">Et chez Michelangelo, \u00e7a faisait trois ans et demi que j&rsquo;\u00e9tais l\u00e0&#8230; <br>La totale\u00a0! J&rsquo;allais avec lui en Range Rover&#8230; il \u00e9tait l\u00e0, il me mettait en princesse, tout ce que je voulais, il \u00e9tait aux petits soins, il ne savait pas comment faire&#8230;<\/p>\n\n\n\n<p class=\"wp-block-paragraph\">\u00c7a faisait trois ans et demi que j&rsquo;\u00e9tais chez lui, il avait sans doute trop peur de me perdre, il savait que je n&rsquo;avais pas voulu faire de contrat, et que je pouvais l&rsquo;envoyer chier&#8230; Ben voil\u00e0 il \u00e9tait tout docile&#8230;<\/p>\n\n\n\n<p class=\"wp-block-paragraph\">Et ce jour l\u00e0, quand il m&rsquo;a emmen\u00e9 avec sa Range Rover, ben je me suis dit :<br>&#8211; Ben voil\u00e0&#8230; Tu as fait le tour.<\/p>\n\n\n\n<p class=\"wp-block-paragraph\">Quand on est pass\u00e9 par Gstaad, et que devant chez Ferdinand, il m&rsquo;a dit :<br>&#8211; Ben voil\u00e0 et l\u00e0, le Palace&#8230; J&rsquo;habitais en haut, et l\u00e0 il y avait ci, et l\u00e0, il y avait \u00e7a&#8230; Et alors l\u00e0, dans ce petit salon de coiffure, alors l\u00e0&#8230; !<br>C&rsquo;\u00e9tait le meilleur passage de ma vie, il \u00e9tait adorable ce patron, il \u00e9tait tellement gentil !<\/p>\n\n\n\n<p class=\"wp-block-paragraph\">Je me dis\u00a0: <br>&#8211; hein\u00a0?&#8230;OK. Il s&rsquo;appelle comment\u00a0? <br>Tu l&rsquo;as m\u00e9rit\u00e9, c&rsquo;est l\u00e0 que tu vas au prochain tour.<\/p>\n\n\n\n<p class=\"wp-block-paragraph\">Je suis rentr\u00e9e, et l\u00e0 c&rsquo;\u00e9tait la m\u00eame chose, c&rsquo;\u00e9tait d\u00e9cid\u00e9, c&rsquo;\u00e9tait fini&#8230; <\/p>\n\n\n\n<ul class=\"wp-block-list\">\n<li>Je pars l\u00e0-bas.<\/li>\n<\/ul>\n\n\n\n<p class=\"wp-block-paragraph\">A l&rsquo;\u00e9poque \u00e7a a surpris autant la Patronne de Fribourg, lorsque je suis parti chez Michelangelo, o\u00f9 tout le monde \u00e9tait renvers\u00e9, tout le monde se disait :<br>&#8211; Non ce n&rsquo;est pas possible, pas elle\u00a0!<br>On aurait bien vu, Anne qui envoyait chier tout le monde&#8230; ou n&rsquo;importe laquelle, mais pas elle !<\/p>\n\n\n\n<p class=\"wp-block-paragraph\">Et moi, qui en fait, suivait ma petite histoire&#8230; Moi, qui ne demandais rien du tout&#8230; Toujours tout bien impeccable, Ok&#8230; OK, mais l\u00e0 non.<\/p>\n\n\n\n<p class=\"wp-block-paragraph\">Je surprenais tout le monde&#8230;<\/p>\n\n\n\n<p class=\"wp-block-paragraph\">Merci Gracias<\/p>\n","protected":false},"excerpt":{"rendered":"<p>&lt;Enregistr\u00e9 le 14 Septembre 2014&gt; Enfant au buffet, j&rsquo;avais la joie de vivre, mais lorsque je suis arriv\u00e9e chez ma marraine de confirmation je l&rsquo;avais perdu, ma joie de vivre&#8230; Je voyais tr\u00e8s bien qu&rsquo;il y avait une tr\u00e8s bonne vibration dans cette famille, mais je n&rsquo;arrivais pas \u00e0 retrouver cette joie&#8230; La joie de [&hellip;]<\/p>\n","protected":false},"author":1,"featured_media":0,"parent":0,"menu_order":0,"comment_status":"open","ping_status":"closed","template":"pages-chapitre-06","meta":{"footnotes":""},"class_list":["post-1591","page","type-page","status-publish","hentry"],"jetpack_sharing_enabled":true,"_links":{"self":[{"href":"https:\/\/mercigracias.ch\/index.php?rest_route=\/wp\/v2\/pages\/1591","targetHints":{"allow":["GET"]}}],"collection":[{"href":"https:\/\/mercigracias.ch\/index.php?rest_route=\/wp\/v2\/pages"}],"about":[{"href":"https:\/\/mercigracias.ch\/index.php?rest_route=\/wp\/v2\/types\/page"}],"author":[{"embeddable":true,"href":"https:\/\/mercigracias.ch\/index.php?rest_route=\/wp\/v2\/users\/1"}],"replies":[{"embeddable":true,"href":"https:\/\/mercigracias.ch\/index.php?rest_route=%2Fwp%2Fv2%2Fcomments&post=1591"}],"version-history":[{"count":7,"href":"https:\/\/mercigracias.ch\/index.php?rest_route=\/wp\/v2\/pages\/1591\/revisions"}],"predecessor-version":[{"id":4837,"href":"https:\/\/mercigracias.ch\/index.php?rest_route=\/wp\/v2\/pages\/1591\/revisions\/4837"}],"wp:attachment":[{"href":"https:\/\/mercigracias.ch\/index.php?rest_route=%2Fwp%2Fv2%2Fmedia&parent=1591"}],"curies":[{"name":"wp","href":"https:\/\/api.w.org\/{rel}","templated":true}]}}

<p class="wp-block-paragraph">&lt;Enregistré le 14 Septembre 2014&gt;</p>



<p class="wp-block-paragraph">Enfant au buffet, j&rsquo;avais la joie de vivre, mais lorsque je suis arrivée chez ma marraine de confirmation je l&rsquo;avais perdu, ma joie de vivre&#8230;</p>



<p class="wp-block-paragraph">Je voyais très bien qu&rsquo;il y avait une très bonne vibration dans cette famille, mais je n&rsquo;arrivais pas à retrouver cette joie&#8230; La joie de ma famille, la joie de partager avec mes parents, même si c&rsquo;était tendu&#8230; J&rsquo;étais tellement triste, mais d&rsquo;une tristesse&#8230;!</p>



<p class="wp-block-paragraph">Voir ce buffet qui avait été fait avec mes parents, il y avait ce sentiment de perte incommensurable&#8230; <br>Mais la famille de ma marraine c&rsquo;étaient des gens formidables, remplis d&rsquo;Amour, et d&rsquo;attention, une grande et bonne vibration.</p>



<p class="wp-block-paragraph">Chez mon oncle, chez qui ma mère habitait, c&rsquo;était aussi une très bonne vibration&#8230; mais j&rsquo;avais la mort dans l&rsquo;âme ! <br>C&rsquo;était quelque chose de pas possible, de voir un gâchis pareil.</p>



<p class="wp-block-paragraph"><em>&#8211; Une déchirure&#8230;</em><br>&#8211; Oui, une grande déchirure !</p>



<p class="wp-block-paragraph">Alors, quand j&rsquo;ai fait mon apprentissage à Fribourg, j&rsquo;étais en réparation de cette âme à retrouver, mais ce n&rsquo;était pas encore ça&#8230;</p>



<ul class="wp-block-list">
<li>J&rsquo;étais déchirée, quoi !</li>
</ul>



<p class="wp-block-paragraph">Et quand je pars à Bern, après mon diplôme, j&rsquo;ai l&rsquo;intention de changer d&rsquo;identité et de retrouver mon âme, chez Michelangelo !</p>



<p class="wp-block-paragraph">&#8211; <em>Pour te reconstruire une identité&#8230;?</em> <br>&#8211; Oui, pour reconstruire une identité, à moi&#8230;</p>



<p class="wp-block-paragraph">Une identité qui soit dans la joie&#8230; et quand j&rsquo;arrive à Gstaad c&rsquo;est de nouveau l&rsquo;explosion de cette joie&#8230;!<br>Ce bonheur renaissait, parce qu&rsquo;il n&rsquo;y avait plus ces racines (Rire) où on ne veut pas la joie&#8230;</p>



<p class="wp-block-paragraph">Et quand on monte les deux jours aux Diablerets, qu&rsquo;au moment où on passe par Gstaad&#8230; Michelangelo me dit : <br>&#8211; C&rsquo;était les plus beaux moments de ma vie, là-bas&#8230;</p>



<p class="wp-block-paragraph">Quand je passe avec lui dans sa Range Rover et qu&rsquo;il me dit :<br>&#8211; Regardez, le salon de coiffure ici&#8230; Ah là, c&rsquo;était les plus beaux moments de ma vie&#8230; !</p>



<p class="wp-block-paragraph">&#8211; Ohhhh, mais ça s&rsquo;appelle comment ici ? (Rire) Ah&#8230; Ferdinand&#8230; ?N&rsquo;oublie pas&#8230; Ferdinand !<br>C&rsquo;est tout ce que tu veux savoir, Gstaad, Ferdinand&#8230;</p>



<ul class="wp-block-list">
<li>C&rsquo;est là que tu viens maintenant&#8230;!</li>
</ul>



<p class="wp-block-paragraph">Parce que, toi c&rsquo;est ce que tu cherches&#8230; Tu ne veux rien d&rsquo;autre, le bonheur, la joie&#8230;</p>



<ul class="wp-block-list">
<li>La joie !</li>
</ul>



<p class="wp-block-paragraph">OK&#8230; Je suis rentrée, et directement&#8230; Annonces ? <br>Il ne cherche pas de coiffeuse ? Il ne cherche personne, mais moi je lui ai écrit&#8230; :<br>&#8211; Ecoutez moi&#8230; Je suis intéressée pour la prochaine saison chez vous&#8230;</p>



<p class="wp-block-paragraph">Ça c&rsquo;était au mois de Mars, j&rsquo;ai écrit tout de suite&#8230; Et puis il me répond :<br>&#8211; Venez vous présenter au mois de juillet&#8230;</p>



<p class="wp-block-paragraph">On était au mois de juin, je ne sais plus, là autour&#8230; et ça s&rsquo;est tout de suite décidé, pour le 3 décembre&#8230;</p>



<p class="wp-block-paragraph">Oh Bonheur&#8230;! Mais tu te tires&#8230; (Rire)</p>



<p class="wp-block-paragraph">Tu ne sais pas comment tu vas faire, mais tu vas à la joie&#8230; <br>Là-bas c&rsquo;est la porte ? OK&#8230; C&rsquo;est la seule chose qui t&rsquo;intéresse !</p>



<p class="wp-block-paragraph">Et là-bas&#8230;? C&rsquo;était la joie, tous les jours ! <br>Tous les jours c&rsquo;était la joie pure, rien d&rsquo;autre&#8230;</p>



<p class="wp-block-paragraph">Plus tard, quand je suis redescendue pour emménager avec mon futur mari, pareil, je crée mon salon de coiffure et c&rsquo;est la joie pure !</p>



<p class="wp-block-paragraph">Malheureusement quand il a commencé à sortir, après qu&rsquo;il y ait les enfants&#8230; On sentait que ça baissait, alors quand il a proposé le Costa Rica, Je me suis dit :<br>&#8211; Bon s&rsquo;il peut retrouver sa joie, s&rsquo;il va retrouver son bonheur&#8230; <br>OK allons y ! Et toi, tu vas retrouver la joie&#8230;</p>



<p class="wp-block-paragraph">Le reste ne t&rsquo;intéresse pas&#8230;</p>



<p class="wp-block-paragraph">Les vies qui ne sont pas dans la joie, tu ne veux pas. Au bout d&rsquo;un moment, tu quittes ! Tu t&rsquo;en vas, tu vas ailleurs!</p>



<p class="wp-block-paragraph">Il fallait que je me dépasse, c&rsquo;était l&rsquo;ambition de ma propre évolution.</p>



<p class="wp-block-paragraph">C&rsquo;était assez drôle que, sans connaitre mon Père, une transmission s&rsquo;était opérée, un héritage génétique, le besoin d&rsquo;apprendre et ce besoin d&rsquo;avancer, d&rsquo;aller dans les Palaces et de rechercher l&rsquo;excellence.</p>



<p class="wp-block-paragraph">Ce qui était aussi incroyable c&rsquo;est qu&rsquo;à chaque fois, c&rsquo;était mes patrons qui m&rsquo;ont tracé mon chemin&#8230;</p>



<p class="wp-block-paragraph">La Patronne de Fribourg, c&rsquo;est elle qui m&rsquo;avait montré l&rsquo;article de Michelangelo, dans le journal, en disant :<br>&#8211; Ben dit donc, celui là alors&#8230; oh là là&#8230; pffff&#8230;.</p>



<ul class="wp-block-list">
<li>OK ben, j&rsquo;y vais.</li>
</ul>



<p class="wp-block-paragraph">Et chez Michelangelo, ça faisait trois ans et demi que j&rsquo;étais là&#8230; <br>La totale ! J&rsquo;allais avec lui en Range Rover&#8230; il était là, il me mettait en princesse, tout ce que je voulais, il était aux petits soins, il ne savait pas comment faire&#8230;</p>



<p class="wp-block-paragraph">Ça faisait trois ans et demi que j&rsquo;étais chez lui, il avait sans doute trop peur de me perdre, il savait que je n&rsquo;avais pas voulu faire de contrat, et que je pouvais l&rsquo;envoyer chier&#8230; Ben voilà il était tout docile&#8230;</p>



<p class="wp-block-paragraph">Et ce jour là, quand il m&rsquo;a emmené avec sa Range Rover, ben je me suis dit :<br>&#8211; Ben voilà&#8230; Tu as fait le tour.</p>



<p class="wp-block-paragraph">Quand on est passé par Gstaad, et que devant chez Ferdinand, il m&rsquo;a dit :<br>&#8211; Ben voilà et là, le Palace&#8230; J&rsquo;habitais en haut, et là il y avait ci, et là, il y avait ça&#8230; Et alors là, dans ce petit salon de coiffure, alors là&#8230; !<br>C&rsquo;était le meilleur passage de ma vie, il était adorable ce patron, il était tellement gentil !</p>



<p class="wp-block-paragraph">Je me dis : <br>&#8211; hein ?&#8230;OK. Il s&rsquo;appelle comment ? <br>Tu l&rsquo;as mérité, c&rsquo;est là que tu vas au prochain tour.</p>



<p class="wp-block-paragraph">Je suis rentrée, et là c&rsquo;était la même chose, c&rsquo;était décidé, c&rsquo;était fini&#8230; </p>



<ul class="wp-block-list">
<li>Je pars là-bas.</li>
</ul>



<p class="wp-block-paragraph">A l&rsquo;époque ça a surpris autant la Patronne de Fribourg, lorsque je suis parti chez Michelangelo, où tout le monde était renversé, tout le monde se disait :<br>&#8211; Non ce n&rsquo;est pas possible, pas elle !<br>On aurait bien vu, Anne qui envoyait chier tout le monde&#8230; ou n&rsquo;importe laquelle, mais pas elle !</p>



<p class="wp-block-paragraph">Et moi, qui en fait, suivait ma petite histoire&#8230; Moi, qui ne demandais rien du tout&#8230; Toujours tout bien impeccable, Ok&#8230; OK, mais là non.</p>



<p class="wp-block-paragraph">Je surprenais tout le monde&#8230;</p>



<p class="wp-block-paragraph">Merci Gracias</p>

<p>&lt;Enregistré le 14 Septembre 2014&gt; Enfant au buffet, j&rsquo;avais la joie de vivre, mais lorsque je suis arrivée chez ma marraine de confirmation je l&rsquo;avais perdu, ma joie de vivre&#8230; Je voyais très bien qu&rsquo;il y avait une très bonne vibration dans cette famille, mais je n&rsquo;arrivais pas à retrouver cette joie&#8230; La joie de [&hellip;]</p>
