{"id":1600,"date":"2026-02-18T21:35:04","date_gmt":"2026-02-18T21:35:04","guid":{"rendered":"https:\/\/mercigracias.ch\/?page_id=1600"},"modified":"2026-06-23T09:08:44","modified_gmt":"2026-06-23T09:08:44","slug":"jetais-desolee-pour-lui","status":"publish","type":"page","link":"https:\/\/mercigracias.ch\/?page_id=1600","title":{"rendered":"J&rsquo;\u00e9tais d\u00e9sol\u00e9e pour lui"},"content":{"rendered":"\n<p class=\"wp-block-paragraph\">&lt;Enregistr\u00e9 le 15 Mai 2015&gt;<\/p>\n\n\n\n<p class=\"wp-block-paragraph\">Apr\u00e8s avoir re\u00e7u mon cong\u00e9, il a fait sa conf\u00e9rence, pour l&rsquo;annoncer \u00e0 tout le monde&#8230; Alors il avait fait rester tout le monde, et il a commenc\u00e9 \u00e0 dire : <br>&#8211; Ecoutez&#8230; Isabelle&#8230; va partir un moment pour faire une saison&#8230;<\/p>\n\n\n\n<p class=\"wp-block-paragraph\">Il devait s&rsquo;arr\u00eater entre deux, il pleurait&#8230; Puis il a dit :<br>&#8211; Bon, pour ce soir, je ne peux plus&#8230; Je dois m&rsquo;en aller&#8230;<\/p>\n\n\n\n<p class=\"wp-block-paragraph\">Mais \u00e7a avait \u00e9t\u00e9 une histoire, quand je suis partie, une histoire !<br>Alors que lui, il fichait les machins \u00e0 la figure de tout le monde, (Rire) c&rsquo;\u00e9tait juste horrible. Et moi je n&rsquo;y comprenais rien non plus&#8230;<\/p>\n\n\n\n<ul class=\"wp-block-list\">\n<li> Je n&rsquo;y comprenais rien de rien&#8230;!<\/li>\n<\/ul>\n\n\n\n<p class=\"wp-block-paragraph\">Je pensais qu&rsquo;il faisait \u00e7a parce qu&rsquo;on parlait fran\u00e7ais et puis que c&rsquo;\u00e9tait des Suisses Allemands&#8230; Comme il me disait que j&rsquo;\u00e9tais sa petite parisienne&#8230;<\/p>\n\n\n\n<p class=\"wp-block-paragraph\">&#8211; <em>Et finalement il t&rsquo;admirait&#8230; il avait une grande estime pour toi !<\/em><\/p>\n\n\n\n<p class=\"wp-block-paragraph\">&#8211; Tu vois la premi\u00e8re fois, quand j&rsquo;\u00e9tais all\u00e9e au bureau, qu&rsquo;il avait refus\u00e9 mon cong\u00e9&#8230; <br>&#8211; Non non&#8230; Moi, je le d\u00e9chire votre cong\u00e9 ! <br>Vous ne partez pas, je ne le veux pas votre cong\u00e9&#8230;<\/p>\n\n\n\n<p class=\"wp-block-paragraph\">Apr\u00e8s la deuxi\u00e8me fois, le cong\u00e9 c&rsquo;\u00e9tait parce que je devais partir en Afrique du sud&#8230; Apr\u00e8s la troisi\u00e8me fois, et bien c&rsquo;\u00e9tait la bonne&#8230;<\/p>\n\n\n\n<p class=\"wp-block-paragraph\">Mais la premi\u00e8re fois quand j&rsquo;avais d\u00e9cid\u00e9 de partir, il m&rsquo;a offert Manchester&#8230; Non, ne partez pas.<\/p>\n\n\n\n<p class=\"wp-block-paragraph\">La deuxi\u00e8me fois je partais pour l&rsquo;Afrique du Sud&#8230; et \u00e0 chaque fois il en \u00e9tait malade&#8230; malade malade&#8230; C&rsquo;\u00e9tait du sport !<\/p>\n\n\n\n<p class=\"wp-block-paragraph\">Et moi, je ne comprenais rien du tout&#8230; mais rien du tout !<\/p>\n\n\n\n<p class=\"wp-block-paragraph\">Mais je me disais :<br>&#8211; Mais pourquoi il fait toute ces histoires ?<br>Tu vois j&rsquo;avais 22 ans&#8230;<\/p>\n\n\n\n<p class=\"wp-block-paragraph\">Il envoie chier tout le monde. Il y avait un d\u00e9fil\u00e9 de gens qui venaient faire des mois de stages&#8230; et Il ne les prenait pas, il les foutait m\u00eame \u00e0 la porte&#8230; et chez moi il me faisait toute une histoire.<\/p>\n\n\n\n<p class=\"wp-block-paragraph\">Je mettais \u00e7a sur le compte que j&rsquo;\u00e9tais sa parisienne&#8230;<br>En fin de compte quand je suis partie et qu&rsquo;il m&rsquo;a dit encore : <br>&#8211; Isabelle vous ne pouvez pas partir&#8230; Je vous aime ! <br>Qu&rsquo;il m&rsquo;a dit&#8230; vous ne pouvez pas partir !<\/p>\n\n\n\n<p class=\"wp-block-paragraph\">&#8211; Ouais ouais, mais il raconte n&rsquo;importe quoi&#8230; <br>Alors cette fois ci, il d\u00e9conne \u00e0 fond&#8230;<\/p>\n\n\n\n<p class=\"wp-block-paragraph\">J&rsquo;\u00e9tais d\u00e9sol\u00e9e&#8230;<\/p>\n\n\n\n<p class=\"wp-block-paragraph\">Mais je devais avancer. Je savais que ma route \u00e9tait plus longue&#8230; beaucoup plus longue.<\/p>\n\n\n\n<p class=\"wp-block-paragraph\"><\/p>\n\n\n\n<p class=\"wp-block-paragraph\"><\/p>\n","protected":false},"excerpt":{"rendered":"<p>&lt;Enregistr\u00e9 le 15 Mai 2015&gt; Apr\u00e8s avoir re\u00e7u mon cong\u00e9, il a fait sa conf\u00e9rence, pour l&rsquo;annoncer \u00e0 tout le monde&#8230; Alors il avait fait rester tout le monde, et il a commenc\u00e9 \u00e0 dire : &#8211; Ecoutez&#8230; Isabelle&#8230; va partir un moment pour faire une saison&#8230; Il devait s&rsquo;arr\u00eater entre deux, il pleurait&#8230; Puis [&hellip;]<\/p>\n","protected":false},"author":1,"featured_media":0,"parent":0,"menu_order":0,"comment_status":"open","ping_status":"closed","template":"pages-chapitre-06","meta":{"footnotes":""},"class_list":["post-1600","page","type-page","status-publish","hentry"],"jetpack_sharing_enabled":true,"_links":{"self":[{"href":"https:\/\/mercigracias.ch\/index.php?rest_route=\/wp\/v2\/pages\/1600","targetHints":{"allow":["GET"]}}],"collection":[{"href":"https:\/\/mercigracias.ch\/index.php?rest_route=\/wp\/v2\/pages"}],"about":[{"href":"https:\/\/mercigracias.ch\/index.php?rest_route=\/wp\/v2\/types\/page"}],"author":[{"embeddable":true,"href":"https:\/\/mercigracias.ch\/index.php?rest_route=\/wp\/v2\/users\/1"}],"replies":[{"embeddable":true,"href":"https:\/\/mercigracias.ch\/index.php?rest_route=%2Fwp%2Fv2%2Fcomments&post=1600"}],"version-history":[{"count":7,"href":"https:\/\/mercigracias.ch\/index.php?rest_route=\/wp\/v2\/pages\/1600\/revisions"}],"predecessor-version":[{"id":4841,"href":"https:\/\/mercigracias.ch\/index.php?rest_route=\/wp\/v2\/pages\/1600\/revisions\/4841"}],"wp:attachment":[{"href":"https:\/\/mercigracias.ch\/index.php?rest_route=%2Fwp%2Fv2%2Fmedia&parent=1600"}],"curies":[{"name":"wp","href":"https:\/\/api.w.org\/{rel}","templated":true}]}}

J&rsquo;étais désolée pour lui

<p class="wp-block-paragraph">&lt;Enregistré le 15 Mai 2015&gt;</p>



<p class="wp-block-paragraph">Après avoir reçu mon congé, il a fait sa conférence, pour l&rsquo;annoncer à tout le monde&#8230; Alors il avait fait rester tout le monde, et il a commencé à dire : <br>&#8211; Ecoutez&#8230; Isabelle&#8230; va partir un moment pour faire une saison&#8230;</p>



<p class="wp-block-paragraph">Il devait s&rsquo;arrêter entre deux, il pleurait&#8230; Puis il a dit :<br>&#8211; Bon, pour ce soir, je ne peux plus&#8230; Je dois m&rsquo;en aller&#8230;</p>



<p class="wp-block-paragraph">Mais ça avait été une histoire, quand je suis partie, une histoire !<br>Alors que lui, il fichait les machins à la figure de tout le monde, (Rire) c&rsquo;était juste horrible. Et moi je n&rsquo;y comprenais rien non plus&#8230;</p>



<ul class="wp-block-list">
<li> Je n&rsquo;y comprenais rien de rien&#8230;!</li>
</ul>



<p class="wp-block-paragraph">Je pensais qu&rsquo;il faisait ça parce qu&rsquo;on parlait français et puis que c&rsquo;était des Suisses Allemands&#8230; Comme il me disait que j&rsquo;étais sa petite parisienne&#8230;</p>



<p class="wp-block-paragraph">&#8211; <em>Et finalement il t&rsquo;admirait&#8230; il avait une grande estime pour toi !</em></p>



<p class="wp-block-paragraph">&#8211; Tu vois la première fois, quand j&rsquo;étais allée au bureau, qu&rsquo;il avait refusé mon congé&#8230; <br>&#8211; Non non&#8230; Moi, je le déchire votre congé ! <br>Vous ne partez pas, je ne le veux pas votre congé&#8230;</p>



<p class="wp-block-paragraph">Après la deuxième fois, le congé c&rsquo;était parce que je devais partir en Afrique du sud&#8230; Après la troisième fois, et bien c&rsquo;était la bonne&#8230;</p>



<p class="wp-block-paragraph">Mais la première fois quand j&rsquo;avais décidé de partir, il m&rsquo;a offert Manchester&#8230; Non, ne partez pas.</p>



<p class="wp-block-paragraph">La deuxième fois je partais pour l&rsquo;Afrique du Sud&#8230; et à chaque fois il en était malade&#8230; malade malade&#8230; C&rsquo;était du sport !</p>



<p class="wp-block-paragraph">Et moi, je ne comprenais rien du tout&#8230; mais rien du tout !</p>



<p class="wp-block-paragraph">Mais je me disais :<br>&#8211; Mais pourquoi il fait toute ces histoires ?<br>Tu vois j&rsquo;avais 22 ans&#8230;</p>



<p class="wp-block-paragraph">Il envoie chier tout le monde. Il y avait un défilé de gens qui venaient faire des mois de stages&#8230; et Il ne les prenait pas, il les foutait même à la porte&#8230; et chez moi il me faisait toute une histoire.</p>



<p class="wp-block-paragraph">Je mettais ça sur le compte que j&rsquo;étais sa parisienne&#8230;<br>En fin de compte quand je suis partie et qu&rsquo;il m&rsquo;a dit encore : <br>&#8211; Isabelle vous ne pouvez pas partir&#8230; Je vous aime ! <br>Qu&rsquo;il m&rsquo;a dit&#8230; vous ne pouvez pas partir !</p>



<p class="wp-block-paragraph">&#8211; Ouais ouais, mais il raconte n&rsquo;importe quoi&#8230; <br>Alors cette fois ci, il déconne à fond&#8230;</p>



<p class="wp-block-paragraph">J&rsquo;étais désolée&#8230;</p>



<p class="wp-block-paragraph">Mais je devais avancer. Je savais que ma route était plus longue&#8230; beaucoup plus longue.</p>



<p class="wp-block-paragraph"></p>



<p class="wp-block-paragraph"></p>

<p>&lt;Enregistré le 15 Mai 2015&gt; Après avoir reçu mon congé, il a fait sa conférence, pour l&rsquo;annoncer à tout le monde&#8230; Alors il avait fait rester tout le monde, et il a commencé à dire : &#8211; Ecoutez&#8230; Isabelle&#8230; va partir un moment pour faire une saison&#8230; Il devait s&rsquo;arrêter entre deux, il pleurait&#8230; Puis [&hellip;]</p>
