{"id":1606,"date":"2026-02-18T22:03:29","date_gmt":"2026-02-18T22:03:29","guid":{"rendered":"https:\/\/mercigracias.ch\/?page_id=1606"},"modified":"2026-06-23T09:16:20","modified_gmt":"2026-06-23T09:16:20","slug":"je-lavais-epate","status":"publish","type":"page","link":"https:\/\/mercigracias.ch\/?page_id=1606","title":{"rendered":"Je l&rsquo;avais \u00e9pat\u00e9 !"},"content":{"rendered":"\n<p class=\"wp-block-paragraph\">&lt;Enregistr\u00e9 01 Septembre 2014&gt;<\/p>\n\n\n\n<p class=\"wp-block-paragraph\">&#8211; <em>Finalement, il avait une \u00e9norme estime de toi&#8230; tu avais d\u00fb toujours sacr\u00e9ment l&rsquo;\u00e9pater&#8230; \u00c7a<\/em> <em>t&rsquo;a grandement valoris\u00e9&#8230; !<\/em> <br>&#8211; Ah oui, parce que Michelangelo, \u00e0 deux fois, il a pleur\u00e9&#8230;<\/p>\n\n\n\n<p class=\"wp-block-paragraph\">&#8211;<em>Finalement ce qu&rsquo;il ne devait pas aimer, c&rsquo;\u00e9tait la m\u00e9diocrit\u00e9 ou des choses comme \u00e7a&#8230; Mais les personnes capables, qui cherchaient \u00e0 s&rsquo;am\u00e9liorer, \u00e0 marcher vers la perfection, vers l&rsquo;art, il les mettait \u00e0 \u00e9galit\u00e9 avec lui&#8230;<\/em><br>&#8211; Oui, et il n&rsquo;en revenait pas quand il y avait quelqu&rsquo;un qui osait le d\u00e9fier&#8230;<\/p>\n\n\n\n<p class=\"wp-block-paragraph\">Enfin c&rsquo;\u00e9tait juste, parce que ce n&rsquo;\u00e9tait pas le petit p\u00e9teux qui vient et qui n&rsquo;en vaut pas la peine. Parce que tu vois, quand je suis arriv\u00e9e l\u00e0-bas, la coiffeuse \u00e7a n&rsquo;existait pas chez eux, ce n&rsquo;\u00e9tait que des hommes coiffeurs, enfin ceux qui restaient&#8230; mais le fait d&rsquo;avoir la place d&rsquo;une coiffeuse&#8230; Et quand il m&rsquo;a dit :<br>&#8211; Non mais&#8230; Vous ne savez pas faire comme je veux&#8230;!<\/p>\n\n\n\n<p class=\"wp-block-paragraph\">Je lui ai dit : <br>&#8211; Alors apprenez moi, hein&#8230; Moi je veux bien, hein !<br>&#8211; OK, voil\u00e0 alors \u00e0 7 heures, qu&rsquo;il me dit en pensant : Elle ne sera pas l\u00e0&#8230;<\/p>\n\n\n\n<p class=\"wp-block-paragraph\">Et quand il a vu que j&rsquo;\u00e9tais l\u00e0, et qu&rsquo;en fin de compte je ne connaissais m\u00eame pas mes mod\u00e8les&#8230; Alors l\u00e0, il \u00e9tait vraiment surpris !<\/p>\n\n\n\n<p class=\"wp-block-paragraph\">Lorsque j&rsquo;avais amen\u00e9 des mod\u00e8les pour qu&rsquo;il me forme \u00e0 son style&#8230; Il \u00e9tait comme Mika dans \u00ab\u00a0The Voice\u00a0\u00bb&#8230; d&rsquo;un \u00e9tonnement !<\/p>\n\n\n\n<p class=\"wp-block-paragraph\">Il \u00e9tait l\u00e0, les bras crois\u00e9s, en me demandant : <br>&#8211; Alors vous ne connaissez pas votre mod\u00e8le !?&#8230;<\/p>\n\n\n\n<p class=\"wp-block-paragraph\">Lui, au mod\u00e8le : <br>&#8211; Madame, vous ne vous connaissez pas ?<\/p>\n\n\n\n<p class=\"wp-block-paragraph\">La mod\u00e8le : <br>&#8211; Non&#8230;<\/p>\n\n\n\n<p class=\"wp-block-paragraph\">Lui : <br>&#8211; Mais, elle vous a rencontr\u00e9e comment&#8230; ?<\/p>\n\n\n\n<p class=\"wp-block-paragraph\">Elle : <br>&#8211; A la gare, elle m&rsquo;a demand\u00e9, elle a regard\u00e9 mes cheveux&#8230; <br>Elle m&rsquo;a demand\u00e9 si j&rsquo;aimerais changer, et si j&rsquo;\u00e9tais d&rsquo;accord de faire telle ou telle coupe, qu&rsquo;elle pensait qui m&rsquo;irait mieux&#8230;<\/p>\n\n\n\n<p class=\"wp-block-paragraph\">Lui : <br>Hein ! (Surpris) &#8230;Alors c&rsquo;\u00e9tait comme \u00e7a&#8230; !<\/p>\n\n\n\n<p class=\"wp-block-paragraph\">Il \u00e9tait l\u00e0 que je te tourne, je te tourne, sur place&#8230; <\/p>\n\n\n\n<p class=\"wp-block-paragraph\">Il m&rsquo;amusait beaucoup, Mika \u00e0 The Voice, parce que j&rsquo;avais eu le m\u00eame truc en face de moi avec Michelangelo, il \u00e9tait comme \u00e7a&#8230; <\/p>\n\n\n\n<p class=\"wp-block-paragraph\">Ah bon&#8230;? &#8230;les bras crois\u00e9s, en hochant la t\u00eate, et bien dit donc !<\/p>\n\n\n\n<ul class=\"wp-block-list\">\n<li>Il \u00e9tait totalement \u00e9pat\u00e9 !<\/li>\n<\/ul>\n\n\n\n<p class=\"wp-block-paragraph\">J&rsquo;avais fini mon service \u00e0 6 heures&#8230; Il m&rsquo;avait dit, \u00e0 7 heures. Lui, il s&rsquo;\u00e9tait point\u00e9 \u00e0 7 heures 1\/4 &#8230; 7 heures 20, mais moi, j&rsquo;\u00e9tais l\u00e0 avec mon mod\u00e8le \u00e0 l&rsquo;heure exacte.<\/p>\n\n\n\n<p class=\"wp-block-paragraph\">Donc j&rsquo;attendais&#8230;<\/p>\n\n\n\n<p class=\"wp-block-paragraph\">Il savait que je devrais reprendre le train de 10 heures&#8230; et que je devrais revenir le lendemain, qu&rsquo;il y aurait la vente du soir le jeudi, o\u00f9 on finissait plus tard&#8230; et j&rsquo;avais continu\u00e9, il savait !<\/p>\n\n\n\n<p class=\"wp-block-paragraph\">Non rien du tout&#8230; j&rsquo;\u00e9tais l\u00e0 jusqu&rsquo;au bout !<\/p>\n\n\n\n<p class=\"wp-block-paragraph\">&#8211; <em>Tenace<\/em>&#8230;<br>&#8211; Oui&#8230;<\/p>\n\n\n\n<p class=\"wp-block-paragraph\">Parce que tu vois, lui aussi \u00e7a le faisait chier&#8230; Tu vois, de revenir \u00e0 7 heures 1\/4 apr\u00e8s avoir soup\u00e9, parce qu&rsquo;il avait soup\u00e9 entre deux&#8230; Elle m&#8217;emmerde, hein&#8230;!<\/p>\n\n\n\n<p class=\"wp-block-paragraph\">Et quand il ma dit : <br>&#8211; On a fini le service&#8230;<\/p>\n\n\n\n<p class=\"wp-block-paragraph\">Que sa formation \u00e9tait consid\u00e9r\u00e9e comme termin\u00e9e&#8230;<br>&#8211; Oui d&rsquo;accord, alors maintenant je sais faire la coupe CARITA&#8230;<br>Alors je peux prendre une partie de la client\u00e8le&#8230;?<\/p>\n\n\n\n<p class=\"wp-block-paragraph\">Mais Il n&rsquo;\u00e9tait toujours pas pr\u00eat \u00e0 m&rsquo;en donner&#8230;<\/p>\n","protected":false},"excerpt":{"rendered":"<p>&lt;Enregistr\u00e9 01 Septembre 2014&gt; &#8211; Finalement, il avait une \u00e9norme estime de toi&#8230; tu avais d\u00fb toujours sacr\u00e9ment l&rsquo;\u00e9pater&#8230; \u00c7a t&rsquo;a grandement valoris\u00e9&#8230; ! &#8211; Ah oui, parce que Michelangelo, \u00e0 deux fois, il a pleur\u00e9&#8230; &#8211;Finalement ce qu&rsquo;il ne devait pas aimer, c&rsquo;\u00e9tait la m\u00e9diocrit\u00e9 ou des choses comme \u00e7a&#8230; Mais les personnes capables, [&hellip;]<\/p>\n","protected":false},"author":1,"featured_media":0,"parent":0,"menu_order":0,"comment_status":"open","ping_status":"closed","template":"pages-chapitre-06","meta":{"footnotes":""},"class_list":["post-1606","page","type-page","status-publish","hentry"],"jetpack_sharing_enabled":true,"_links":{"self":[{"href":"https:\/\/mercigracias.ch\/index.php?rest_route=\/wp\/v2\/pages\/1606","targetHints":{"allow":["GET"]}}],"collection":[{"href":"https:\/\/mercigracias.ch\/index.php?rest_route=\/wp\/v2\/pages"}],"about":[{"href":"https:\/\/mercigracias.ch\/index.php?rest_route=\/wp\/v2\/types\/page"}],"author":[{"embeddable":true,"href":"https:\/\/mercigracias.ch\/index.php?rest_route=\/wp\/v2\/users\/1"}],"replies":[{"embeddable":true,"href":"https:\/\/mercigracias.ch\/index.php?rest_route=%2Fwp%2Fv2%2Fcomments&post=1606"}],"version-history":[{"count":8,"href":"https:\/\/mercigracias.ch\/index.php?rest_route=\/wp\/v2\/pages\/1606\/revisions"}],"predecessor-version":[{"id":4843,"href":"https:\/\/mercigracias.ch\/index.php?rest_route=\/wp\/v2\/pages\/1606\/revisions\/4843"}],"wp:attachment":[{"href":"https:\/\/mercigracias.ch\/index.php?rest_route=%2Fwp%2Fv2%2Fmedia&parent=1606"}],"curies":[{"name":"wp","href":"https:\/\/api.w.org\/{rel}","templated":true}]}}

Je l&rsquo;avais épaté !

<p class="wp-block-paragraph">&lt;Enregistré 01 Septembre 2014&gt;</p>



<p class="wp-block-paragraph">&#8211; <em>Finalement, il avait une énorme estime de toi&#8230; tu avais dû toujours sacrément l&rsquo;épater&#8230; Ça</em> <em>t&rsquo;a grandement valorisé&#8230; !</em> <br>&#8211; Ah oui, parce que Michelangelo, à deux fois, il a pleuré&#8230;</p>



<p class="wp-block-paragraph">&#8211;<em>Finalement ce qu&rsquo;il ne devait pas aimer, c&rsquo;était la médiocrité ou des choses comme ça&#8230; Mais les personnes capables, qui cherchaient à s&rsquo;améliorer, à marcher vers la perfection, vers l&rsquo;art, il les mettait à égalité avec lui&#8230;</em><br>&#8211; Oui, et il n&rsquo;en revenait pas quand il y avait quelqu&rsquo;un qui osait le défier&#8230;</p>



<p class="wp-block-paragraph">Enfin c&rsquo;était juste, parce que ce n&rsquo;était pas le petit péteux qui vient et qui n&rsquo;en vaut pas la peine. Parce que tu vois, quand je suis arrivée là-bas, la coiffeuse ça n&rsquo;existait pas chez eux, ce n&rsquo;était que des hommes coiffeurs, enfin ceux qui restaient&#8230; mais le fait d&rsquo;avoir la place d&rsquo;une coiffeuse&#8230; Et quand il m&rsquo;a dit :<br>&#8211; Non mais&#8230; Vous ne savez pas faire comme je veux&#8230;!</p>



<p class="wp-block-paragraph">Je lui ai dit : <br>&#8211; Alors apprenez moi, hein&#8230; Moi je veux bien, hein !<br>&#8211; OK, voilà alors à 7 heures, qu&rsquo;il me dit en pensant : Elle ne sera pas là&#8230;</p>



<p class="wp-block-paragraph">Et quand il a vu que j&rsquo;étais là, et qu&rsquo;en fin de compte je ne connaissais même pas mes modèles&#8230; Alors là, il était vraiment surpris !</p>



<p class="wp-block-paragraph">Lorsque j&rsquo;avais amené des modèles pour qu&rsquo;il me forme à son style&#8230; Il était comme Mika dans « The Voice »&#8230; d&rsquo;un étonnement !</p>



<p class="wp-block-paragraph">Il était là, les bras croisés, en me demandant : <br>&#8211; Alors vous ne connaissez pas votre modèle !?&#8230;</p>



<p class="wp-block-paragraph">Lui, au modèle : <br>&#8211; Madame, vous ne vous connaissez pas ?</p>



<p class="wp-block-paragraph">La modèle : <br>&#8211; Non&#8230;</p>



<p class="wp-block-paragraph">Lui : <br>&#8211; Mais, elle vous a rencontrée comment&#8230; ?</p>



<p class="wp-block-paragraph">Elle : <br>&#8211; A la gare, elle m&rsquo;a demandé, elle a regardé mes cheveux&#8230; <br>Elle m&rsquo;a demandé si j&rsquo;aimerais changer, et si j&rsquo;étais d&rsquo;accord de faire telle ou telle coupe, qu&rsquo;elle pensait qui m&rsquo;irait mieux&#8230;</p>



<p class="wp-block-paragraph">Lui : <br>Hein ! (Surpris) &#8230;Alors c&rsquo;était comme ça&#8230; !</p>



<p class="wp-block-paragraph">Il était là que je te tourne, je te tourne, sur place&#8230; </p>



<p class="wp-block-paragraph">Il m&rsquo;amusait beaucoup, Mika à The Voice, parce que j&rsquo;avais eu le même truc en face de moi avec Michelangelo, il était comme ça&#8230; </p>



<p class="wp-block-paragraph">Ah bon&#8230;? &#8230;les bras croisés, en hochant la tête, et bien dit donc !</p>



<ul class="wp-block-list">
<li>Il était totalement épaté !</li>
</ul>



<p class="wp-block-paragraph">J&rsquo;avais fini mon service à 6 heures&#8230; Il m&rsquo;avait dit, à 7 heures. Lui, il s&rsquo;était pointé à 7 heures 1/4 &#8230; 7 heures 20, mais moi, j&rsquo;étais là avec mon modèle à l&rsquo;heure exacte.</p>



<p class="wp-block-paragraph">Donc j&rsquo;attendais&#8230;</p>



<p class="wp-block-paragraph">Il savait que je devrais reprendre le train de 10 heures&#8230; et que je devrais revenir le lendemain, qu&rsquo;il y aurait la vente du soir le jeudi, où on finissait plus tard&#8230; et j&rsquo;avais continué, il savait !</p>



<p class="wp-block-paragraph">Non rien du tout&#8230; j&rsquo;étais là jusqu&rsquo;au bout !</p>



<p class="wp-block-paragraph">&#8211; <em>Tenace</em>&#8230;<br>&#8211; Oui&#8230;</p>



<p class="wp-block-paragraph">Parce que tu vois, lui aussi ça le faisait chier&#8230; Tu vois, de revenir à 7 heures 1/4 après avoir soupé, parce qu&rsquo;il avait soupé entre deux&#8230; Elle m&#8217;emmerde, hein&#8230;!</p>



<p class="wp-block-paragraph">Et quand il ma dit : <br>&#8211; On a fini le service&#8230;</p>



<p class="wp-block-paragraph">Que sa formation était considérée comme terminée&#8230;<br>&#8211; Oui d&rsquo;accord, alors maintenant je sais faire la coupe CARITA&#8230;<br>Alors je peux prendre une partie de la clientèle&#8230;?</p>



<p class="wp-block-paragraph">Mais Il n&rsquo;était toujours pas prêt à m&rsquo;en donner&#8230;</p>

<p>&lt;Enregistré 01 Septembre 2014&gt; &#8211; Finalement, il avait une énorme estime de toi&#8230; tu avais dû toujours sacrément l&rsquo;épater&#8230; Ça t&rsquo;a grandement valorisé&#8230; ! &#8211; Ah oui, parce que Michelangelo, à deux fois, il a pleuré&#8230; &#8211;Finalement ce qu&rsquo;il ne devait pas aimer, c&rsquo;était la médiocrité ou des choses comme ça&#8230; Mais les personnes capables, [&hellip;]</p>
