{"id":1638,"date":"2026-02-19T23:25:25","date_gmt":"2026-02-19T23:25:25","guid":{"rendered":"https:\/\/mercigracias.ch\/?page_id=1638"},"modified":"2026-06-23T09:59:46","modified_gmt":"2026-06-23T09:59:46","slug":"lobjectif-de-vie","status":"publish","type":"page","link":"https:\/\/mercigracias.ch\/?page_id=1638","title":{"rendered":"Sans objectif de vie&#8230;"},"content":{"rendered":"\n<p class=\"wp-block-paragraph\">&lt;Enregistr\u00e9 le 25 Septembre 2016&gt;<\/p>\n\n\n\n<p class=\"wp-block-paragraph\">J&rsquo;en \u00e9tais \u00e0 l&rsquo;\u00e9tape o\u00f9 Michelangelo ne voulait pas me laisser partir&#8230; Quand je voulais partir, il ne voulait pas, il voulait me donner&#8230; Il voulait me faire mon permis de conduire, il voulait me laisser sa voiture, sa Range Rover&#8230; Il est venu me montrer son studio et Il m&rsquo;a dit :<br>&#8211; Mais regardez&#8230; J&rsquo;ai mon studio juste en dessus.<br>Vous serez bien, vous descendez juste deux \u00e9tages et vous \u00eates au salon, je vous laisse mon studio, je vous laisse les choses&#8230;<\/p>\n\n\n\n<p class=\"wp-block-paragraph\">Je lui ai dit : <br>&#8211; Mais vous me donnez le monde entier, je pars&#8230;<\/p>\n\n\n\n<p class=\"wp-block-paragraph\">Il m&rsquo;a dit, mais je vous donne tout&#8230; tout tout &#8230;donc il y avait quelque chose o\u00f9 il \u00e9tait pr\u00eat \u00e0&#8230; C&rsquo;\u00e9tait d\u00e9mesur\u00e9.<\/p>\n\n\n\n<p class=\"wp-block-paragraph\">Alors je lui ai dit&#8230; :<br>&#8211; Mais je dois avancer&#8230; ! <br>Vous savez bien que vous \u00eates comme moi&#8230; et je savais que je devais suivre mon chemin.<\/p>\n\n\n\n<p class=\"wp-block-paragraph\">Et avec mon futur mari, j&rsquo;aurai d\u00fb couper plus t\u00f4t&#8230; Car il n&rsquo;y avait pas de sens \u00e0 part avoir du mat\u00e9riel&#8230; Il n&rsquo;avait pas d&rsquo;objectif de vie.<\/p>\n\n\n\n<p class=\"wp-block-paragraph\">L&rsquo;objectif de vie c&rsquo;est la construction de soi, sinon tu restes au stade de l&rsquo;animal !<\/p>\n\n\n\n<p class=\"wp-block-paragraph\">Chez mon futur mari, \u00e7a reste mati\u00e8re&#8230; Tu es toujours en bas. <br>\u00c7a ne monte jamais. Je crois que c&rsquo;\u00e9tait \u00e7a, la diff\u00e9rence.<\/p>\n\n\n\n<p class=\"wp-block-paragraph\">Et \u00e7a, je crois que je l&rsquo;avais m\u00eame compris avant de partir au Costa Rica, c&rsquo;est pour \u00e7a que j&rsquo;\u00e9tais tr\u00e8s triste, hein.<\/p>\n\n\n\n<p class=\"wp-block-paragraph\">&#8211; <em>De t&rsquo;apercevoir que son objectif, c&rsquo;\u00e9tait nul&#8230; !?<\/em> <br>&#8211; Il n&rsquo;y avait pas d&rsquo;objectif !<\/p>\n\n\n\n<p class=\"wp-block-paragraph\">Mais \u00e7a, je ne l&rsquo;ai compris que lorsqu&rsquo;on a habit\u00e9 ensemble&#8230;<br> J&rsquo;aurai d\u00fb couper, parce que je l&rsquo;avais compris d\u00e9j\u00e0 l\u00e0&#8230;<\/p>\n\n\n\n<p class=\"wp-block-paragraph\">Parce qu&rsquo;il n&rsquo;y avait pas de r\u00eave, pas d&rsquo;objectif&#8230;<br>Alors j&rsquo;ai dit : <br>&#8211; On fait des enfants&#8230;<\/p>\n\n\n\n<p class=\"wp-block-paragraph\">Et Il m&rsquo;a dit :<br>&#8211; Oh moi, une maison \u00e7a ne m&rsquo;int\u00e9resse pas, une famille&#8230;<\/p>\n\n\n\n<p class=\"wp-block-paragraph\">Mais moi, ce que je r\u00eavais, c&rsquo;\u00e9tait d&rsquo;une maison&#8230; S&rsquo;il y a suffisamment, et bien il y aurait une balan\u00e7oire&#8230; <br>C&rsquo;est ce que j&rsquo;ai mis plus tard dans ma pelouse quand je suis revenue du Costa Rica&#8230; et d&rsquo;avoir le bac \u00e0 sable pour les enfants, d&rsquo;avoir la piscine et tout ce qui peut convenir pour une famille.<\/p>\n\n\n\n<p class=\"wp-block-paragraph\">Il m&rsquo;a dit :<br>&#8211; Ah ah ah, mais moi je vois plus grand !<br>\u00c7a ne m&rsquo;int\u00e9resse pas une maison, des trucs comme \u00e7a&#8230; Je pr\u00e9f\u00e8re avoir un yacht, je ne sais pas&#8230;<br>&#8211; Mais \u00e7a ne correspond pas avec une famille, hein&#8230;! que je lui ai dit&#8230; Avec une famille c&rsquo;est quelque chose o\u00f9 on pose&#8230; Apr\u00e8s on peut poser \u00e0 diff\u00e9rents lieux&#8230; On peut poser diff\u00e9rentes choses, en montagne&#8230; On peut poser diff\u00e9rentes choses au bord de la mer&#8230;<\/p>\n\n\n\n<p class=\"wp-block-paragraph\">Il m&rsquo;a dit :<br>&#8211; Et bien tout \u00e7a ce n&rsquo;est pas moi&#8230;<br>&#8211; Ooh, j&rsquo;avais compris&#8230;<\/p>\n\n\n\n<p class=\"wp-block-paragraph\">&#8211; <em>Que la vision de la vie \u00e9tait compl\u00e8tement diff\u00e9rente&#8230;!?<\/em> <br>&#8211; Oui&#8230; Mais surtout qu&rsquo;il n&rsquo;y avait pas d&rsquo;objectif de vie&#8230;<\/p>\n\n\n\n<ul class=\"wp-block-list\">\n<li>Qu&rsquo;il n&rsquo;y en avait tout simplement pas !<\/li>\n<\/ul>\n\n\n\n<p class=\"wp-block-paragraph\">Et \u00e7a continue&#8230; encore aujourd&rsquo;hui.<\/p>\n\n\n\n<p class=\"wp-block-paragraph\">&#8211; <em>Ce sont des personnes compl\u00e8tement perdues&#8230;<\/em><br>&#8211; Voil\u00e0&#8230;<\/p>\n\n\n\n<p class=\"wp-block-paragraph\">&#8211; <em>Ils ne savent pas o\u00f9 ils avancent..<\/em>.<br>&#8211; Non !<\/p>\n\n\n\n<p class=\"wp-block-paragraph\">&#8211; <em>Et comme tu dis&#8230; ils vivent au jour le jour&#8230; Demain est un autre jour. On verra&#8230;<\/em><br>&#8211; D&rsquo;ailleurs ma fille, elle doit vivre aussi un peu comme \u00e7a&#8230; puisque elle m&rsquo;a dit: <br>&#8211; Ben aujourd&rsquo;hui, c&rsquo;est comme \u00e7a&#8230;<\/p>\n\n\n\n<p class=\"wp-block-paragraph\">Je ne sais plus exactement comment elle a dit sa phrase l&rsquo;autre jour&#8230; Ah, Voil\u00e0 :<\/p>\n\n\n\n<ul class=\"wp-block-list\">\n<li>C&rsquo;est maintenant&#8230; Hier c&rsquo;est fini&#8230; !<\/li>\n<\/ul>\n\n\n\n<p class=\"wp-block-paragraph\">&#8211; <em>Oui c&rsquo;est une mani\u00e8re de penser&#8230;<\/em> <br>&#8211; Oui d&rsquo;accord&#8230;hier c&rsquo;est fini, je suis tout fait d&rsquo;accord&#8230;<br>Mais hier&#8230; C&rsquo;est le r\u00e9sultat de ce que tu es aujourd&rsquo;hui !<\/p>\n\n\n\n<p class=\"wp-block-paragraph\">&#8211; Alors, il n&rsquo;y a pas la volont\u00e9 de construire le Soi&#8230; Avoir un objectif de vie, c&rsquo;est l&rsquo;objectif de construction de son Soi&#8230; Ce n&rsquo;est pas d&rsquo;avoir un chemin comme \u00e7a&#8230; C&rsquo;est la volont\u00e9 de se construire soi-m\u00eame, en voulant devenir ce que tu veux ETRE demain&#8230; et pas ce que tu veux AVOIR demain&#8230;<\/p>\n\n\n\n<ul class=\"wp-block-list\">\n<li>Voil\u00e0 !<\/li>\n<\/ul>\n\n\n\n<p class=\"wp-block-paragraph\">Ah, si tu vis comme \u00e7a au jour le jour&#8230; On dit bien \u00e7a maintenant, tu vois bien sur Internet, tous les livres sont comme \u00e7a&#8230; <br>Mais tu vis aussi au statut de l&rsquo;animal.<\/p>\n\n\n\n<p class=\"wp-block-paragraph\">Parce que la somme de ce que tu es aujourd&rsquo;hui c&rsquo;est quand m\u00eame la somme de hier, de ce que tu penses, de ce que tu vis, de ce que tu vois. Tu ne peux pas parler comme \u00e7a&#8230;<\/p>\n\n\n\n<p class=\"wp-block-paragraph\">Bien s\u00fbr qu&rsquo;il faut vivre les moments pr\u00e9sents, ce qu&rsquo;on dit maintenant&#8230;<\/p>\n\n\n\n<p class=\"wp-block-paragraph\">&#8211; <em>Mais il faut quand m\u00eame un objectif de vie&#8230;<\/em> <br>&#8211; Voil\u00e0, tu sais quand m\u00eame ton programme de la semaine&#8230; Tout en ayant une vie. L\u00e0-dessus, je n&rsquo;ai toujours pas compris comment ils fonctionnent&#8230;<\/p>\n\n\n\n<p class=\"wp-block-paragraph\">&#8211; <em>C&rsquo;est sans doute la relation de cause \u00e0 effet qui n&rsquo;est pas compr\u00e9hensible pour eux&#8230; Alors on vit au jour le jour&#8230; puisqu&rsquo;on ne comprend pas les cons\u00e9quences des actes. <\/em><\/p>\n","protected":false},"excerpt":{"rendered":"<p>&lt;Enregistr\u00e9 le 25 Septembre 2016&gt; J&rsquo;en \u00e9tais \u00e0 l&rsquo;\u00e9tape o\u00f9 Michelangelo ne voulait pas me laisser partir&#8230; Quand je voulais partir, il ne voulait pas, il voulait me donner&#8230; Il voulait me faire mon permis de conduire, il voulait me laisser sa voiture, sa Range Rover&#8230; Il est venu me montrer son studio et Il [&hellip;]<\/p>\n","protected":false},"author":1,"featured_media":0,"parent":0,"menu_order":0,"comment_status":"open","ping_status":"closed","template":"pages-chapitre-06","meta":{"footnotes":""},"class_list":["post-1638","page","type-page","status-publish","hentry"],"jetpack_sharing_enabled":true,"_links":{"self":[{"href":"https:\/\/mercigracias.ch\/index.php?rest_route=\/wp\/v2\/pages\/1638","targetHints":{"allow":["GET"]}}],"collection":[{"href":"https:\/\/mercigracias.ch\/index.php?rest_route=\/wp\/v2\/pages"}],"about":[{"href":"https:\/\/mercigracias.ch\/index.php?rest_route=\/wp\/v2\/types\/page"}],"author":[{"embeddable":true,"href":"https:\/\/mercigracias.ch\/index.php?rest_route=\/wp\/v2\/users\/1"}],"replies":[{"embeddable":true,"href":"https:\/\/mercigracias.ch\/index.php?rest_route=%2Fwp%2Fv2%2Fcomments&post=1638"}],"version-history":[{"count":6,"href":"https:\/\/mercigracias.ch\/index.php?rest_route=\/wp\/v2\/pages\/1638\/revisions"}],"predecessor-version":[{"id":4851,"href":"https:\/\/mercigracias.ch\/index.php?rest_route=\/wp\/v2\/pages\/1638\/revisions\/4851"}],"wp:attachment":[{"href":"https:\/\/mercigracias.ch\/index.php?rest_route=%2Fwp%2Fv2%2Fmedia&parent=1638"}],"curies":[{"name":"wp","href":"https:\/\/api.w.org\/{rel}","templated":true}]}}

<p class="wp-block-paragraph">&lt;Enregistré le 25 Septembre 2016&gt;</p>



<p class="wp-block-paragraph">J&rsquo;en étais à l&rsquo;étape où Michelangelo ne voulait pas me laisser partir&#8230; Quand je voulais partir, il ne voulait pas, il voulait me donner&#8230; Il voulait me faire mon permis de conduire, il voulait me laisser sa voiture, sa Range Rover&#8230; Il est venu me montrer son studio et Il m&rsquo;a dit :<br>&#8211; Mais regardez&#8230; J&rsquo;ai mon studio juste en dessus.<br>Vous serez bien, vous descendez juste deux étages et vous êtes au salon, je vous laisse mon studio, je vous laisse les choses&#8230;</p>



<p class="wp-block-paragraph">Je lui ai dit : <br>&#8211; Mais vous me donnez le monde entier, je pars&#8230;</p>



<p class="wp-block-paragraph">Il m&rsquo;a dit, mais je vous donne tout&#8230; tout tout &#8230;donc il y avait quelque chose où il était prêt à&#8230; C&rsquo;était démesuré.</p>



<p class="wp-block-paragraph">Alors je lui ai dit&#8230; :<br>&#8211; Mais je dois avancer&#8230; ! <br>Vous savez bien que vous êtes comme moi&#8230; et je savais que je devais suivre mon chemin.</p>



<p class="wp-block-paragraph">Et avec mon futur mari, j&rsquo;aurai dû couper plus tôt&#8230; Car il n&rsquo;y avait pas de sens à part avoir du matériel&#8230; Il n&rsquo;avait pas d&rsquo;objectif de vie.</p>



<p class="wp-block-paragraph">L&rsquo;objectif de vie c&rsquo;est la construction de soi, sinon tu restes au stade de l&rsquo;animal !</p>



<p class="wp-block-paragraph">Chez mon futur mari, ça reste matière&#8230; Tu es toujours en bas. <br>Ça ne monte jamais. Je crois que c&rsquo;était ça, la différence.</p>



<p class="wp-block-paragraph">Et ça, je crois que je l&rsquo;avais même compris avant de partir au Costa Rica, c&rsquo;est pour ça que j&rsquo;étais très triste, hein.</p>



<p class="wp-block-paragraph">&#8211; <em>De t&rsquo;apercevoir que son objectif, c&rsquo;était nul&#8230; !?</em> <br>&#8211; Il n&rsquo;y avait pas d&rsquo;objectif !</p>



<p class="wp-block-paragraph">Mais ça, je ne l&rsquo;ai compris que lorsqu&rsquo;on a habité ensemble&#8230;<br> J&rsquo;aurai dû couper, parce que je l&rsquo;avais compris déjà là&#8230;</p>



<p class="wp-block-paragraph">Parce qu&rsquo;il n&rsquo;y avait pas de rêve, pas d&rsquo;objectif&#8230;<br>Alors j&rsquo;ai dit : <br>&#8211; On fait des enfants&#8230;</p>



<p class="wp-block-paragraph">Et Il m&rsquo;a dit :<br>&#8211; Oh moi, une maison ça ne m&rsquo;intéresse pas, une famille&#8230;</p>



<p class="wp-block-paragraph">Mais moi, ce que je rêvais, c&rsquo;était d&rsquo;une maison&#8230; S&rsquo;il y a suffisamment, et bien il y aurait une balançoire&#8230; <br>C&rsquo;est ce que j&rsquo;ai mis plus tard dans ma pelouse quand je suis revenue du Costa Rica&#8230; et d&rsquo;avoir le bac à sable pour les enfants, d&rsquo;avoir la piscine et tout ce qui peut convenir pour une famille.</p>



<p class="wp-block-paragraph">Il m&rsquo;a dit :<br>&#8211; Ah ah ah, mais moi je vois plus grand !<br>Ça ne m&rsquo;intéresse pas une maison, des trucs comme ça&#8230; Je préfère avoir un yacht, je ne sais pas&#8230;<br>&#8211; Mais ça ne correspond pas avec une famille, hein&#8230;! que je lui ai dit&#8230; Avec une famille c&rsquo;est quelque chose où on pose&#8230; Après on peut poser à différents lieux&#8230; On peut poser différentes choses, en montagne&#8230; On peut poser différentes choses au bord de la mer&#8230;</p>



<p class="wp-block-paragraph">Il m&rsquo;a dit :<br>&#8211; Et bien tout ça ce n&rsquo;est pas moi&#8230;<br>&#8211; Ooh, j&rsquo;avais compris&#8230;</p>



<p class="wp-block-paragraph">&#8211; <em>Que la vision de la vie était complètement différente&#8230;!?</em> <br>&#8211; Oui&#8230; Mais surtout qu&rsquo;il n&rsquo;y avait pas d&rsquo;objectif de vie&#8230;</p>



<ul class="wp-block-list">
<li>Qu&rsquo;il n&rsquo;y en avait tout simplement pas !</li>
</ul>



<p class="wp-block-paragraph">Et ça continue&#8230; encore aujourd&rsquo;hui.</p>



<p class="wp-block-paragraph">&#8211; <em>Ce sont des personnes complètement perdues&#8230;</em><br>&#8211; Voilà&#8230;</p>



<p class="wp-block-paragraph">&#8211; <em>Ils ne savent pas où ils avancent..</em>.<br>&#8211; Non !</p>



<p class="wp-block-paragraph">&#8211; <em>Et comme tu dis&#8230; ils vivent au jour le jour&#8230; Demain est un autre jour. On verra&#8230;</em><br>&#8211; D&rsquo;ailleurs ma fille, elle doit vivre aussi un peu comme ça&#8230; puisque elle m&rsquo;a dit: <br>&#8211; Ben aujourd&rsquo;hui, c&rsquo;est comme ça&#8230;</p>



<p class="wp-block-paragraph">Je ne sais plus exactement comment elle a dit sa phrase l&rsquo;autre jour&#8230; Ah, Voilà :</p>



<ul class="wp-block-list">
<li>C&rsquo;est maintenant&#8230; Hier c&rsquo;est fini&#8230; !</li>
</ul>



<p class="wp-block-paragraph">&#8211; <em>Oui c&rsquo;est une manière de penser&#8230;</em> <br>&#8211; Oui d&rsquo;accord&#8230;hier c&rsquo;est fini, je suis tout fait d&rsquo;accord&#8230;<br>Mais hier&#8230; C&rsquo;est le résultat de ce que tu es aujourd&rsquo;hui !</p>



<p class="wp-block-paragraph">&#8211; Alors, il n&rsquo;y a pas la volonté de construire le Soi&#8230; Avoir un objectif de vie, c&rsquo;est l&rsquo;objectif de construction de son Soi&#8230; Ce n&rsquo;est pas d&rsquo;avoir un chemin comme ça&#8230; C&rsquo;est la volonté de se construire soi-même, en voulant devenir ce que tu veux ETRE demain&#8230; et pas ce que tu veux AVOIR demain&#8230;</p>



<ul class="wp-block-list">
<li>Voilà !</li>
</ul>



<p class="wp-block-paragraph">Ah, si tu vis comme ça au jour le jour&#8230; On dit bien ça maintenant, tu vois bien sur Internet, tous les livres sont comme ça&#8230; <br>Mais tu vis aussi au statut de l&rsquo;animal.</p>



<p class="wp-block-paragraph">Parce que la somme de ce que tu es aujourd&rsquo;hui c&rsquo;est quand même la somme de hier, de ce que tu penses, de ce que tu vis, de ce que tu vois. Tu ne peux pas parler comme ça&#8230;</p>



<p class="wp-block-paragraph">Bien sûr qu&rsquo;il faut vivre les moments présents, ce qu&rsquo;on dit maintenant&#8230;</p>



<p class="wp-block-paragraph">&#8211; <em>Mais il faut quand même un objectif de vie&#8230;</em> <br>&#8211; Voilà, tu sais quand même ton programme de la semaine&#8230; Tout en ayant une vie. Là-dessus, je n&rsquo;ai toujours pas compris comment ils fonctionnent&#8230;</p>



<p class="wp-block-paragraph">&#8211; <em>C&rsquo;est sans doute la relation de cause à effet qui n&rsquo;est pas compréhensible pour eux&#8230; Alors on vit au jour le jour&#8230; puisqu&rsquo;on ne comprend pas les conséquences des actes. </em></p>

<p>&lt;Enregistré le 25 Septembre 2016&gt; J&rsquo;en étais à l&rsquo;étape où Michelangelo ne voulait pas me laisser partir&#8230; Quand je voulais partir, il ne voulait pas, il voulait me donner&#8230; Il voulait me faire mon permis de conduire, il voulait me laisser sa voiture, sa Range Rover&#8230; Il est venu me montrer son studio et Il [&hellip;]</p>
