{"id":1642,"date":"2026-02-19T23:40:56","date_gmt":"2026-02-19T23:40:56","guid":{"rendered":"https:\/\/mercigracias.ch\/?page_id=1642"},"modified":"2026-06-23T10:13:52","modified_gmt":"2026-06-23T10:13:52","slug":"jai-le-droit-au-paradis","status":"publish","type":"page","link":"https:\/\/mercigracias.ch\/?page_id=1642","title":{"rendered":"J&rsquo;ai le droit au Paradis !"},"content":{"rendered":"\n<p class=\"wp-block-paragraph\">&lt;Enregistr\u00e9 le 29 Ao\u00fbt 2014&gt;<\/p>\n\n\n\n<p class=\"wp-block-paragraph\">Michelangelo m&rsquo;avait dit :<br>&#8211; Je vous laisse mon studio, mais je n&rsquo;enl\u00e8ve pas le lit&#8230; <\/p>\n\n\n\n<p class=\"wp-block-paragraph\">Parce que lui, maintenant il partait dans sa villa et il voulait quelqu&rsquo;un dedans avec qui il avait toute confiance&#8230;<\/p>\n\n\n\n<p class=\"wp-block-paragraph\">C&rsquo;est vrai, il aurait pu y avoir du futur avec lui&#8230; Il cherchait aussi quelqu&rsquo;un pour reprendre son salon par la suite&#8230; <br>Mais \u00e0 quel prix avec un caract\u00e9riel pareil&#8230;?<br>Je me suis dit &#8230;:<br>&#8211; Ce n&rsquo;est pas \u00e7a la vie, hein&#8230;<\/p>\n\n\n\n<p class=\"wp-block-paragraph\">Mais ce que j&rsquo;ai particuli\u00e8rement aim\u00e9, ce avec quoi j&rsquo;ai tellement \u00e9t\u00e9 heureuse, c&rsquo;est quand il avait re\u00e7u mon cong\u00e9 et qu&rsquo;il m&rsquo;avait demand\u00e9 :<br>&#8211; Alors vous partez o\u00f9&#8230; Isabelle ?<\/p>\n\n\n\n<p class=\"wp-block-paragraph\">Et l\u00e0, je lui ai dit :<br>&#8211; Vous vous souvenez quand on est all\u00e9 aux Diablerets et qu&rsquo;on est  pass\u00e9 \u00e0 Gstaad, le petit salon de coiffure&#8230; o\u00f9 il y avait le patron le plus gentil du monde&#8230; et ben il est pour moi maintenant&#8230;!<\/p>\n\n\n\n<ul class=\"wp-block-list\">\n<li>Celui-l\u00e0, je l&rsquo;ai bien m\u00e9rit\u00e9 ! (Rire)<\/li>\n<\/ul>\n\n\n\n<p class=\"wp-block-paragraph\">Vous aviez bien fait de me dire \u00e7a l&rsquo;autre fois, c&rsquo;est exactement ce qu&rsquo;il me fallait&#8230; Je trouve que c&rsquo;est bien m\u00e9rit\u00e9&#8230; J&rsquo;ai fait toutes les bonnes notes partout, et maintenant j&rsquo;ai bien m\u00e9rit\u00e9 d&rsquo;avoir le meilleur&#8230;<\/p>\n\n\n\n<p class=\"wp-block-paragraph\">Il est devenu compl\u00e8tement fou, il crochait ses cheveux&#8230; Il \u00e9tait hyst\u00e9rique\u00a0!<br>Puis la r\u00e9ceptionniste, son amie, me disait\u00a0: <br>&#8211; Michelangelo, il est devenu compl\u00e8tement fou\u00a0!<br>Moi, je ne sais plus qu&rsquo;en faire&#8230; <\/p>\n\n\n\n<p class=\"wp-block-paragraph\">Parce qu&rsquo;elle essayait entre deux de venir boire le caf\u00e9 avec moi pour discuter, elle \u00e9tait tellement gentille&#8230;<\/p>\n\n\n\n<p class=\"wp-block-paragraph\">Mais je lui ai dit :<br>&#8211; Non, d\u00e9sol\u00e9e, c&rsquo;est fini&#8230; J&rsquo;ai fait le tour, c&rsquo;est bon&#8230;!<br>&#8230;et elle me disait :<br>&#8211; Mais je ne sais pas ce qu&rsquo;on va faire avec lui maintenant&#8230;<\/p>\n\n\n\n<p class=\"wp-block-paragraph\">&#8211; Ah ben je ne sais pas&#8230; <br>D\u00e9brouillez vous, moi maintenant je vais au Paradis&#8230;<\/p>\n\n\n\n<p class=\"wp-block-paragraph\"><\/p>\n","protected":false},"excerpt":{"rendered":"<p>&lt;Enregistr\u00e9 le 29 Ao\u00fbt 2014&gt; Michelangelo m&rsquo;avait dit :&#8211; Je vous laisse mon studio, mais je n&rsquo;enl\u00e8ve pas le lit&#8230; Parce que lui, maintenant il partait dans sa villa et il voulait quelqu&rsquo;un dedans avec qui il avait toute confiance&#8230; C&rsquo;est vrai, il aurait pu y avoir du futur avec lui&#8230; Il cherchait aussi quelqu&rsquo;un [&hellip;]<\/p>\n","protected":false},"author":1,"featured_media":0,"parent":0,"menu_order":0,"comment_status":"open","ping_status":"closed","template":"pages-chapitre-06","meta":{"footnotes":""},"class_list":["post-1642","page","type-page","status-publish","hentry"],"jetpack_sharing_enabled":true,"_links":{"self":[{"href":"https:\/\/mercigracias.ch\/index.php?rest_route=\/wp\/v2\/pages\/1642","targetHints":{"allow":["GET"]}}],"collection":[{"href":"https:\/\/mercigracias.ch\/index.php?rest_route=\/wp\/v2\/pages"}],"about":[{"href":"https:\/\/mercigracias.ch\/index.php?rest_route=\/wp\/v2\/types\/page"}],"author":[{"embeddable":true,"href":"https:\/\/mercigracias.ch\/index.php?rest_route=\/wp\/v2\/users\/1"}],"replies":[{"embeddable":true,"href":"https:\/\/mercigracias.ch\/index.php?rest_route=%2Fwp%2Fv2%2Fcomments&post=1642"}],"version-history":[{"count":4,"href":"https:\/\/mercigracias.ch\/index.php?rest_route=\/wp\/v2\/pages\/1642\/revisions"}],"predecessor-version":[{"id":4855,"href":"https:\/\/mercigracias.ch\/index.php?rest_route=\/wp\/v2\/pages\/1642\/revisions\/4855"}],"wp:attachment":[{"href":"https:\/\/mercigracias.ch\/index.php?rest_route=%2Fwp%2Fv2%2Fmedia&parent=1642"}],"curies":[{"name":"wp","href":"https:\/\/api.w.org\/{rel}","templated":true}]}}

<p class="wp-block-paragraph">&lt;Enregistré le 29 Août 2014&gt;</p>



<p class="wp-block-paragraph">Michelangelo m&rsquo;avait dit :<br>&#8211; Je vous laisse mon studio, mais je n&rsquo;enlève pas le lit&#8230; </p>



<p class="wp-block-paragraph">Parce que lui, maintenant il partait dans sa villa et il voulait quelqu&rsquo;un dedans avec qui il avait toute confiance&#8230;</p>



<p class="wp-block-paragraph">C&rsquo;est vrai, il aurait pu y avoir du futur avec lui&#8230; Il cherchait aussi quelqu&rsquo;un pour reprendre son salon par la suite&#8230; <br>Mais à quel prix avec un caractériel pareil&#8230;?<br>Je me suis dit &#8230;:<br>&#8211; Ce n&rsquo;est pas ça la vie, hein&#8230;</p>



<p class="wp-block-paragraph">Mais ce que j&rsquo;ai particulièrement aimé, ce avec quoi j&rsquo;ai tellement été heureuse, c&rsquo;est quand il avait reçu mon congé et qu&rsquo;il m&rsquo;avait demandé :<br>&#8211; Alors vous partez où&#8230; Isabelle ?</p>



<p class="wp-block-paragraph">Et là, je lui ai dit :<br>&#8211; Vous vous souvenez quand on est allé aux Diablerets et qu&rsquo;on est  passé à Gstaad, le petit salon de coiffure&#8230; où il y avait le patron le plus gentil du monde&#8230; et ben il est pour moi maintenant&#8230;!</p>



<ul class="wp-block-list">
<li>Celui-là, je l&rsquo;ai bien mérité ! (Rire)</li>
</ul>



<p class="wp-block-paragraph">Vous aviez bien fait de me dire ça l&rsquo;autre fois, c&rsquo;est exactement ce qu&rsquo;il me fallait&#8230; Je trouve que c&rsquo;est bien mérité&#8230; J&rsquo;ai fait toutes les bonnes notes partout, et maintenant j&rsquo;ai bien mérité d&rsquo;avoir le meilleur&#8230;</p>



<p class="wp-block-paragraph">Il est devenu complètement fou, il crochait ses cheveux&#8230; Il était hystérique !<br>Puis la réceptionniste, son amie, me disait : <br>&#8211; Michelangelo, il est devenu complètement fou !<br>Moi, je ne sais plus qu&rsquo;en faire&#8230; </p>



<p class="wp-block-paragraph">Parce qu&rsquo;elle essayait entre deux de venir boire le café avec moi pour discuter, elle était tellement gentille&#8230;</p>



<p class="wp-block-paragraph">Mais je lui ai dit :<br>&#8211; Non, désolée, c&rsquo;est fini&#8230; J&rsquo;ai fait le tour, c&rsquo;est bon&#8230;!<br>&#8230;et elle me disait :<br>&#8211; Mais je ne sais pas ce qu&rsquo;on va faire avec lui maintenant&#8230;</p>



<p class="wp-block-paragraph">&#8211; Ah ben je ne sais pas&#8230; <br>Débrouillez vous, moi maintenant je vais au Paradis&#8230;</p>



<p class="wp-block-paragraph"></p>

<p>&lt;Enregistré le 29 Août 2014&gt; Michelangelo m&rsquo;avait dit :&#8211; Je vous laisse mon studio, mais je n&rsquo;enlève pas le lit&#8230; Parce que lui, maintenant il partait dans sa villa et il voulait quelqu&rsquo;un dedans avec qui il avait toute confiance&#8230; C&rsquo;est vrai, il aurait pu y avoir du futur avec lui&#8230; Il cherchait aussi quelqu&rsquo;un [&hellip;]</p>
