{"id":1653,"date":"2026-02-20T14:36:15","date_gmt":"2026-02-20T14:36:15","guid":{"rendered":"https:\/\/mercigracias.ch\/?page_id=1653"},"modified":"2026-07-13T05:47:34","modified_gmt":"2026-07-13T05:47:34","slug":"je-passe-le-permis","status":"publish","type":"page","link":"https:\/\/mercigracias.ch\/?page_id=1653","title":{"rendered":"Je passe le permis&#8230;"},"content":{"rendered":"\n<p class=\"wp-block-paragraph\">&lt;Enregistr\u00e9 le 28 Ao\u00fbt 2014&gt;<\/p>\n\n\n\n<p class=\"wp-block-paragraph\">Quand j&rsquo;avais d\u00e9cid\u00e9 de partir \u00e0 Gstaad et que j&rsquo;arrive \u00e0 la maison en disant :<br>&#8211; Voil\u00e0, j&rsquo;ai d\u00e9cid\u00e9, je vais travailler \u00e0 Gstaad&#8230;<\/p>\n\n\n\n<p class=\"wp-block-paragraph\">Alors de suite, mon fr\u00e8re avait dit \u00e0 Maman :<br>&#8211; Hum, Hum, Ah Non Non&#8230; Elle ne part pas avant d&rsquo;avoir fait son permis&#8230; Si elle n&rsquo;a pas son permis, elle ne part pas de l\u00e0 !<br>Elle ne va pas \u00e0 Gstaad&nbsp;! <br>Elle ne quitte pas la maison avant d&rsquo;avoir son permis&#8230; D\u00e9merde toi, mais elle ne partira pas de la maison&#8230;<\/p>\n\n\n\n<p class=\"wp-block-paragraph\">Alors je lui dis :<br>&#8211; Bon ben \u00e7a va, quoi&#8230; J&rsquo;avais \u00e9t\u00e9 me pr\u00e9senter fin Ao\u00fbt&#8230; <br>Je me disais : <br>&#8211; Septembre, Octobre Novembre, j&rsquo;ai trois mois !<\/p>\n\n\n\n<p class=\"wp-block-paragraph\">Mon fr\u00e8re qui enchaine&#8230; : <br>&#8211; Et ben vas y&#8230; en trois mois, faut y aller ! <br>La th\u00e9orie, la pratique, tout&#8230;&nbsp;!?<\/p>\n\n\n\n<p class=\"wp-block-paragraph\">&#8211; Ouais ouais, ben j&rsquo;y vais&#8230;<br>&#8211; Si tu n&rsquo;as pas ton permis, faut pas croire&#8230; Saison ou pas saison, tu ne pars pas.<\/p>\n\n\n\n<ul class=\"wp-block-list\">\n<li>Il jouait \u00ab\u00a0Le P\u00e8re\u00a0\u00bb&#8230;<\/li>\n<\/ul>\n\n\n\n<p class=\"wp-block-paragraph\">&#8211; Mais t&rsquo;inqui\u00e8te&#8230; J&rsquo;aurai mon permis, que je lui ai r\u00e9pondu.<\/p>\n\n\n\n<p class=\"wp-block-paragraph\">Donc d\u00e9but novembre, il fallait que je commence \u00e0 le passer une premi\u00e8re fois, comme \u00e7a si jamais \u00e7a ne passait pas, j&rsquo;aurais encore du temps, puisqu&rsquo;il fallait encore attendre trois semaines pour pouvoir le repasser&#8230;<\/p>\n\n\n\n<p class=\"wp-block-paragraph\">Donc d\u00e9but novembre, je l&rsquo;ai pass\u00e9 et j&rsquo;ai loup\u00e9 la pratique&#8230; <br>Mais j&rsquo;ai pu la repasser le 20. <br>Ah ben tiens&#8230; C&rsquo;est marrant, je me suis aussi fianc\u00e9 un 20 novembre&#8230; C&rsquo;est le m\u00eame jour !<\/p>\n\n\n\n<p class=\"wp-block-paragraph\">Et le 13 d\u00e9cembre je partais \u00e0 Gstaad&#8230; et voil\u00e0 Monsieur !<\/p>\n\n\n\n<ul class=\"wp-block-list\">\n<li>J&rsquo;ai mon permis, je pars \u00e0 Gstaad !<\/li>\n<\/ul>\n\n\n\n<p class=\"wp-block-paragraph\">J&rsquo;avais commenc\u00e9 d\u00e9but septembre la th\u00e9orie et tout, il m&rsquo;avait dit :<br>&#8211; Oui mais, la th\u00e9orie il faut apprendre !<br>&#8211; Oui, t&rsquo;inqui\u00e8te&#8230;!<\/p>\n\n\n\n<p class=\"wp-block-paragraph\">Alors je m&rsquo;\u00e9tais directement inscrite, j&rsquo;\u00e9tais rest\u00e9e toute la nuit dessus&#8230; Allez&#8230; Apprends, Apprends, Apprends&#8230; !<br>Je m&rsquo;\u00e9tais lev\u00e9e le lendemain matin, et j&rsquo;avais rendez vous \u00e0 Fribourg \u00e0 10 heures. Je m&rsquo;\u00e9tais dit, tu vas l\u00e0&#8230; Tu coches l\u00e0, tu coches l\u00e0&#8230; Tchac, Tchac&#8230;OK !<\/p>\n\n\n\n<p class=\"wp-block-paragraph\">Et hop c&rsquo;\u00e9tait bon&#8230; Tu as fait la th\u00e9orie, maintenant tu fais la pratique&#8230; Quand j&rsquo;ai fini ma th\u00e9orie, et que je commen\u00e7ais la pratique, le moniteur me demandait, mais c&rsquo;est quoi ce panneau&nbsp;? <br>&#8211; Oh&#8230;? Ben moi, je ne sais pas&#8230; J&rsquo;ai appris mais maintenant c&rsquo;est fini, hein !<\/p>\n\n\n\n<p class=\"wp-block-paragraph\">Alors, ce Suisse Allemand, il m&rsquo;engueulait dans cette voiture&#8230;.!<br>Il me disait :<br>&#8211; Mais nom d&rsquo;un chien&#8230;<\/p>\n\n\n\n<p class=\"wp-block-paragraph\">Quand il parlait, il parlait toujours en suisse allemand&#8230; et pour moi je pensais qu&rsquo;il m&rsquo;engueulait sans cesse (Rire) qu&rsquo;il \u00e9tait sans cesse en train de m&rsquo;engueuler&#8230;<\/p>\n\n\n\n<p class=\"wp-block-paragraph\">Je suis pass\u00e9e d\u00e9but novembre&#8230; En fait, il m &lsquo;a juste dit que j&rsquo;avais grill\u00e9 le feu rouge, j&rsquo;avais tout fait&#8230; Je lui en ai fait voir de toutes les couleurs au gaillard, il avait la trouille&#8230;&nbsp;!<\/p>\n\n\n\n<p class=\"wp-block-paragraph\">Et la deuxi\u00e8me fois, qui c&rsquo;est que je vois se pointer, le m\u00eame gaillard\u00a0! Alors je me suis dit\u00a0: <br>&#8211; Imagines le \u00ab\u00a0A poil\u00a0\u00bb ce connard, ne le laisse pas t&rsquo;impressionner ! <br>Il est \u00e0 poil, voil\u00e0&#8230; \u00e0 c\u00f4t\u00e9 de toi !<br>Voil\u00e0&#8230; c&rsquo;est tout ! Il est comme toi, il chie comme toi, il pisse comme toi&#8230; Allez oublie le&#8230;!<\/p>\n\n\n\n<p class=\"wp-block-paragraph\">Donc j&rsquo;ai pass\u00e9 mon permis et j&rsquo;avais oubli\u00e9 qu&rsquo;il \u00e9tait l\u00e0&#8230;<br>A la fin quand il m&rsquo;a dit :<br>&#8211; Vous avez votre permis&#8230;!<\/p>\n\n\n\n<p class=\"wp-block-paragraph\">Alors l\u00e0, j&rsquo;\u00e9tais super contente&#8230; Je pouvais dire \u00e0 mon fr\u00e8re :<br>&#8211; \u00c7a y est, je pars \u00e0 Gstaad&#8230;<\/p>\n\n\n\n<p class=\"wp-block-paragraph\"><\/p>\n","protected":false},"excerpt":{"rendered":"<p>&lt;Enregistr\u00e9 le 28 Ao\u00fbt 2014&gt; Quand j&rsquo;avais d\u00e9cid\u00e9 de partir \u00e0 Gstaad et que j&rsquo;arrive \u00e0 la maison en disant :&#8211; Voil\u00e0, j&rsquo;ai d\u00e9cid\u00e9, je vais travailler \u00e0 Gstaad&#8230; Alors de suite, mon fr\u00e8re avait dit \u00e0 Maman :&#8211; Hum, Hum, Ah Non Non&#8230; Elle ne part pas avant d&rsquo;avoir fait son permis&#8230; Si elle [&hellip;]<\/p>\n","protected":false},"author":1,"featured_media":0,"parent":0,"menu_order":0,"comment_status":"open","ping_status":"closed","template":"pages-chapitre-06","meta":{"footnotes":""},"class_list":["post-1653","page","type-page","status-publish","hentry"],"jetpack_sharing_enabled":true,"_links":{"self":[{"href":"https:\/\/mercigracias.ch\/index.php?rest_route=\/wp\/v2\/pages\/1653","targetHints":{"allow":["GET"]}}],"collection":[{"href":"https:\/\/mercigracias.ch\/index.php?rest_route=\/wp\/v2\/pages"}],"about":[{"href":"https:\/\/mercigracias.ch\/index.php?rest_route=\/wp\/v2\/types\/page"}],"author":[{"embeddable":true,"href":"https:\/\/mercigracias.ch\/index.php?rest_route=\/wp\/v2\/users\/1"}],"replies":[{"embeddable":true,"href":"https:\/\/mercigracias.ch\/index.php?rest_route=%2Fwp%2Fv2%2Fcomments&post=1653"}],"version-history":[{"count":5,"href":"https:\/\/mercigracias.ch\/index.php?rest_route=\/wp\/v2\/pages\/1653\/revisions"}],"predecessor-version":[{"id":5670,"href":"https:\/\/mercigracias.ch\/index.php?rest_route=\/wp\/v2\/pages\/1653\/revisions\/5670"}],"wp:attachment":[{"href":"https:\/\/mercigracias.ch\/index.php?rest_route=%2Fwp%2Fv2%2Fmedia&parent=1653"}],"curies":[{"name":"wp","href":"https:\/\/api.w.org\/{rel}","templated":true}]}}

<p class="wp-block-paragraph">&lt;Enregistré le 28 Août 2014&gt;</p>



<p class="wp-block-paragraph">Quand j&rsquo;avais décidé de partir à Gstaad et que j&rsquo;arrive à la maison en disant :<br>&#8211; Voilà, j&rsquo;ai décidé, je vais travailler à Gstaad&#8230;</p>



<p class="wp-block-paragraph">Alors de suite, mon frère avait dit à Maman :<br>&#8211; Hum, Hum, Ah Non Non&#8230; Elle ne part pas avant d&rsquo;avoir fait son permis&#8230; Si elle n&rsquo;a pas son permis, elle ne part pas de là !<br>Elle ne va pas à Gstaad&nbsp;! <br>Elle ne quitte pas la maison avant d&rsquo;avoir son permis&#8230; Démerde toi, mais elle ne partira pas de la maison&#8230;</p>



<p class="wp-block-paragraph">Alors je lui dis :<br>&#8211; Bon ben ça va, quoi&#8230; J&rsquo;avais été me présenter fin Août&#8230; <br>Je me disais : <br>&#8211; Septembre, Octobre Novembre, j&rsquo;ai trois mois !</p>



<p class="wp-block-paragraph">Mon frère qui enchaine&#8230; : <br>&#8211; Et ben vas y&#8230; en trois mois, faut y aller ! <br>La théorie, la pratique, tout&#8230;&nbsp;!?</p>



<p class="wp-block-paragraph">&#8211; Ouais ouais, ben j&rsquo;y vais&#8230;<br>&#8211; Si tu n&rsquo;as pas ton permis, faut pas croire&#8230; Saison ou pas saison, tu ne pars pas.</p>



<ul class="wp-block-list">
<li>Il jouait « Le Père »&#8230;</li>
</ul>



<p class="wp-block-paragraph">&#8211; Mais t&rsquo;inquiète&#8230; J&rsquo;aurai mon permis, que je lui ai répondu.</p>



<p class="wp-block-paragraph">Donc début novembre, il fallait que je commence à le passer une première fois, comme ça si jamais ça ne passait pas, j&rsquo;aurais encore du temps, puisqu&rsquo;il fallait encore attendre trois semaines pour pouvoir le repasser&#8230;</p>



<p class="wp-block-paragraph">Donc début novembre, je l&rsquo;ai passé et j&rsquo;ai loupé la pratique&#8230; <br>Mais j&rsquo;ai pu la repasser le 20. <br>Ah ben tiens&#8230; C&rsquo;est marrant, je me suis aussi fiancé un 20 novembre&#8230; C&rsquo;est le même jour !</p>



<p class="wp-block-paragraph">Et le 13 décembre je partais à Gstaad&#8230; et voilà Monsieur !</p>



<ul class="wp-block-list">
<li>J&rsquo;ai mon permis, je pars à Gstaad !</li>
</ul>



<p class="wp-block-paragraph">J&rsquo;avais commencé début septembre la théorie et tout, il m&rsquo;avait dit :<br>&#8211; Oui mais, la théorie il faut apprendre !<br>&#8211; Oui, t&rsquo;inquiète&#8230;!</p>



<p class="wp-block-paragraph">Alors je m&rsquo;étais directement inscrite, j&rsquo;étais restée toute la nuit dessus&#8230; Allez&#8230; Apprends, Apprends, Apprends&#8230; !<br>Je m&rsquo;étais levée le lendemain matin, et j&rsquo;avais rendez vous à Fribourg à 10 heures. Je m&rsquo;étais dit, tu vas là&#8230; Tu coches là, tu coches là&#8230; Tchac, Tchac&#8230;OK !</p>



<p class="wp-block-paragraph">Et hop c&rsquo;était bon&#8230; Tu as fait la théorie, maintenant tu fais la pratique&#8230; Quand j&rsquo;ai fini ma théorie, et que je commençais la pratique, le moniteur me demandait, mais c&rsquo;est quoi ce panneau&nbsp;? <br>&#8211; Oh&#8230;? Ben moi, je ne sais pas&#8230; J&rsquo;ai appris mais maintenant c&rsquo;est fini, hein !</p>



<p class="wp-block-paragraph">Alors, ce Suisse Allemand, il m&rsquo;engueulait dans cette voiture&#8230;.!<br>Il me disait :<br>&#8211; Mais nom d&rsquo;un chien&#8230;</p>



<p class="wp-block-paragraph">Quand il parlait, il parlait toujours en suisse allemand&#8230; et pour moi je pensais qu&rsquo;il m&rsquo;engueulait sans cesse (Rire) qu&rsquo;il était sans cesse en train de m&rsquo;engueuler&#8230;</p>



<p class="wp-block-paragraph">Je suis passée début novembre&#8230; En fait, il m &lsquo;a juste dit que j&rsquo;avais grillé le feu rouge, j&rsquo;avais tout fait&#8230; Je lui en ai fait voir de toutes les couleurs au gaillard, il avait la trouille&#8230;&nbsp;!</p>



<p class="wp-block-paragraph">Et la deuxième fois, qui c&rsquo;est que je vois se pointer, le même gaillard ! Alors je me suis dit : <br>&#8211; Imagines le « A poil » ce connard, ne le laisse pas t&rsquo;impressionner ! <br>Il est à poil, voilà&#8230; à côté de toi !<br>Voilà&#8230; c&rsquo;est tout ! Il est comme toi, il chie comme toi, il pisse comme toi&#8230; Allez oublie le&#8230;!</p>



<p class="wp-block-paragraph">Donc j&rsquo;ai passé mon permis et j&rsquo;avais oublié qu&rsquo;il était là&#8230;<br>A la fin quand il m&rsquo;a dit :<br>&#8211; Vous avez votre permis&#8230;!</p>



<p class="wp-block-paragraph">Alors là, j&rsquo;étais super contente&#8230; Je pouvais dire à mon frère :<br>&#8211; Ça y est, je pars à Gstaad&#8230;</p>



<p class="wp-block-paragraph"></p>

<p>&lt;Enregistré le 28 Août 2014&gt; Quand j&rsquo;avais décidé de partir à Gstaad et que j&rsquo;arrive à la maison en disant :&#8211; Voilà, j&rsquo;ai décidé, je vais travailler à Gstaad&#8230; Alors de suite, mon frère avait dit à Maman :&#8211; Hum, Hum, Ah Non Non&#8230; Elle ne part pas avant d&rsquo;avoir fait son permis&#8230; Si elle [&hellip;]</p>
