{"id":1693,"date":"2026-02-22T21:21:46","date_gmt":"2026-02-22T21:21:46","guid":{"rendered":"https:\/\/mercigracias.ch\/?page_id=1693"},"modified":"2026-07-13T06:39:08","modified_gmt":"2026-07-13T06:39:08","slug":"cest-mon-affaire","status":"publish","type":"page","link":"https:\/\/mercigracias.ch\/?page_id=1693","title":{"rendered":"C&rsquo;est mon affaire !"},"content":{"rendered":"\n<p class=\"wp-block-paragraph\">&lt;Enregistr\u00e9 le 27 Juin 2021&gt;<\/p>\n\n\n\n<p class=\"wp-block-paragraph\">Chez Michelangelo, il fallait avoir la force de se d\u00e9fendre, pour garder son cap&#8230; Quand il y a eu le truc des pommes de terre et qu&rsquo;on est parti en voyage&#8230; Ah mais !<\/p>\n\n\n\n<p class=\"wp-block-paragraph\">Je me souviens, quand j&rsquo;ai donn\u00e9 mon cong\u00e9 et qu&rsquo;il veut me proposer de rester \u00e0 tout prix&#8230;et m&rsquo;augmenter mon salaire, m&rsquo;apprendre \u00e0 conduire, me laisser sa Range Rover, me laisser son studio&#8230; Il m&rsquo;avait m\u00eame fait visiter son studio, parce qu&rsquo;il allait partir dans une nouvelle maison.<\/p>\n\n\n\n<p class=\"wp-block-paragraph\">Il me dit :<br>&#8211; Je vous mets tout \u00e0 disposition !<br>Il \u00e9tait l\u00e0, et il ne savait pas comment faire, comment d\u00e9baller ses trucs&#8230;<\/p>\n\n\n\n<p class=\"wp-block-paragraph\">&#8211; Mais Michelangelo, vous me donner le monde entier, je m&rsquo;en fous, je pars&#8230; (Rire) Je pars&#8230;<\/p>\n\n\n\n<p class=\"wp-block-paragraph\">Et l\u00e0, quand il \u00e0 re\u00e7u mon cong\u00e9&#8230;<br>&#8211; Mais enfin&#8230; pour aller o\u00f9 ?<br>&#8211; Mais vous vous souvenez le petit salon de coiffure, quand on est pass\u00e9 \u00e0 Gstaad avec votre Range Rover, pour aller aux Diablerets&#8230; Ce petit salon de coiffure que vous m&rsquo;aviez montr\u00e9&#8230; Vous m&rsquo;aviez expliqu\u00e9 toute l&rsquo;histoire de Gstaad et racont\u00e9 que vous aviez commenc\u00e9 dans ce magnifique petit salon de coiffure et le Palace qu&rsquo;on avait visit\u00e9 en haut, et tout&#8230;<\/p>\n\n\n\n<p class=\"wp-block-paragraph\">Et bien moi, je vais l\u00e0-bas&#8230; Je vais au paradis, l\u00e0 o\u00f9 vous m&rsquo;aviez dit que c&rsquo;\u00e9tait fantastique !<\/p>\n\n\n\n<p class=\"wp-block-paragraph\">Parce que vous m&rsquo;aviez dit : <br>&#8211; Ah, mais l\u00e0 !? Qu&rsquo;est ce que j&rsquo;avais \u00e9t\u00e9 heureux dans ce salon de coiffure ! <\/p>\n\n\n\n<p class=\"wp-block-paragraph\">C&rsquo;\u00e9tait chez Ferdinand&#8230;<\/p>\n\n\n\n<p class=\"wp-block-paragraph\">&#8211; Ah&#8230;? <br>&#8211; Mais si vous aviez \u00e9t\u00e9 heureux l\u00e0-bas, alors moi aussi \u00e7a me plait bien&#8230;<\/p>\n\n\n\n<p class=\"wp-block-paragraph\">Mais l\u00e0, j&rsquo;avais cru qu&rsquo;il faisait une attaque ! (Rire)<\/p>\n\n\n\n<p class=\"wp-block-paragraph\">Et j&rsquo;avais rajout\u00e9&#8230;  <br>&#8211; Il m&rsquo;attendent pour le 13 d\u00e9cembre&#8230; Alors voil\u00e0, je finirai chez vous fin novembre, et le 13 d\u00e9cembre je commence l\u00e0-bas&#8230;<\/p>\n\n\n\n<p class=\"wp-block-paragraph\">Mais il n&rsquo;y avait rien qui pouvait m&rsquo;arr\u00eater&#8230; <\/p>\n\n\n\n<p class=\"wp-block-paragraph\">\u00c7a faisait une ann\u00e9e, et m\u00eame un peu plus je crois que j&rsquo;avais rencontr\u00e9 celui qui allait devenir mon mari&#8230; Alors quand je lui ai dit que j&rsquo;allais travailler \u00e0 Gstaad&#8230;<br>&#8211; Ah ah&#8230; qu&rsquo;il m&rsquo;a dit&#8230; Ah ouais ? Pardon&#8230; ?<\/p>\n\n\n\n<p class=\"wp-block-paragraph\">J&rsquo;ai r\u00e9p\u00e9t\u00e9 : <br>&#8211; Oui, et je vais aller me pr\u00e9senter&#8230;<\/p>\n\n\n\n<p class=\"wp-block-paragraph\">Il me dit : <br>&#8211; Tu veux que je t&#8217;emm\u00e8ne ?<\/p>\n\n\n\n<p class=\"wp-block-paragraph\">Je n&rsquo;avais pas encore le permis de conduire&#8230; Mais tu vois le manipulateur&#8230;!?<br>&#8211; Ah tu ferais \u00e7a ? Ah ben oui alors, je veux bien&#8230;!<br>&#8211; D&rsquo;accord&#8230;<\/p>\n\n\n\n<p class=\"wp-block-paragraph\">Alors on arrive l\u00e0-haut le jour du rendez vous et je vois qu&rsquo;il me suit&#8230; Je lui dis&#8230; :<br>&#8211; Non mais, je vais me pr\u00e9senter pour un poste de travail, tu ne peux pas venir avec moi&#8230;!<br>&#8211; Ah bon ? &#8230;Mais pourquoi, en quoi \u00e7a te g\u00e8ne ?<\/p>\n\n\n\n<p class=\"wp-block-paragraph\">&#8211; Parce que c&rsquo;est mon affaire&#8230;<br>C&rsquo;est moi, c&rsquo;est mon histoire&#8230; Personne ne t&rsquo;a accompagn\u00e9 quand tu as \u00e9t\u00e9 \u00e0 Barcelone&#8230; Et bien moi, je fais \u00e7a seule, aussi !<\/p>\n\n\n\n<p class=\"wp-block-paragraph\">&#8211; Alors tu as bien vu, le temps qu&rsquo;on mettait pour venir, alors tu vas faire quoi avec nous&#8230; ?<\/p>\n\n\n\n<p class=\"wp-block-paragraph\">C&rsquo;\u00e9tait \u00e7a le probl\u00e8me&#8230; <\/p>\n\n\n\n<ul class=\"wp-block-list\">\n<li>Tu vas faire quoi avec nous&#8230;<\/li>\n<\/ul>\n\n\n\n<p class=\"wp-block-paragraph\">Je lui dis : <br>&#8211; Alors \u00e9coute&#8230; Quand je t&rsquo;ai connu, tu venais de te divorcer.<\/p>\n\n\n\n<p class=\"wp-block-paragraph\">C&rsquo;est une saison. \u00c7a te donnera le temps de t&rsquo;interroger sur ton divorce, et sur ce qui s&rsquo;est pass\u00e9&#8230; Quelle \u00e9tait ta part de responsabilit\u00e9&#8230; Moi, je ne veux pas d&rsquo;un homme estropi\u00e9, hein&#8230;!?<br>Je veux un homme qui a eu le temps de se remettre sur pied, voil\u00e0&#8230; Alors si \u00e7a doit se faire, et bien \u00e7a continuera, si \u00e7a doit pas \u00eatre&#8230; \u00e7a sera la vie, c&rsquo;est comme \u00e7a&#8230;<\/p>\n\n\n\n<p class=\"wp-block-paragraph\">Je peux te dire qu&rsquo;il rigolait jaune&#8230; comme la Grand-M\u00e8re&#8230; (Rire)<\/p>\n\n\n\n<p class=\"wp-block-paragraph\">Il \u00e9tait compl\u00e8tement d\u00e9pit\u00e9&#8230; Donc il est parti boire son caf\u00e9, et moi, au salon de coiffure&#8230;<\/p>\n\n\n\n<p class=\"wp-block-paragraph\">Quand je suis revenue, je lui dis :<br>&#8211; C&rsquo;est bon, Je commence le 13 d\u00e9cembre&#8230;<\/p>\n\n\n\n<p class=\"wp-block-paragraph\">J&rsquo;ai cru qu&rsquo;il faisait une attaque aussi !<\/p>\n\n\n\n<p class=\"wp-block-paragraph\">\u00c7a faisait juste une ann\u00e9e qu&rsquo;on se connaissait, quand je suis all\u00e9e me pr\u00e9senter&#8230; Oh, mais tout le retour, Il \u00e9tait furax, alors l\u00e0 il sortait ses contrari\u00e9t\u00e9s d&rsquo;enfant g\u00e2t\u00e9&#8230; Ce qu&rsquo;il \u00e9tait, quoi&#8230;<\/p>\n\n\n\n<p class=\"wp-block-paragraph\">Alors je lui dis : <br>&#8211; Peut-\u00eatre c&rsquo;est \u00e7a&#8230; que \u00e7a ne doit pas aller plus loin&#8230; Notre relation, si elle ne peut pas tenir parce qu&rsquo;il y a 2 heures de distance&#8230; Surtout que je ne pars que pour 3 mois&#8230;<\/p>\n\n\n\n<p class=\"wp-block-paragraph\">Et finalement les \u00ab\u00a0pour 3 mois\u00a0\u00bb&#8230; \u00e0 chaque fois il voulait me redonner des ordres pour revenir&#8230; Et moi, je ne voulais pas revenir, hein&#8230; J&rsquo;\u00e9tais trop bien l\u00e0-bas&#8230;<\/p>\n\n\n\n<p class=\"wp-block-paragraph\">Combien de fois Ferdinand m&rsquo;a dit :<br>&#8211; Mais vous restez aussi pour l&rsquo;\u00e9t\u00e9, hein !?<br>Vous verrez&#8230; c&rsquo;est aussi tr\u00e8s joli, je pourrais vous montrer les vaches qui descendent de l&rsquo;alpage, c&rsquo;est vraiment magnifique&#8230;<\/p>\n\n\n\n<p class=\"wp-block-paragraph\">Et on aura moins de clients, on aura le temps de papoter&#8230;<br>On aura aussi le temps de manger des p\u00e2tisseries tranquillement entre deux&#8230; Vous n&rsquo;allez pas partir quand m\u00eame&#8230; !<br>Ah ben non ! \u00c7a serait vraiment dommage&#8230;<\/p>\n\n\n\n<p class=\"wp-block-paragraph\">&#8211; Ah oui, vous avez raison, je ne pars plus&#8230;!<\/p>\n\n\n\n<p class=\"wp-block-paragraph\">Alors bonne nouvelle, je reste pour la saison d&rsquo;\u00e9t\u00e9&#8230;(Rire)<\/p>\n\n\n\n<p class=\"wp-block-paragraph\">Et finalement j&rsquo;ai fait 3 saisons&#8230;<\/p>\n\n\n\n<p class=\"wp-block-paragraph\">Merci Gracias<\/p>\n","protected":false},"excerpt":{"rendered":"<p>&lt;Enregistr\u00e9 le 27 Juin 2021&gt; Chez Michelangelo, il fallait avoir la force de se d\u00e9fendre, pour garder son cap&#8230; Quand il y a eu le truc des pommes de terre et qu&rsquo;on est parti en voyage&#8230; Ah mais ! Je me souviens, quand j&rsquo;ai donn\u00e9 mon cong\u00e9 et qu&rsquo;il veut me proposer de rester \u00e0 [&hellip;]<\/p>\n","protected":false},"author":1,"featured_media":0,"parent":0,"menu_order":0,"comment_status":"open","ping_status":"closed","template":"pages-chapitre-07","meta":{"footnotes":""},"class_list":["post-1693","page","type-page","status-publish","hentry"],"jetpack_sharing_enabled":true,"_links":{"self":[{"href":"https:\/\/mercigracias.ch\/index.php?rest_route=\/wp\/v2\/pages\/1693","targetHints":{"allow":["GET"]}}],"collection":[{"href":"https:\/\/mercigracias.ch\/index.php?rest_route=\/wp\/v2\/pages"}],"about":[{"href":"https:\/\/mercigracias.ch\/index.php?rest_route=\/wp\/v2\/types\/page"}],"author":[{"embeddable":true,"href":"https:\/\/mercigracias.ch\/index.php?rest_route=\/wp\/v2\/users\/1"}],"replies":[{"embeddable":true,"href":"https:\/\/mercigracias.ch\/index.php?rest_route=%2Fwp%2Fv2%2Fcomments&post=1693"}],"version-history":[{"count":12,"href":"https:\/\/mercigracias.ch\/index.php?rest_route=\/wp\/v2\/pages\/1693\/revisions"}],"predecessor-version":[{"id":5722,"href":"https:\/\/mercigracias.ch\/index.php?rest_route=\/wp\/v2\/pages\/1693\/revisions\/5722"}],"wp:attachment":[{"href":"https:\/\/mercigracias.ch\/index.php?rest_route=%2Fwp%2Fv2%2Fmedia&parent=1693"}],"curies":[{"name":"wp","href":"https:\/\/api.w.org\/{rel}","templated":true}]}}

<p class="wp-block-paragraph">&lt;Enregistré le 27 Juin 2021&gt;</p>



<p class="wp-block-paragraph">Chez Michelangelo, il fallait avoir la force de se défendre, pour garder son cap&#8230; Quand il y a eu le truc des pommes de terre et qu&rsquo;on est parti en voyage&#8230; Ah mais !</p>



<p class="wp-block-paragraph">Je me souviens, quand j&rsquo;ai donné mon congé et qu&rsquo;il veut me proposer de rester à tout prix&#8230;et m&rsquo;augmenter mon salaire, m&rsquo;apprendre à conduire, me laisser sa Range Rover, me laisser son studio&#8230; Il m&rsquo;avait même fait visiter son studio, parce qu&rsquo;il allait partir dans une nouvelle maison.</p>



<p class="wp-block-paragraph">Il me dit :<br>&#8211; Je vous mets tout à disposition !<br>Il était là, et il ne savait pas comment faire, comment déballer ses trucs&#8230;</p>



<p class="wp-block-paragraph">&#8211; Mais Michelangelo, vous me donner le monde entier, je m&rsquo;en fous, je pars&#8230; (Rire) Je pars&#8230;</p>



<p class="wp-block-paragraph">Et là, quand il à reçu mon congé&#8230;<br>&#8211; Mais enfin&#8230; pour aller où ?<br>&#8211; Mais vous vous souvenez le petit salon de coiffure, quand on est passé à Gstaad avec votre Range Rover, pour aller aux Diablerets&#8230; Ce petit salon de coiffure que vous m&rsquo;aviez montré&#8230; Vous m&rsquo;aviez expliqué toute l&rsquo;histoire de Gstaad et raconté que vous aviez commencé dans ce magnifique petit salon de coiffure et le Palace qu&rsquo;on avait visité en haut, et tout&#8230;</p>



<p class="wp-block-paragraph">Et bien moi, je vais là-bas&#8230; Je vais au paradis, là où vous m&rsquo;aviez dit que c&rsquo;était fantastique !</p>



<p class="wp-block-paragraph">Parce que vous m&rsquo;aviez dit : <br>&#8211; Ah, mais là !? Qu&rsquo;est ce que j&rsquo;avais été heureux dans ce salon de coiffure ! </p>



<p class="wp-block-paragraph">C&rsquo;était chez Ferdinand&#8230;</p>



<p class="wp-block-paragraph">&#8211; Ah&#8230;? <br>&#8211; Mais si vous aviez été heureux là-bas, alors moi aussi ça me plait bien&#8230;</p>



<p class="wp-block-paragraph">Mais là, j&rsquo;avais cru qu&rsquo;il faisait une attaque ! (Rire)</p>



<p class="wp-block-paragraph">Et j&rsquo;avais rajouté&#8230;  <br>&#8211; Il m&rsquo;attendent pour le 13 décembre&#8230; Alors voilà, je finirai chez vous fin novembre, et le 13 décembre je commence là-bas&#8230;</p>



<p class="wp-block-paragraph">Mais il n&rsquo;y avait rien qui pouvait m&rsquo;arrêter&#8230; </p>



<p class="wp-block-paragraph">Ça faisait une année, et même un peu plus je crois que j&rsquo;avais rencontré celui qui allait devenir mon mari&#8230; Alors quand je lui ai dit que j&rsquo;allais travailler à Gstaad&#8230;<br>&#8211; Ah ah&#8230; qu&rsquo;il m&rsquo;a dit&#8230; Ah ouais ? Pardon&#8230; ?</p>



<p class="wp-block-paragraph">J&rsquo;ai répété : <br>&#8211; Oui, et je vais aller me présenter&#8230;</p>



<p class="wp-block-paragraph">Il me dit : <br>&#8211; Tu veux que je t&#8217;emmène ?</p>



<p class="wp-block-paragraph">Je n&rsquo;avais pas encore le permis de conduire&#8230; Mais tu vois le manipulateur&#8230;!?<br>&#8211; Ah tu ferais ça ? Ah ben oui alors, je veux bien&#8230;!<br>&#8211; D&rsquo;accord&#8230;</p>



<p class="wp-block-paragraph">Alors on arrive là-haut le jour du rendez vous et je vois qu&rsquo;il me suit&#8230; Je lui dis&#8230; :<br>&#8211; Non mais, je vais me présenter pour un poste de travail, tu ne peux pas venir avec moi&#8230;!<br>&#8211; Ah bon ? &#8230;Mais pourquoi, en quoi ça te gène ?</p>



<p class="wp-block-paragraph">&#8211; Parce que c&rsquo;est mon affaire&#8230;<br>C&rsquo;est moi, c&rsquo;est mon histoire&#8230; Personne ne t&rsquo;a accompagné quand tu as été à Barcelone&#8230; Et bien moi, je fais ça seule, aussi !</p>



<p class="wp-block-paragraph">&#8211; Alors tu as bien vu, le temps qu&rsquo;on mettait pour venir, alors tu vas faire quoi avec nous&#8230; ?</p>



<p class="wp-block-paragraph">C&rsquo;était ça le problème&#8230; </p>



<ul class="wp-block-list">
<li>Tu vas faire quoi avec nous&#8230;</li>
</ul>



<p class="wp-block-paragraph">Je lui dis : <br>&#8211; Alors écoute&#8230; Quand je t&rsquo;ai connu, tu venais de te divorcer.</p>



<p class="wp-block-paragraph">C&rsquo;est une saison. Ça te donnera le temps de t&rsquo;interroger sur ton divorce, et sur ce qui s&rsquo;est passé&#8230; Quelle était ta part de responsabilité&#8230; Moi, je ne veux pas d&rsquo;un homme estropié, hein&#8230;!?<br>Je veux un homme qui a eu le temps de se remettre sur pied, voilà&#8230; Alors si ça doit se faire, et bien ça continuera, si ça doit pas être&#8230; ça sera la vie, c&rsquo;est comme ça&#8230;</p>



<p class="wp-block-paragraph">Je peux te dire qu&rsquo;il rigolait jaune&#8230; comme la Grand-Mère&#8230; (Rire)</p>



<p class="wp-block-paragraph">Il était complètement dépité&#8230; Donc il est parti boire son café, et moi, au salon de coiffure&#8230;</p>



<p class="wp-block-paragraph">Quand je suis revenue, je lui dis :<br>&#8211; C&rsquo;est bon, Je commence le 13 décembre&#8230;</p>



<p class="wp-block-paragraph">J&rsquo;ai cru qu&rsquo;il faisait une attaque aussi !</p>



<p class="wp-block-paragraph">Ça faisait juste une année qu&rsquo;on se connaissait, quand je suis allée me présenter&#8230; Oh, mais tout le retour, Il était furax, alors là il sortait ses contrariétés d&rsquo;enfant gâté&#8230; Ce qu&rsquo;il était, quoi&#8230;</p>



<p class="wp-block-paragraph">Alors je lui dis : <br>&#8211; Peut-être c&rsquo;est ça&#8230; que ça ne doit pas aller plus loin&#8230; Notre relation, si elle ne peut pas tenir parce qu&rsquo;il y a 2 heures de distance&#8230; Surtout que je ne pars que pour 3 mois&#8230;</p>



<p class="wp-block-paragraph">Et finalement les « pour 3 mois »&#8230; à chaque fois il voulait me redonner des ordres pour revenir&#8230; Et moi, je ne voulais pas revenir, hein&#8230; J&rsquo;étais trop bien là-bas&#8230;</p>



<p class="wp-block-paragraph">Combien de fois Ferdinand m&rsquo;a dit :<br>&#8211; Mais vous restez aussi pour l&rsquo;été, hein !?<br>Vous verrez&#8230; c&rsquo;est aussi très joli, je pourrais vous montrer les vaches qui descendent de l&rsquo;alpage, c&rsquo;est vraiment magnifique&#8230;</p>



<p class="wp-block-paragraph">Et on aura moins de clients, on aura le temps de papoter&#8230;<br>On aura aussi le temps de manger des pâtisseries tranquillement entre deux&#8230; Vous n&rsquo;allez pas partir quand même&#8230; !<br>Ah ben non ! Ça serait vraiment dommage&#8230;</p>



<p class="wp-block-paragraph">&#8211; Ah oui, vous avez raison, je ne pars plus&#8230;!</p>



<p class="wp-block-paragraph">Alors bonne nouvelle, je reste pour la saison d&rsquo;été&#8230;(Rire)</p>



<p class="wp-block-paragraph">Et finalement j&rsquo;ai fait 3 saisons&#8230;</p>



<p class="wp-block-paragraph">Merci Gracias</p>

<p>&lt;Enregistré le 27 Juin 2021&gt; Chez Michelangelo, il fallait avoir la force de se défendre, pour garder son cap&#8230; Quand il y a eu le truc des pommes de terre et qu&rsquo;on est parti en voyage&#8230; Ah mais ! Je me souviens, quand j&rsquo;ai donné mon congé et qu&rsquo;il veut me proposer de rester à [&hellip;]</p>
