{"id":1712,"date":"2026-02-23T23:27:35","date_gmt":"2026-02-23T23:27:35","guid":{"rendered":"https:\/\/mercigracias.ch\/?page_id=1712"},"modified":"2026-07-13T05:12:10","modified_gmt":"2026-07-13T05:12:10","slug":"une-carte-postale","status":"publish","type":"page","link":"https:\/\/mercigracias.ch\/?page_id=1712","title":{"rendered":"Une carte postale&#8230;"},"content":{"rendered":"\n<p class=\"wp-block-paragraph\">&lt;Enregistr\u00e9 le 24 Novembre 2021&gt;<\/p>\n\n\n\n<p class=\"wp-block-paragraph\">Je suis arriv\u00e9e \u00e0 Gstaad, le 13 d\u00e9cembre. <\/p>\n\n\n\n<p class=\"wp-block-paragraph\">Le jour o\u00f9 j&rsquo;ai commenc\u00e9, c&rsquo;\u00e9tait juste pour la p\u00e9riode de No\u00ebl au salon de coiffure&#8230; Alors \u00e0 toute la famille, je leur avais dit :<br>&#8211; Au revoir et Joyeux No\u00ebl&#8230;!<\/p>\n\n\n\n<p class=\"wp-block-paragraph\">Voil\u00e0, c&rsquo;\u00e9tait au revoir&#8230; Tchao, Arrivederci&#8230; <\/p>\n\n\n\n<p class=\"wp-block-paragraph\">Et en arrivant \u00e0 Gstaad, j&rsquo;avais l&rsquo;impression d&rsquo;\u00eatre dans une carte postale, tellement c&rsquo;\u00e9tait beau. C&rsquo;\u00e9tait grandiose !<br>\u00c7a me traversait&#8230; C&rsquo;\u00e9tait quelque chose, cette neige et tout le monde dehors avec ces petites bougies, ces cal\u00e8ches&#8230;<\/p>\n\n\n\n<p class=\"wp-block-paragraph\">&#8211; Ecoute&#8230; \u00c7a n&rsquo;avait pas de nom ! <br>Ces cal\u00e8ches en traineaux&#8230; et quand tu voyais partir ces acteurs, tous ces gens qui s&rsquo;activaient, et tout ce monde&#8230; !?<br>Mais c&rsquo;\u00e9tait d&rsquo;une beaut\u00e9, et encore il neigeait&#8230;<\/p>\n\n\n\n<figure class=\"wp-block-image size-large\"><img loading=\"lazy\" decoding=\"async\" width=\"1024\" height=\"768\" src=\"https:\/\/mercigracias.ch\/wp-content\/uploads\/2026\/02\/160_6068-1024x768.jpg\" alt=\"\" class=\"wp-image-1747\" srcset=\"https:\/\/mercigracias.ch\/wp-content\/uploads\/2026\/02\/160_6068-1024x768.jpg 1024w, https:\/\/mercigracias.ch\/wp-content\/uploads\/2026\/02\/160_6068-300x225.jpg 300w, https:\/\/mercigracias.ch\/wp-content\/uploads\/2026\/02\/160_6068-768x576.jpg 768w, https:\/\/mercigracias.ch\/wp-content\/uploads\/2026\/02\/160_6068-1536x1152.jpg 1536w, https:\/\/mercigracias.ch\/wp-content\/uploads\/2026\/02\/160_6068-2048x1536.jpg 2048w\" sizes=\"auto, (max-width: 1024px) 100vw, 1024px\" \/><figcaption class=\"wp-element-caption\">En 2008, lors de notre visite&#8230;<\/figcaption><\/figure>\n\n\n\n<p class=\"wp-block-paragraph\">Ma chambre \u00e0 Gstaad, elle avait une petite fen\u00eatre en haut comme \u00e7a&#8230; C&rsquo;\u00e9tait une imposte et c&rsquo;\u00e9tait tout&#8230;<\/p>\n\n\n\n<p class=\"wp-block-paragraph\">Quand je suis arriv\u00e9e l\u00e0-dedans, mon bon ami m&rsquo;a dit : <br>&#8211; Mais \u00e7a ne peut pas aller&#8230;!<br>&#8211; Mais pourquoi pas ? Je lui ai r\u00e9pondu&#8230;<\/p>\n\n\n\n<p class=\"wp-block-paragraph\">&#8211; Mais t&rsquo;as vu \u00e7a ?<br>&#8211; Mais Non&#8230; pas de souci, \u00e7a va tr\u00e8s bien&#8230;!<br>Regarde ce que j&rsquo;ai comme affaires&#8230; J&rsquo;ai une valise, et elle n&rsquo;est pas remplie \u00e0 la moiti\u00e9&#8230; Je ne peux pas dire que je n&rsquo;ai pas de place ! (rire)<\/p>\n\n\n\n<p class=\"wp-block-paragraph\">Oh, ce qu&rsquo;il \u00e9tait choqu\u00e9 quand je suis rentr\u00e9e l\u00e0-dedans !<\/p>\n\n\n\n<p class=\"wp-block-paragraph\">&#8211; <em>Toi, \u00e7a ne t&rsquo;avait pas choqu\u00e9e ?<\/em> <br>&#8211; Non, je ne venais pas ici pour \u00eatre dans ma chambre, je venais ici pour travailler&#8230; Tu vois, toute la journ\u00e9e j&rsquo;\u00e9tais dehors&#8230; J&rsquo;arrivais le soir, vers 7 heures, 7 heures 1\/2&#8230; et je partais de bonne heure le matin&#8230;<\/p>\n\n\n\n<p class=\"wp-block-paragraph\">Moi, je voulais juste un endroit pour dormir, c&rsquo;\u00e9tait tout&#8230;!<\/p>\n\n\n\n<p class=\"wp-block-paragraph\">Ferdinand, il est tomb\u00e9 assis quand apr\u00e8s deux saisons, il m&rsquo;a dit :<br>&#8211; Mais vous avez une t\u00e9l\u00e9vision ? <br>&#8211; Non&#8230;<\/p>\n\n\n\n<p class=\"wp-block-paragraph\">&#8211; Vous n&rsquo;avez pas de t\u00e9l\u00e9vision, qu&rsquo;il me dit ? <br>Je n&rsquo;y crois pas, mais vous faites quoi&#8230; ?<\/p>\n\n\n\n<p class=\"wp-block-paragraph\">&#8211; Mais vous savez le temps que je lise les journaux du salon de coiffure que je prends avec moi le soir et que je ram\u00e8ne le matin&#8230;<\/p>\n\n\n\n<p class=\"wp-block-paragraph\">Alors une fois qu&rsquo;il avait compris \u00e7a, il en achetait deux fois plus&#8230;<br>Il savait que je lisais le Elle, le Paris-Match, le Marie-Claire&#8230; tous les journaux qu&rsquo;il y avait. Je les prenais le soir et je lisais tous les journaux.<\/p>\n\n\n\n<p class=\"wp-block-paragraph\">Je me souviens une fois, que je m&rsquo;\u00e9tais sentie vraiment dans l&rsquo;abandon&#8230; Une fois ! C&rsquo;\u00e9tait le soir de No\u00ebl 1980 quand mon bon ami n&rsquo;arrivait pas&#8230; L\u00e0 aussi, c&rsquo;\u00e9tait un signe&#8230; Franchement !<\/p>\n\n\n\n<p class=\"wp-block-paragraph\">Il est arriv\u00e9 \u00e0 11 heures le soir de No\u00ebl&#8230;!<\/p>\n\n\n\n<p class=\"wp-block-paragraph\">Il \u00e9tait pass\u00e9 11 heures, puisque j&rsquo;\u00e9tais d\u00e9j\u00e0 en train de m&rsquo;habiller pour aller \u00e0 la messe de minuit&#8230;<\/p>\n\n\n\n<p class=\"wp-block-paragraph\">Et bien, j&rsquo;ai fait deux ans, deux ans o\u00f9 c&rsquo;\u00e9tait No\u00ebl tranquille&#8230; Non non, une ann\u00e9e, parce que l&rsquo;ann\u00e9e d&rsquo;apr\u00e8s je l&rsquo;ai fait chez Ferdinand et sa femme&#8230;<\/p>\n\n\n\n<p class=\"wp-block-paragraph\">J&rsquo;en ai fait un avec eux, et c&rsquo;\u00e9tait un No\u00ebl tr\u00e8s touchant, ils m&rsquo;avaient dit : <br>&#8211; Mais vous ne faites rien ? <br>Vous ne voudriez pas faire No\u00ebl avec nous ?<br>&#8211; Ben oui, \u00e7a sera avec grand plaisir&#8230; Alors j&rsquo;ai fait No\u00ebl avec eux&#8230;<\/p>\n\n\n\n<p class=\"wp-block-paragraph\">Ils \u00e9taient heureux, eux&#8230;!<\/p>\n\n\n\n<p class=\"wp-block-paragraph\">Et moi donc&#8230;<\/p>\n\n\n\n<p class=\"wp-block-paragraph\">Merci Gracias<\/p>\n","protected":false},"excerpt":{"rendered":"<p>&lt;Enregistr\u00e9 le 24 Novembre 2021&gt; Je suis arriv\u00e9e \u00e0 Gstaad, le 13 d\u00e9cembre. Le jour o\u00f9 j&rsquo;ai commenc\u00e9, c&rsquo;\u00e9tait juste pour la p\u00e9riode de No\u00ebl au salon de coiffure&#8230; Alors \u00e0 toute la famille, je leur avais dit :&#8211; Au revoir et Joyeux No\u00ebl&#8230;! Voil\u00e0, c&rsquo;\u00e9tait au revoir&#8230; Tchao, Arrivederci&#8230; Et en arrivant \u00e0 Gstaad, [&hellip;]<\/p>\n","protected":false},"author":1,"featured_media":0,"parent":0,"menu_order":0,"comment_status":"open","ping_status":"closed","template":"pages-chapitre-07","meta":{"footnotes":""},"class_list":["post-1712","page","type-page","status-publish","hentry"],"jetpack_sharing_enabled":true,"_links":{"self":[{"href":"https:\/\/mercigracias.ch\/index.php?rest_route=\/wp\/v2\/pages\/1712","targetHints":{"allow":["GET"]}}],"collection":[{"href":"https:\/\/mercigracias.ch\/index.php?rest_route=\/wp\/v2\/pages"}],"about":[{"href":"https:\/\/mercigracias.ch\/index.php?rest_route=\/wp\/v2\/types\/page"}],"author":[{"embeddable":true,"href":"https:\/\/mercigracias.ch\/index.php?rest_route=\/wp\/v2\/users\/1"}],"replies":[{"embeddable":true,"href":"https:\/\/mercigracias.ch\/index.php?rest_route=%2Fwp%2Fv2%2Fcomments&post=1712"}],"version-history":[{"count":9,"href":"https:\/\/mercigracias.ch\/index.php?rest_route=\/wp\/v2\/pages\/1712\/revisions"}],"predecessor-version":[{"id":5634,"href":"https:\/\/mercigracias.ch\/index.php?rest_route=\/wp\/v2\/pages\/1712\/revisions\/5634"}],"wp:attachment":[{"href":"https:\/\/mercigracias.ch\/index.php?rest_route=%2Fwp%2Fv2%2Fmedia&parent=1712"}],"curies":[{"name":"wp","href":"https:\/\/api.w.org\/{rel}","templated":true}]}}

<p class="wp-block-paragraph">&lt;Enregistré le 24 Novembre 2021&gt;</p>



<p class="wp-block-paragraph">Je suis arrivée à Gstaad, le 13 décembre. </p>



<p class="wp-block-paragraph">Le jour où j&rsquo;ai commencé, c&rsquo;était juste pour la période de Noël au salon de coiffure&#8230; Alors à toute la famille, je leur avais dit :<br>&#8211; Au revoir et Joyeux Noël&#8230;!</p>



<p class="wp-block-paragraph">Voilà, c&rsquo;était au revoir&#8230; Tchao, Arrivederci&#8230; </p>



<p class="wp-block-paragraph">Et en arrivant à Gstaad, j&rsquo;avais l&rsquo;impression d&rsquo;être dans une carte postale, tellement c&rsquo;était beau. C&rsquo;était grandiose !<br>Ça me traversait&#8230; C&rsquo;était quelque chose, cette neige et tout le monde dehors avec ces petites bougies, ces calèches&#8230;</p>



<p class="wp-block-paragraph">&#8211; Ecoute&#8230; Ça n&rsquo;avait pas de nom ! <br>Ces calèches en traineaux&#8230; et quand tu voyais partir ces acteurs, tous ces gens qui s&rsquo;activaient, et tout ce monde&#8230; !?<br>Mais c&rsquo;était d&rsquo;une beauté, et encore il neigeait&#8230;</p>



<figure class="wp-block-image size-large"><img loading="lazy" decoding="async" width="1024" height="768" src="https://mercigracias.ch/wp-content/uploads/2026/02/160_6068-1024x768.jpg" alt="" class="wp-image-1747" srcset="https://mercigracias.ch/wp-content/uploads/2026/02/160_6068-1024x768.jpg 1024w, https://mercigracias.ch/wp-content/uploads/2026/02/160_6068-300x225.jpg 300w, https://mercigracias.ch/wp-content/uploads/2026/02/160_6068-768x576.jpg 768w, https://mercigracias.ch/wp-content/uploads/2026/02/160_6068-1536x1152.jpg 1536w, https://mercigracias.ch/wp-content/uploads/2026/02/160_6068-2048x1536.jpg 2048w" sizes="auto, (max-width: 1024px) 100vw, 1024px" /><figcaption class="wp-element-caption">En 2008, lors de notre visite&#8230;</figcaption></figure>



<p class="wp-block-paragraph">Ma chambre à Gstaad, elle avait une petite fenêtre en haut comme ça&#8230; C&rsquo;était une imposte et c&rsquo;était tout&#8230;</p>



<p class="wp-block-paragraph">Quand je suis arrivée là-dedans, mon bon ami m&rsquo;a dit : <br>&#8211; Mais ça ne peut pas aller&#8230;!<br>&#8211; Mais pourquoi pas ? Je lui ai répondu&#8230;</p>



<p class="wp-block-paragraph">&#8211; Mais t&rsquo;as vu ça ?<br>&#8211; Mais Non&#8230; pas de souci, ça va très bien&#8230;!<br>Regarde ce que j&rsquo;ai comme affaires&#8230; J&rsquo;ai une valise, et elle n&rsquo;est pas remplie à la moitié&#8230; Je ne peux pas dire que je n&rsquo;ai pas de place ! (rire)</p>



<p class="wp-block-paragraph">Oh, ce qu&rsquo;il était choqué quand je suis rentrée là-dedans !</p>



<p class="wp-block-paragraph">&#8211; <em>Toi, ça ne t&rsquo;avait pas choquée ?</em> <br>&#8211; Non, je ne venais pas ici pour être dans ma chambre, je venais ici pour travailler&#8230; Tu vois, toute la journée j&rsquo;étais dehors&#8230; J&rsquo;arrivais le soir, vers 7 heures, 7 heures 1/2&#8230; et je partais de bonne heure le matin&#8230;</p>



<p class="wp-block-paragraph">Moi, je voulais juste un endroit pour dormir, c&rsquo;était tout&#8230;!</p>



<p class="wp-block-paragraph">Ferdinand, il est tombé assis quand après deux saisons, il m&rsquo;a dit :<br>&#8211; Mais vous avez une télévision ? <br>&#8211; Non&#8230;</p>



<p class="wp-block-paragraph">&#8211; Vous n&rsquo;avez pas de télévision, qu&rsquo;il me dit ? <br>Je n&rsquo;y crois pas, mais vous faites quoi&#8230; ?</p>



<p class="wp-block-paragraph">&#8211; Mais vous savez le temps que je lise les journaux du salon de coiffure que je prends avec moi le soir et que je ramène le matin&#8230;</p>



<p class="wp-block-paragraph">Alors une fois qu&rsquo;il avait compris ça, il en achetait deux fois plus&#8230;<br>Il savait que je lisais le Elle, le Paris-Match, le Marie-Claire&#8230; tous les journaux qu&rsquo;il y avait. Je les prenais le soir et je lisais tous les journaux.</p>



<p class="wp-block-paragraph">Je me souviens une fois, que je m&rsquo;étais sentie vraiment dans l&rsquo;abandon&#8230; Une fois ! C&rsquo;était le soir de Noël 1980 quand mon bon ami n&rsquo;arrivait pas&#8230; Là aussi, c&rsquo;était un signe&#8230; Franchement !</p>



<p class="wp-block-paragraph">Il est arrivé à 11 heures le soir de Noël&#8230;!</p>



<p class="wp-block-paragraph">Il était passé 11 heures, puisque j&rsquo;étais déjà en train de m&rsquo;habiller pour aller à la messe de minuit&#8230;</p>



<p class="wp-block-paragraph">Et bien, j&rsquo;ai fait deux ans, deux ans où c&rsquo;était Noël tranquille&#8230; Non non, une année, parce que l&rsquo;année d&rsquo;après je l&rsquo;ai fait chez Ferdinand et sa femme&#8230;</p>



<p class="wp-block-paragraph">J&rsquo;en ai fait un avec eux, et c&rsquo;était un Noël très touchant, ils m&rsquo;avaient dit : <br>&#8211; Mais vous ne faites rien ? <br>Vous ne voudriez pas faire Noël avec nous ?<br>&#8211; Ben oui, ça sera avec grand plaisir&#8230; Alors j&rsquo;ai fait Noël avec eux&#8230;</p>



<p class="wp-block-paragraph">Ils étaient heureux, eux&#8230;!</p>



<p class="wp-block-paragraph">Et moi donc&#8230;</p>



<p class="wp-block-paragraph">Merci Gracias</p>

<p>&lt;Enregistré le 24 Novembre 2021&gt; Je suis arrivée à Gstaad, le 13 décembre. Le jour où j&rsquo;ai commencé, c&rsquo;était juste pour la période de Noël au salon de coiffure&#8230; Alors à toute la famille, je leur avais dit :&#8211; Au revoir et Joyeux Noël&#8230;! Voilà, c&rsquo;était au revoir&#8230; Tchao, Arrivederci&#8230; Et en arrivant à Gstaad, [&hellip;]</p>
