{"id":1728,"date":"2026-02-24T20:56:08","date_gmt":"2026-02-24T20:56:08","guid":{"rendered":"https:\/\/mercigracias.ch\/?page_id=1728"},"modified":"2026-07-12T17:40:08","modified_gmt":"2026-07-12T17:40:08","slug":"roger-moore","status":"publish","type":"page","link":"https:\/\/mercigracias.ch\/?page_id=1728","title":{"rendered":"Roger Moore&#8230;"},"content":{"rendered":"\n<p class=\"wp-block-paragraph\">&lt;Enregistr\u00e9 le 14 Septembre 2014&gt;<\/p>\n\n\n\n<p class=\"wp-block-paragraph\">Ferdinand n&rsquo;avait rien \u00e0 prouver&#8230; <\/p>\n\n\n\n<p class=\"wp-block-paragraph\">Ce n&rsquo;\u00e9tait pas comme Michelangelo, qui \u00e9tait surmont\u00e9 et la Patronne de Fribourg&#8230; Lui, il \u00e9tait tout simplement l\u00e0, par sa pr\u00e9sence, par ce qu&rsquo;il \u00e9tait&#8230; Enfin, tout le monde l&rsquo;aimait.<\/p>\n\n\n\n<p class=\"wp-block-paragraph\">Il \u00e9tait content, quand ses clientes lui tournaient autour, parce que c&rsquo;\u00e9tait au beau type&#8230; C&rsquo;\u00e9tait un bel homme Ferdinand, hein ?<br>Tu l&rsquo;avais vu, hein&#8230;!?<\/p>\n\n\n\n<p class=\"wp-block-paragraph\">Ben il disait :<br>&#8211; Je ne sais pas pourquoi elles me tournent toutes autour&#8230; Elles sont b\u00eates ces femmes&#8230; J&rsquo;ai une femme, je suis mari\u00e9, je suis content ! Pourquoi est ce que j&rsquo;en aurais une autre, pourquoi est ce que je tromperais ma femme ?<br>Elles sont malades&#8230; Elle y croit celle-l\u00e0, enfin voil\u00e0&#8230; Je lui fais ses cheveux, moi je m&rsquo;en fous, j&rsquo;ai mon salon de coiffure&#8230;<\/p>\n\n\n\n<p class=\"wp-block-paragraph\">Le premier jour o\u00f9 je suis arriv\u00e9e au salon de coiffure, le premier jour quand j&rsquo;ai commenc\u00e9 le premier client j&rsquo;\u00e9tais en train de travailler l\u00e0, en train de faire une coupe de cheveux et voil\u00e0 que Ferdinand vient vers moi, avec aussi une autre coiffeuse&#8230; Ils viennent vers moi et il me dit&#8230; :<br>&#8211; Regardez&#8230; Regardez en bas, par la fen\u00eatre&#8230; Il y a Roger Moore qui passe dans la rue&#8230;<\/p>\n\n\n\n<figure class=\"wp-block-image size-large is-resized\"><img loading=\"lazy\" decoding=\"async\" width=\"768\" height=\"1024\" src=\"https:\/\/mercigracias.ch\/wp-content\/uploads\/2026\/02\/LeSalonFenetre-768x1024.jpg\" alt=\"\" class=\"wp-image-1744\" style=\"aspect-ratio:0.6666666666666666;object-fit:cover;width:423px;height:auto\" srcset=\"https:\/\/mercigracias.ch\/wp-content\/uploads\/2026\/02\/LeSalonFenetre-768x1024.jpg 768w, https:\/\/mercigracias.ch\/wp-content\/uploads\/2026\/02\/LeSalonFenetre-225x300.jpg 225w, https:\/\/mercigracias.ch\/wp-content\/uploads\/2026\/02\/LeSalonFenetre-1152x1536.jpg 1152w, https:\/\/mercigracias.ch\/wp-content\/uploads\/2026\/02\/LeSalonFenetre-1536x2048.jpg 1536w, https:\/\/mercigracias.ch\/wp-content\/uploads\/2026\/02\/LeSalonFenetre.jpg 1704w\" sizes=\"auto, (max-width: 768px) 100vw, 768px\" \/><figcaption class=\"wp-element-caption\">Depuis le salon, en 2008&#8230;<\/figcaption><\/figure>\n\n\n\n<p class=\"wp-block-paragraph\">Je regarde comme \u00e7a et puis&#8230; Oui, mais t&rsquo;es bien gentil, mais ici&#8230;<br>Moi je travaille, hein !<\/p>\n\n\n\n<p class=\"wp-block-paragraph\">Arr\u00eate&#8230; Moi je m&rsquo;en fous de Roger Moore !<br>Rien \u00e0 foutre&#8230; Rien \u00e0 faire de ces acteurs, de tout \u00e7a&#8230; Absolument rien \u00e0 faire, \u00e7a me passait par dessus !<\/p>\n\n\n\n<p class=\"wp-block-paragraph\">Mais Ferdinand me dit&#8230; <br>&#8211; Vous ne voulez pas voir ?<br>Il est pass\u00e9 \u00e0 la boulangerie d&rsquo;\u00e0 c\u00f4t\u00e9, allez y vite, qu&rsquo;il me dit&#8230;<\/p>\n\n\n\n<p class=\"wp-block-paragraph\">&#8211; Oui oui&#8230; Mais je suis en train de faire une coupe de cheveux&#8230;<br>&#8211; Mais allez y&#8230; qu&rsquo;il me dit. Les cheveux, hein on s&rsquo;en fout&#8230;!(Rire)<\/p>\n\n\n\n<p class=\"wp-block-paragraph\">Alors j&rsquo;ai laiss\u00e9 la coiffure, le client, et je suis all\u00e9e voir \u00e0 c\u00f4t\u00e9&#8230;<br>Je suis arriv\u00e9e \u00e0 la boulangerie comme si de rien n&rsquo;\u00e9tait, comme \u00e7a, je regardais de loin, et je me suis dit :<br>&#8211; Bon ben voil\u00e0&#8230; c&rsquo;est Roger Moore&#8230;<br>C&rsquo;\u00e9tait un homme, hein&#8230; Qu&rsquo;est ce qu&rsquo;il a de si extraordinaire ? <br>Pourquoi est ce qu&rsquo;ils font un plat pour celui-l\u00e0 ?<\/p>\n\n\n\n<p class=\"wp-block-paragraph\">Bien s\u00fbr, il avait quelque chose, mais bon&#8230; C&rsquo;\u00e9tait en 80, je suis arriv\u00e9e chez Ferdinand quand j&rsquo;avais 22 ans&#8230;<\/p>\n\n\n\n<p class=\"wp-block-paragraph\">Alors apr\u00e8s, il m&rsquo;a racont\u00e9 que c&rsquo;\u00e9tait lui qui lui avait appris \u00e0 skier&#8230;<\/p>\n\n\n\n<p class=\"wp-block-paragraph\">Il me disait : <br>&#8211; Ah mais c&rsquo;est incroyable quand on voit les films, alors qu&rsquo;il n&rsquo;avait aucune id\u00e9e&#8230; Il fallait vraiment le pousser, et lui dire, allez vas y&#8230; (Rire)<\/p>\n\n\n\n<p class=\"wp-block-paragraph\">Et en 2008 quand nous sommes allez les revoir \u00e0 Gstaad&#8230; \u00e7a faisait presque 25 ans que je ne les avais pas revus, tellement ma vie avait \u00e9t\u00e9 compliqu\u00e9e par la suite&#8230; <br>Tu te souviens, il nous montrait ses photos de tous ses amis, dans le couloir de son chalet&#8230;!? <br>Et la photo de lui accompagn\u00e9 de son ami Roger Moore&#8230; ?<\/p>\n\n\n\n<figure class=\"wp-block-gallery has-nested-images columns-default is-cropped wp-block-gallery-1 is-layout-flex wp-block-gallery-is-layout-flex\">\n<figure class=\"wp-block-image size-large\"><img loading=\"lazy\" decoding=\"async\" width=\"768\" height=\"1024\" data-id=\"1734\" src=\"https:\/\/mercigracias.ch\/wp-content\/uploads\/2026\/02\/RogerMoore-768x1024.jpg\" alt=\"\" class=\"wp-image-1734\" srcset=\"https:\/\/mercigracias.ch\/wp-content\/uploads\/2026\/02\/RogerMoore-768x1024.jpg 768w, https:\/\/mercigracias.ch\/wp-content\/uploads\/2026\/02\/RogerMoore-225x300.jpg 225w, https:\/\/mercigracias.ch\/wp-content\/uploads\/2026\/02\/RogerMoore-1152x1536.jpg 1152w, https:\/\/mercigracias.ch\/wp-content\/uploads\/2026\/02\/RogerMoore-1536x2048.jpg 1536w, https:\/\/mercigracias.ch\/wp-content\/uploads\/2026\/02\/RogerMoore.jpg 1704w\" sizes=\"auto, (max-width: 768px) 100vw, 768px\" \/><figcaption class=\"wp-element-caption\">L\u00e0, Roger Moore&#8230;<\/figcaption><\/figure>\n\n\n\n<figure class=\"wp-block-image size-large\"><img loading=\"lazy\" decoding=\"async\" width=\"768\" height=\"1024\" data-id=\"1733\" src=\"https:\/\/mercigracias.ch\/wp-content\/uploads\/2026\/02\/RogerMooreLa-768x1024.jpg\" alt=\"\" class=\"wp-image-1733\" srcset=\"https:\/\/mercigracias.ch\/wp-content\/uploads\/2026\/02\/RogerMooreLa-768x1024.jpg 768w, https:\/\/mercigracias.ch\/wp-content\/uploads\/2026\/02\/RogerMooreLa-225x300.jpg 225w, https:\/\/mercigracias.ch\/wp-content\/uploads\/2026\/02\/RogerMooreLa-1152x1536.jpg 1152w, https:\/\/mercigracias.ch\/wp-content\/uploads\/2026\/02\/RogerMooreLa-1536x2048.jpg 1536w, https:\/\/mercigracias.ch\/wp-content\/uploads\/2026\/02\/RogerMooreLa.jpg 1704w\" sizes=\"auto, (max-width: 768px) 100vw, 768px\" \/><figcaption class=\"wp-element-caption\">Et l\u00e0 on fait du ski, ensemble !<\/figcaption><\/figure>\n<\/figure>\n\n\n\n<p class=\"wp-block-paragraph\">Lui non plus n&rsquo;avait pas revu son ami depuis longtemps&#8230; <br>Le temps passe si vite&#8230; Mais, si nos chemins se croisent, les amiti\u00e9s restent toujours, dans nos c\u0153urs !<\/p>\n\n\n\n<p class=\"wp-block-paragraph\">ll y avait aussi un enfant qui venait au salon de coiffure, il \u00e9tait dans un pensionnat&#8230; Je crois bien que le pensionnat s&rsquo;appelait le Rosaire&#8230; Il \u00e9tait \u00e0 Rolle en \u00e9t\u00e9, et puis l&rsquo;hiver, il \u00e9tait \u00e0 Gstaad.<\/p>\n\n\n\n<p class=\"wp-block-paragraph\">Ils \u00e9taient juste en dessus du salon de coiffure&#8230; <br>Le matin, ils allaient chercher des boules de Berlin pour d\u00e9jeuner et celui-l\u00e0 venait souvent au salon de coiffure&#8230; C&rsquo;\u00e9tait tous des enfants d&rsquo;acteurs, ou de princesses, enfin de tout ce monde l\u00e0&#8230; <br>Quand celui-l\u00e0 venait au salon de coiffure, il venait pour avoir un petit peu d&rsquo;attention&#8230; et peut-\u00eatre aussi un contact f\u00e9minin.<\/p>\n\n\n\n<p class=\"wp-block-paragraph\">\u00c7a m&rsquo;avait beaucoup marqu\u00e9, de voir tous ces enfants qui venaient, tu sentais leur d\u00e9sarroi, que ce n&rsquo;\u00e9tait pas simple pour eux&#8230;<\/p>\n\n\n\n<p class=\"wp-block-paragraph\">Je me souviens qu&rsquo;il y en avait un, qui \u00e9tait venu une fois pour se faire couper les cheveux, et je lui avais dit :<br>&#8211; Mais tu n as pas besoin de te faire couper les cheveux&#8230;<br>Et il avait r\u00e9pondu :<br>&#8211; Non, mais \u00e7a ne fait rien, coupez les un petit peu plus&#8230;<\/p>\n\n\n\n<p class=\"wp-block-paragraph\">Je me suis rendue compte que c&rsquo;\u00e9tait un enfant qui demandait juste un peu d&rsquo;attention. Il venait me raconter qu&rsquo;il aurait pr\u00e9f\u00e9r\u00e9 que son p\u00e8re ait un petit peu moins de voitures, un petit peu moins de maisons, mais qu&rsquo;il prenne un petit peu plus de temps, pour le regarder, et \u00eatre avec lui&#8230; <\/p>\n\n\n\n<p class=\"wp-block-paragraph\">Donc celui-l\u00e0, tu avais compris pourquoi il venait passer du temps \u00e0 se faire couper les cheveux m\u00eame si ce n&rsquo;\u00e9tait pas n\u00e9cessaire&#8230;<\/p>\n\n\n\n<p class=\"wp-block-paragraph\">Alors tu vas juste le laisser parler&#8230; Il \u00e9tait jeune, il avait peut-\u00eatre 14 \u2013 15 ans par l\u00e0 autour&#8230;<\/p>\n\n\n\n<p class=\"wp-block-paragraph\">Ce qui m&rsquo;avait aussi touch\u00e9, c&rsquo;est quand il y avait eu l&rsquo;autre l\u00e0&#8230; <br>l&rsquo;acteur, qui \u00e9tait venu&#8230; ah, Yves Montant&#8230;!<br>Et que j&rsquo;avais \u00e9t\u00e9 avec tous les acteurs qui jouaient dans le film et Yves Montant \u00e0 la discoth\u00e8que&#8230; !<\/p>\n\n\n\n<p class=\"wp-block-paragraph\">Mais de voir un enfant du Rosaire, le soir \u00e0 la discoth\u00e8que, sortir des billets de 1000 Francs pour payer des boissons ou des trucs comme \u00e7a&#8230; Parce qu&rsquo;en fin de compte, s&rsquo;ils \u00e9taient pourris de frics, ces gamins et qu&rsquo;ils pouvaient sortir, aller boire un verre&#8230; mais ils s&rsquo;ennuyaient terriblement !<\/p>\n\n\n\n<p class=\"wp-block-paragraph\">Ben oui, ils s&rsquo;ennuyaient de leurs parents, de leur famille&#8230; Ils ne trouvaient pas de sens \u00e0 leur vie&#8230; De voir \u00e7a, \u00e7a m&rsquo;avait beaucoup choqu\u00e9e et tellement attrist\u00e9e&#8230;<\/p>\n\n\n\n<p class=\"wp-block-paragraph\">Je me suis dit :<br>&#8211; Oui oui, ils ont tout \u00e7a, mais \u00e7a ne leur sert \u00e0 rien du tout, c&rsquo;est du pipo ! Ils comblaient un vide, le vide de leur parent&#8230; C&rsquo;\u00e9tait leur vie, leur monde qui les emportait !<\/p>\n\n\n\n<p class=\"wp-block-paragraph\">Je comprenais tellement&#8230; je connaissais aussi les orphelinats, et ce que cela voulait dire&#8230;<\/p>\n\n\n\n<p class=\"wp-block-paragraph\">Merci Gracias<\/p>\n","protected":false},"excerpt":{"rendered":"<p>&lt;Enregistr\u00e9 le 14 Septembre 2014&gt; Ferdinand n&rsquo;avait rien \u00e0 prouver&#8230; Ce n&rsquo;\u00e9tait pas comme Michelangelo, qui \u00e9tait surmont\u00e9 et la Patronne de Fribourg&#8230; Lui, il \u00e9tait tout simplement l\u00e0, par sa pr\u00e9sence, par ce qu&rsquo;il \u00e9tait&#8230; Enfin, tout le monde l&rsquo;aimait. Il \u00e9tait content, quand ses clientes lui tournaient autour, parce que c&rsquo;\u00e9tait au beau [&hellip;]<\/p>\n","protected":false},"author":1,"featured_media":0,"parent":0,"menu_order":0,"comment_status":"open","ping_status":"closed","template":"pages-chapitre-07","meta":{"footnotes":""},"class_list":["post-1728","page","type-page","status-publish","hentry"],"jetpack_sharing_enabled":true,"_links":{"self":[{"href":"https:\/\/mercigracias.ch\/index.php?rest_route=\/wp\/v2\/pages\/1728","targetHints":{"allow":["GET"]}}],"collection":[{"href":"https:\/\/mercigracias.ch\/index.php?rest_route=\/wp\/v2\/pages"}],"about":[{"href":"https:\/\/mercigracias.ch\/index.php?rest_route=\/wp\/v2\/types\/page"}],"author":[{"embeddable":true,"href":"https:\/\/mercigracias.ch\/index.php?rest_route=\/wp\/v2\/users\/1"}],"replies":[{"embeddable":true,"href":"https:\/\/mercigracias.ch\/index.php?rest_route=%2Fwp%2Fv2%2Fcomments&post=1728"}],"version-history":[{"count":17,"href":"https:\/\/mercigracias.ch\/index.php?rest_route=\/wp\/v2\/pages\/1728\/revisions"}],"predecessor-version":[{"id":5577,"href":"https:\/\/mercigracias.ch\/index.php?rest_route=\/wp\/v2\/pages\/1728\/revisions\/5577"}],"wp:attachment":[{"href":"https:\/\/mercigracias.ch\/index.php?rest_route=%2Fwp%2Fv2%2Fmedia&parent=1728"}],"curies":[{"name":"wp","href":"https:\/\/api.w.org\/{rel}","templated":true}]}}

<p class="wp-block-paragraph">&lt;Enregistré le 14 Septembre 2014&gt;</p>



<p class="wp-block-paragraph">Ferdinand n&rsquo;avait rien à prouver&#8230; </p>



<p class="wp-block-paragraph">Ce n&rsquo;était pas comme Michelangelo, qui était surmonté et la Patronne de Fribourg&#8230; Lui, il était tout simplement là, par sa présence, par ce qu&rsquo;il était&#8230; Enfin, tout le monde l&rsquo;aimait.</p>



<p class="wp-block-paragraph">Il était content, quand ses clientes lui tournaient autour, parce que c&rsquo;était au beau type&#8230; C&rsquo;était un bel homme Ferdinand, hein ?<br>Tu l&rsquo;avais vu, hein&#8230;!?</p>



<p class="wp-block-paragraph">Ben il disait :<br>&#8211; Je ne sais pas pourquoi elles me tournent toutes autour&#8230; Elles sont bêtes ces femmes&#8230; J&rsquo;ai une femme, je suis marié, je suis content ! Pourquoi est ce que j&rsquo;en aurais une autre, pourquoi est ce que je tromperais ma femme ?<br>Elles sont malades&#8230; Elle y croit celle-là, enfin voilà&#8230; Je lui fais ses cheveux, moi je m&rsquo;en fous, j&rsquo;ai mon salon de coiffure&#8230;</p>



<p class="wp-block-paragraph">Le premier jour où je suis arrivée au salon de coiffure, le premier jour quand j&rsquo;ai commencé le premier client j&rsquo;étais en train de travailler là, en train de faire une coupe de cheveux et voilà que Ferdinand vient vers moi, avec aussi une autre coiffeuse&#8230; Ils viennent vers moi et il me dit&#8230; :<br>&#8211; Regardez&#8230; Regardez en bas, par la fenêtre&#8230; Il y a Roger Moore qui passe dans la rue&#8230;</p>



<figure class="wp-block-image size-large is-resized"><img loading="lazy" decoding="async" width="768" height="1024" src="https://mercigracias.ch/wp-content/uploads/2026/02/LeSalonFenetre-768x1024.jpg" alt="" class="wp-image-1744" style="aspect-ratio:0.6666666666666666;object-fit:cover;width:423px;height:auto" srcset="https://mercigracias.ch/wp-content/uploads/2026/02/LeSalonFenetre-768x1024.jpg 768w, https://mercigracias.ch/wp-content/uploads/2026/02/LeSalonFenetre-225x300.jpg 225w, https://mercigracias.ch/wp-content/uploads/2026/02/LeSalonFenetre-1152x1536.jpg 1152w, https://mercigracias.ch/wp-content/uploads/2026/02/LeSalonFenetre-1536x2048.jpg 1536w, https://mercigracias.ch/wp-content/uploads/2026/02/LeSalonFenetre.jpg 1704w" sizes="auto, (max-width: 768px) 100vw, 768px" /><figcaption class="wp-element-caption">Depuis le salon, en 2008&#8230;</figcaption></figure>



<p class="wp-block-paragraph">Je regarde comme ça et puis&#8230; Oui, mais t&rsquo;es bien gentil, mais ici&#8230;<br>Moi je travaille, hein !</p>



<p class="wp-block-paragraph">Arrête&#8230; Moi je m&rsquo;en fous de Roger Moore !<br>Rien à foutre&#8230; Rien à faire de ces acteurs, de tout ça&#8230; Absolument rien à faire, ça me passait par dessus !</p>



<p class="wp-block-paragraph">Mais Ferdinand me dit&#8230; <br>&#8211; Vous ne voulez pas voir ?<br>Il est passé à la boulangerie d&rsquo;à côté, allez y vite, qu&rsquo;il me dit&#8230;</p>



<p class="wp-block-paragraph">&#8211; Oui oui&#8230; Mais je suis en train de faire une coupe de cheveux&#8230;<br>&#8211; Mais allez y&#8230; qu&rsquo;il me dit. Les cheveux, hein on s&rsquo;en fout&#8230;!(Rire)</p>



<p class="wp-block-paragraph">Alors j&rsquo;ai laissé la coiffure, le client, et je suis allée voir à côté&#8230;<br>Je suis arrivée à la boulangerie comme si de rien n&rsquo;était, comme ça, je regardais de loin, et je me suis dit :<br>&#8211; Bon ben voilà&#8230; c&rsquo;est Roger Moore&#8230;<br>C&rsquo;était un homme, hein&#8230; Qu&rsquo;est ce qu&rsquo;il a de si extraordinaire ? <br>Pourquoi est ce qu&rsquo;ils font un plat pour celui-là ?</p>



<p class="wp-block-paragraph">Bien sûr, il avait quelque chose, mais bon&#8230; C&rsquo;était en 80, je suis arrivée chez Ferdinand quand j&rsquo;avais 22 ans&#8230;</p>



<p class="wp-block-paragraph">Alors après, il m&rsquo;a raconté que c&rsquo;était lui qui lui avait appris à skier&#8230;</p>



<p class="wp-block-paragraph">Il me disait : <br>&#8211; Ah mais c&rsquo;est incroyable quand on voit les films, alors qu&rsquo;il n&rsquo;avait aucune idée&#8230; Il fallait vraiment le pousser, et lui dire, allez vas y&#8230; (Rire)</p>



<p class="wp-block-paragraph">Et en 2008 quand nous sommes allez les revoir à Gstaad&#8230; ça faisait presque 25 ans que je ne les avais pas revus, tellement ma vie avait été compliquée par la suite&#8230; <br>Tu te souviens, il nous montrait ses photos de tous ses amis, dans le couloir de son chalet&#8230;!? <br>Et la photo de lui accompagné de son ami Roger Moore&#8230; ?</p>



<figure class="wp-block-gallery has-nested-images columns-default is-cropped wp-block-gallery-1 is-layout-flex wp-block-gallery-is-layout-flex">
<figure class="wp-block-image size-large"><img loading="lazy" decoding="async" width="768" height="1024" data-id="1734" src="https://mercigracias.ch/wp-content/uploads/2026/02/RogerMoore-768x1024.jpg" alt="" class="wp-image-1734" srcset="https://mercigracias.ch/wp-content/uploads/2026/02/RogerMoore-768x1024.jpg 768w, https://mercigracias.ch/wp-content/uploads/2026/02/RogerMoore-225x300.jpg 225w, https://mercigracias.ch/wp-content/uploads/2026/02/RogerMoore-1152x1536.jpg 1152w, https://mercigracias.ch/wp-content/uploads/2026/02/RogerMoore-1536x2048.jpg 1536w, https://mercigracias.ch/wp-content/uploads/2026/02/RogerMoore.jpg 1704w" sizes="auto, (max-width: 768px) 100vw, 768px" /><figcaption class="wp-element-caption">Là, Roger Moore&#8230;</figcaption></figure>



<figure class="wp-block-image size-large"><img loading="lazy" decoding="async" width="768" height="1024" data-id="1733" src="https://mercigracias.ch/wp-content/uploads/2026/02/RogerMooreLa-768x1024.jpg" alt="" class="wp-image-1733" srcset="https://mercigracias.ch/wp-content/uploads/2026/02/RogerMooreLa-768x1024.jpg 768w, https://mercigracias.ch/wp-content/uploads/2026/02/RogerMooreLa-225x300.jpg 225w, https://mercigracias.ch/wp-content/uploads/2026/02/RogerMooreLa-1152x1536.jpg 1152w, https://mercigracias.ch/wp-content/uploads/2026/02/RogerMooreLa-1536x2048.jpg 1536w, https://mercigracias.ch/wp-content/uploads/2026/02/RogerMooreLa.jpg 1704w" sizes="auto, (max-width: 768px) 100vw, 768px" /><figcaption class="wp-element-caption">Et là on fait du ski, ensemble !</figcaption></figure>
</figure>



<p class="wp-block-paragraph">Lui non plus n&rsquo;avait pas revu son ami depuis longtemps&#8230; <br>Le temps passe si vite&#8230; Mais, si nos chemins se croisent, les amitiés restent toujours, dans nos cœurs !</p>



<p class="wp-block-paragraph">ll y avait aussi un enfant qui venait au salon de coiffure, il était dans un pensionnat&#8230; Je crois bien que le pensionnat s&rsquo;appelait le Rosaire&#8230; Il était à Rolle en été, et puis l&rsquo;hiver, il était à Gstaad.</p>



<p class="wp-block-paragraph">Ils étaient juste en dessus du salon de coiffure&#8230; <br>Le matin, ils allaient chercher des boules de Berlin pour déjeuner et celui-là venait souvent au salon de coiffure&#8230; C&rsquo;était tous des enfants d&rsquo;acteurs, ou de princesses, enfin de tout ce monde là&#8230; <br>Quand celui-là venait au salon de coiffure, il venait pour avoir un petit peu d&rsquo;attention&#8230; et peut-être aussi un contact féminin.</p>



<p class="wp-block-paragraph">Ça m&rsquo;avait beaucoup marqué, de voir tous ces enfants qui venaient, tu sentais leur désarroi, que ce n&rsquo;était pas simple pour eux&#8230;</p>



<p class="wp-block-paragraph">Je me souviens qu&rsquo;il y en avait un, qui était venu une fois pour se faire couper les cheveux, et je lui avais dit :<br>&#8211; Mais tu n as pas besoin de te faire couper les cheveux&#8230;<br>Et il avait répondu :<br>&#8211; Non, mais ça ne fait rien, coupez les un petit peu plus&#8230;</p>



<p class="wp-block-paragraph">Je me suis rendue compte que c&rsquo;était un enfant qui demandait juste un peu d&rsquo;attention. Il venait me raconter qu&rsquo;il aurait préféré que son père ait un petit peu moins de voitures, un petit peu moins de maisons, mais qu&rsquo;il prenne un petit peu plus de temps, pour le regarder, et être avec lui&#8230; </p>



<p class="wp-block-paragraph">Donc celui-là, tu avais compris pourquoi il venait passer du temps à se faire couper les cheveux même si ce n&rsquo;était pas nécessaire&#8230;</p>



<p class="wp-block-paragraph">Alors tu vas juste le laisser parler&#8230; Il était jeune, il avait peut-être 14 – 15 ans par là autour&#8230;</p>



<p class="wp-block-paragraph">Ce qui m&rsquo;avait aussi touché, c&rsquo;est quand il y avait eu l&rsquo;autre là&#8230; <br>l&rsquo;acteur, qui était venu&#8230; ah, Yves Montant&#8230;!<br>Et que j&rsquo;avais été avec tous les acteurs qui jouaient dans le film et Yves Montant à la discothèque&#8230; !</p>



<p class="wp-block-paragraph">Mais de voir un enfant du Rosaire, le soir à la discothèque, sortir des billets de 1000 Francs pour payer des boissons ou des trucs comme ça&#8230; Parce qu&rsquo;en fin de compte, s&rsquo;ils étaient pourris de frics, ces gamins et qu&rsquo;ils pouvaient sortir, aller boire un verre&#8230; mais ils s&rsquo;ennuyaient terriblement !</p>



<p class="wp-block-paragraph">Ben oui, ils s&rsquo;ennuyaient de leurs parents, de leur famille&#8230; Ils ne trouvaient pas de sens à leur vie&#8230; De voir ça, ça m&rsquo;avait beaucoup choquée et tellement attristée&#8230;</p>



<p class="wp-block-paragraph">Je me suis dit :<br>&#8211; Oui oui, ils ont tout ça, mais ça ne leur sert à rien du tout, c&rsquo;est du pipo ! Ils comblaient un vide, le vide de leur parent&#8230; C&rsquo;était leur vie, leur monde qui les emportait !</p>



<p class="wp-block-paragraph">Je comprenais tellement&#8230; je connaissais aussi les orphelinats, et ce que cela voulait dire&#8230;</p>



<p class="wp-block-paragraph">Merci Gracias</p>

<p>&lt;Enregistré le 14 Septembre 2014&gt; Ferdinand n&rsquo;avait rien à prouver&#8230; Ce n&rsquo;était pas comme Michelangelo, qui était surmonté et la Patronne de Fribourg&#8230; Lui, il était tout simplement là, par sa présence, par ce qu&rsquo;il était&#8230; Enfin, tout le monde l&rsquo;aimait. Il était content, quand ses clientes lui tournaient autour, parce que c&rsquo;était au beau [&hellip;]</p>
