{"id":1754,"date":"2026-02-24T21:44:23","date_gmt":"2026-02-24T21:44:23","guid":{"rendered":"https:\/\/mercigracias.ch\/?page_id=1754"},"modified":"2026-06-26T08:03:46","modified_gmt":"2026-06-26T08:03:46","slug":"cafe-sucre-ou-cafe-sale","status":"publish","type":"page","link":"https:\/\/mercigracias.ch\/?page_id=1754","title":{"rendered":"Caf\u00e9 sucr\u00e9 ou Caf\u00e9 sal\u00e9&#8230;"},"content":{"rendered":"\n<p class=\"wp-block-paragraph\">&lt;Enregistr\u00e9 le 30 D\u00e9cembre 2015, et 12 Novembre 2016&gt;<\/p>\n\n\n\n<p class=\"wp-block-paragraph\">Le midi, on allait boire notre caf\u00e9 \u00e0 la patinoire en terrasse, au soleil. C&rsquo;\u00e9tait tout blanc&#8230; Tout \u00e9tait blanc de neige et on \u00e9tait juste l\u00e0&#8230; <\/p>\n\n\n\n<p class=\"wp-block-paragraph\">\u00c7a d\u00e9pendait&#8230; Ce n&rsquo;\u00e9tait pas tous les jours pareils. Mais je me souviens de ce beau tapis blanc tout autour&#8230; et les tables dans tous les sens. Il y avait juste une place, o\u00f9 on se frayait un passage dans la neige pour aller l\u00e0-bas&#8230; et on buvait notre caf\u00e9. Il y avait la patinoire, la piscine, et nous, on \u00e9tait sur la terrasse&#8230;<\/p>\n\n\n\n<p class=\"wp-block-paragraph\">Il y avait les montagnes juste en face, qu&rsquo;est ce que c&rsquo;\u00e9tait reposant&#8230; Ce calme, cette tranquillit\u00e9, c&rsquo;\u00e9tait magnifique.<\/p>\n\n\n\n<p class=\"wp-block-paragraph\">On \u00e9tait au soleil comme \u00e7a et il n&rsquo;y avait m\u00eame pas besoin de couvertures, hein&#8230; Tu vois quand c&rsquo;est sec, tu n&rsquo;as pas besoin de couvertures, tu n&rsquo;as pas ce sentiment de froid.<\/p>\n\n\n\n<p class=\"wp-block-paragraph\">A la patinoire, \u00e7a nous changeait du caf\u00e9 de Ils\u00e9, la femme du patron&#8230; Le caf\u00e9 qu&rsquo;elle servait pour tout le monde, c&rsquo;\u00e9tait du caf\u00e9 sal\u00e9 !<\/p>\n\n\n\n<p class=\"wp-block-paragraph\">Au salon, c&rsquo;\u00e9tait tous les jours du caf\u00e9 sal\u00e9&#8230;!<br> &#8211; Ah&#8230; il fallait le tenir, hein !<\/p>\n\n\n\n<p class=\"wp-block-paragraph\">Au d\u00e9but j&rsquo;ai dit :<br>&#8211; Mais c&rsquo;est quoi ce caf\u00e9&#8230;?<\/p>\n\n\n\n<p class=\"wp-block-paragraph\">Et Ferdinand m&rsquo;a dit :<br>&#8211; Ouais&#8230; C&rsquo;est comme \u00e7a, Ils\u00e9, elle sale le caf\u00e9&#8230;(Rire)<\/p>\n\n\n\n<p class=\"wp-block-paragraph\">Quand je l&rsquo;ai racont\u00e9 \u00e0 Maman&#8230; :<br>&#8211; Tu sais en suisse allemande, ils font du caf\u00e9 sal\u00e9&#8230;(Rire)<\/p>\n\n\n\n<p class=\"wp-block-paragraph\">Elle me dit :<br>&#8211; Mais non, c&rsquo;est parce qu&rsquo;elle picole !<\/p>\n\n\n\n<p class=\"wp-block-paragraph\">Je ne sais plus ce qu&rsquo;elle m&rsquo;a dit que \u00e7a faisait&#8230;je crois que \u00e7a d\u00e9saoule&#8230; et bien on y avait le droit tous les jours !<\/p>\n\n\n\n<p class=\"wp-block-paragraph\">&#8211; Moi, j&rsquo;avais l&rsquo;habitude, je la buvais ma tasse. Elle me servait et voil\u00e0&#8230; Ce n&rsquo;\u00e9tait pas trop bon, mais ma foi&#8230;<\/p>\n","protected":false},"excerpt":{"rendered":"<p>&lt;Enregistr\u00e9 le 30 D\u00e9cembre 2015, et 12 Novembre 2016&gt; Le midi, on allait boire notre caf\u00e9 \u00e0 la patinoire en terrasse, au soleil. C&rsquo;\u00e9tait tout blanc&#8230; Tout \u00e9tait blanc de neige et on \u00e9tait juste l\u00e0&#8230; \u00c7a d\u00e9pendait&#8230; Ce n&rsquo;\u00e9tait pas tous les jours pareils. Mais je me souviens de ce beau tapis blanc tout [&hellip;]<\/p>\n","protected":false},"author":1,"featured_media":0,"parent":0,"menu_order":0,"comment_status":"open","ping_status":"closed","template":"pages-chapitre-07","meta":{"footnotes":""},"class_list":["post-1754","page","type-page","status-publish","hentry"],"jetpack_sharing_enabled":true,"_links":{"self":[{"href":"https:\/\/mercigracias.ch\/index.php?rest_route=\/wp\/v2\/pages\/1754","targetHints":{"allow":["GET"]}}],"collection":[{"href":"https:\/\/mercigracias.ch\/index.php?rest_route=\/wp\/v2\/pages"}],"about":[{"href":"https:\/\/mercigracias.ch\/index.php?rest_route=\/wp\/v2\/types\/page"}],"author":[{"embeddable":true,"href":"https:\/\/mercigracias.ch\/index.php?rest_route=\/wp\/v2\/users\/1"}],"replies":[{"embeddable":true,"href":"https:\/\/mercigracias.ch\/index.php?rest_route=%2Fwp%2Fv2%2Fcomments&post=1754"}],"version-history":[{"count":6,"href":"https:\/\/mercigracias.ch\/index.php?rest_route=\/wp\/v2\/pages\/1754\/revisions"}],"predecessor-version":[{"id":4891,"href":"https:\/\/mercigracias.ch\/index.php?rest_route=\/wp\/v2\/pages\/1754\/revisions\/4891"}],"wp:attachment":[{"href":"https:\/\/mercigracias.ch\/index.php?rest_route=%2Fwp%2Fv2%2Fmedia&parent=1754"}],"curies":[{"name":"wp","href":"https:\/\/api.w.org\/{rel}","templated":true}]}}

Café sucré ou Café salé&#8230;

<p class="wp-block-paragraph">&lt;Enregistré le 30 Décembre 2015, et 12 Novembre 2016&gt;</p>



<p class="wp-block-paragraph">Le midi, on allait boire notre café à la patinoire en terrasse, au soleil. C&rsquo;était tout blanc&#8230; Tout était blanc de neige et on était juste là&#8230; </p>



<p class="wp-block-paragraph">Ça dépendait&#8230; Ce n&rsquo;était pas tous les jours pareils. Mais je me souviens de ce beau tapis blanc tout autour&#8230; et les tables dans tous les sens. Il y avait juste une place, où on se frayait un passage dans la neige pour aller là-bas&#8230; et on buvait notre café. Il y avait la patinoire, la piscine, et nous, on était sur la terrasse&#8230;</p>



<p class="wp-block-paragraph">Il y avait les montagnes juste en face, qu&rsquo;est ce que c&rsquo;était reposant&#8230; Ce calme, cette tranquillité, c&rsquo;était magnifique.</p>



<p class="wp-block-paragraph">On était au soleil comme ça et il n&rsquo;y avait même pas besoin de couvertures, hein&#8230; Tu vois quand c&rsquo;est sec, tu n&rsquo;as pas besoin de couvertures, tu n&rsquo;as pas ce sentiment de froid.</p>



<p class="wp-block-paragraph">A la patinoire, ça nous changeait du café de Ilsé, la femme du patron&#8230; Le café qu&rsquo;elle servait pour tout le monde, c&rsquo;était du café salé !</p>



<p class="wp-block-paragraph">Au salon, c&rsquo;était tous les jours du café salé&#8230;!<br> &#8211; Ah&#8230; il fallait le tenir, hein !</p>



<p class="wp-block-paragraph">Au début j&rsquo;ai dit :<br>&#8211; Mais c&rsquo;est quoi ce café&#8230;?</p>



<p class="wp-block-paragraph">Et Ferdinand m&rsquo;a dit :<br>&#8211; Ouais&#8230; C&rsquo;est comme ça, Ilsé, elle sale le café&#8230;(Rire)</p>



<p class="wp-block-paragraph">Quand je l&rsquo;ai raconté à Maman&#8230; :<br>&#8211; Tu sais en suisse allemande, ils font du café salé&#8230;(Rire)</p>



<p class="wp-block-paragraph">Elle me dit :<br>&#8211; Mais non, c&rsquo;est parce qu&rsquo;elle picole !</p>



<p class="wp-block-paragraph">Je ne sais plus ce qu&rsquo;elle m&rsquo;a dit que ça faisait&#8230;je crois que ça désaoule&#8230; et bien on y avait le droit tous les jours !</p>



<p class="wp-block-paragraph">&#8211; Moi, j&rsquo;avais l&rsquo;habitude, je la buvais ma tasse. Elle me servait et voilà&#8230; Ce n&rsquo;était pas trop bon, mais ma foi&#8230;</p>

<p>&lt;Enregistré le 30 Décembre 2015, et 12 Novembre 2016&gt; Le midi, on allait boire notre café à la patinoire en terrasse, au soleil. C&rsquo;était tout blanc&#8230; Tout était blanc de neige et on était juste là&#8230; Ça dépendait&#8230; Ce n&rsquo;était pas tous les jours pareils. Mais je me souviens de ce beau tapis blanc tout [&hellip;]</p>
