{"id":1759,"date":"2026-02-24T22:15:05","date_gmt":"2026-02-24T22:15:05","guid":{"rendered":"https:\/\/mercigracias.ch\/?page_id=1759"},"modified":"2026-06-26T08:15:13","modified_gmt":"2026-06-26T08:15:13","slug":"les-copains","status":"publish","type":"page","link":"https:\/\/mercigracias.ch\/?page_id=1759","title":{"rendered":"Les copains&#8230;"},"content":{"rendered":"\n<p class=\"wp-block-paragraph\">&lt;Enregistr\u00e9 le 30 D\u00e9cembre 2015&gt;<\/p>\n\n\n\n<p class=\"wp-block-paragraph\"> On \u00e9tait plusieurs filles, mais les seules qu&rsquo;il avait invit\u00e9es c&rsquo;\u00e9tait Monique et moi&#8230;<\/p>\n\n\n\n<p class=\"wp-block-paragraph\">C&rsquo;\u00e9tait un coiffeur qui finissait la saison&#8230; et l\u00e0, je me suis dit :<br>&#8211; Oh mais l\u00e0, \u00e7a s&rsquo;annonce bien&#8230;<\/p>\n\n\n\n<p class=\"wp-block-paragraph\">Elle m&rsquo;annonce qu&rsquo;elle sort&#8230; Mais c&rsquo;est dr\u00f4le, parce que je ne voyais jamais les coups tordus&#8230; Pour moi, c&rsquo;\u00e9tait un repas, voil\u00e0&#8230; <br>T&rsquo;es jeune, tu discutes, puis \u00e7a s&rsquo;arr\u00eate l\u00e0&#8230;<\/p>\n\n\n\n<p class=\"wp-block-paragraph\">Quand on se donnait rendez-vous pour prendre un verre au bar en d\u00e9but de saison, tu ne savais jamais qui c&rsquo;est qui venait&#8230; <br>Parce que bien souvent on \u00e9tait quatre mais de fois on \u00e9tait jusque douze&#8230; C&rsquo;\u00e9tait joli de se retrouver comme \u00e7a. <br>Mais tu ne savais jamais qui c&rsquo;est qui allait venir&#8230; \u00c7a permettait de d\u00e9barquer n&rsquo;importe quand et tu retrouvais ton groupe&#8230;<\/p>\n\n\n\n<p class=\"wp-block-paragraph\">\u00c7a, c&rsquo;\u00e9tait bien ! Quand tu as 20 ans que tu sors de ton boulot et que tu as envie de d\u00e9compresser, de voir un petit peu du monde&#8230;<\/p>\n\n\n\n<p class=\"wp-block-paragraph\">Alors moi, je buvais toujours mon OVO chaude. A l&rsquo;\u00e9poque c&rsquo;\u00e9tait mon truc&#8230;<\/p>\n\n\n\n<p class=\"wp-block-paragraph\">Tu savais que si tu allais l\u00e0, que tu ne serais pas seule. Tu y allais n&rsquo;importe quand, tu n&rsquo;\u00e9tais jamais seule&#8230; Il y en avait toujours un ou deux qui trainaient&#8230; Alors c&rsquo;\u00e9tait \u00e7a, ce que j&rsquo;ai le plus appr\u00e9ci\u00e9 dans les saisons, ce partage, ces rencontres !<\/p>\n\n\n\n<p class=\"wp-block-paragraph\">C&rsquo;est ce que j&rsquo;avais appr\u00e9ci\u00e9e le plus, et la complicit\u00e9 avec ma copine Rose-Marie, la coiffeuse qui \u00e9tait l\u00e0 quand je suis arriv\u00e9e&#8230; <br>Celle qui ma command\u00e9 encore des produits, il n&rsquo;y a pas si longtemps depuis Z\u00fcrich&#8230;<\/p>\n\n\n\n<p class=\"wp-block-paragraph\">Directement quand je suis arriv\u00e9e, elle, qui habitait Moudon&#8230; nous deux, \u00e7a a tout de suite croch\u00e9&#8230; On s&rsquo;est tout de suite entendue. Elle m&rsquo;a dit :<br>&#8211; Ecoute, viens je t&#8217;emm\u00e8ne&#8230;<\/p>\n\n\n\n<p class=\"wp-block-paragraph\">Alors c&rsquo;\u00e9tait bien&#8230; Elle a fait une saison et puis apr\u00e8s elle est partie&#8230;<\/p>\n\n\n\n<p class=\"wp-block-paragraph\">Ah oui&#8230; On travaillait ensemble, et j&rsquo;avais \u00e0 peine commenc\u00e9 ma premi\u00e8re cliente, qu&rsquo;elle me tape et qu&rsquo;elle me dit : <br>&#8211; Oh il y a Roger Moore l\u00e0-bas&#8230; Va vite au magasin, il est parti \u00e0 c\u00f4t\u00e9&#8230;<\/p>\n\n\n\n<p class=\"wp-block-paragraph\">Je la regarde comme \u00e7a et puis je lui dis :<br>&#8211; T&rsquo;es gentille, mais \u00e7a va pas, je viens de commencer une cliente !<br>&#8211; Mais oui, vas y, qu&rsquo;elle me dit&#8230;<\/p>\n\n\n\n<p class=\"wp-block-paragraph\">La seconde d&rsquo;apr\u00e8s,  Ferdinand arrive&#8230; Il l&rsquo;avait vu aussi, et il me dit :<br>&#8211; Allez, allez vite&#8230; il est au magasin d&rsquo;\u00e0 c\u00f4t\u00e9&#8230;<\/p>\n\n\n\n<p class=\"wp-block-paragraph\">Qu&rsquo;est ce qu&rsquo;il me raconte, il ne veut pas que je fasse ma cliente ?<br>&#8211; Mais si, allez y&#8230; qu&rsquo;il me dit&#8230; (Rire)<\/p>\n\n\n\n<p class=\"wp-block-paragraph\">Apr\u00e8s il m&rsquo;a racont\u00e9 son histoire..<\/p>\n\n\n\n<p class=\"wp-block-paragraph\">Eux, ils connaissaient tous les grands, hein&#8230; Puisque sa femme Ils\u00e9 coiffait Grace Kelly \u00e0 l&rsquo;\u00e9poque&#8230; Ils avaient toute la grande famille de Monaco qui venait. Ils ont eu du tout grand monde&#8230; Ils allaient au Palace, ils \u00e9taient tr\u00e8s connus&#8230;<\/p>\n\n\n\n<p class=\"wp-block-paragraph\">Un jour Ils\u00e9 m&rsquo;a dit :<br>&#8211; Ah mon Dieu avec Ferdinand, on a tourn\u00e9 les deux ! <br>A mais, qu&rsquo;est ce qu&rsquo;on a festoy\u00e9 les deux&#8230;!<\/p>\n\n\n\n<p class=\"wp-block-paragraph\">Ils ont eu une belle \u00e9poque, ils avaient c\u00f4toy\u00e9 tout ce beau monde&#8230; et rencontr\u00e9 plein de vedettes&#8230; <br>\u00c7a m&rsquo;a fait de la peine la derni\u00e8re fois quand j&rsquo;ai vu Ferdinand&#8230;<\/p>\n\n\n\n<ul class=\"wp-block-list\">\n<li>Ah la vieillesse&#8230; !<\/li>\n<\/ul>\n\n\n\n<p class=\"wp-block-paragraph\">Mais quand je l&rsquo;ai vu, je l&rsquo;ai toujours trouv\u00e9 aussi beau. <br>Toujours avec son c\u00f4t\u00e9 plein de charme, plein de douceur, plein de douceur&#8230;<\/p>\n\n\n\n<p class=\"wp-block-paragraph\">Alors Ferdinand, je crois que je n&rsquo;ai jamais connu quelqu&rsquo;un comme lui,  toujours content et qui te dit les choses en chantant&#8230;<\/p>\n\n\n\n<ul class=\"wp-block-list\">\n<li>Toujours content, heureux de vivre !<\/li>\n<\/ul>\n\n\n\n<p class=\"wp-block-paragraph\">Il y a eu beaucoup de femmes qui lui ont tourn\u00e9 autour en tant que coiffeur, et il disait : <br>&#8211; Ces femmes qui me tournent autour, mais j&rsquo;ai ma femme&#8230; Qu&rsquo;est ce qu&rsquo;elles veulent me chercher&#8230; ? J&rsquo;ai une femme, pourquoi elles ne respectent pas les gens ?<\/p>\n\n\n\n<p class=\"wp-block-paragraph\">Moi je suis content, j&rsquo;ai ma femme et j&rsquo;aime ma femme !<br>Ben ma foi, moi aussi je vieilli&#8230; Je suis content, on est content avec Ils\u00e9&#8230; <\/p>\n\n\n\n<p class=\"wp-block-paragraph\">Il acceptait pleinement comme elle \u00e9tait, hein&#8230; Il disait, oui bon ben&#8230; Ils\u00e9, elle a quelques probl\u00e8mes avec l&rsquo;alcool. Je sais bien qu&rsquo;elle a des probl\u00e8mes avec l&rsquo;alcool&#8230;<\/p>\n\n\n\n<p class=\"wp-block-paragraph\">Mais en quoi \u00e7a les regarde, qu&rsquo;on lui foute la paix !<\/p>\n\n\n\n<p class=\"wp-block-paragraph\">Des fois il me disait : <br>&#8211; Elle me fait rire, elle me d\u00e9fend de manger une p\u00e2tisserie&#8230; et elle contr\u00f4le mes assiettes et puis elle&#8230;? Elle fume comme un pompier !<\/p>\n\n\n\n<p class=\"wp-block-paragraph\">Tu sais que quand elle te pr\u00e9parait la neutralisation d&rsquo;une permanente&#8230; Tu devais faire attention \u00e0 ce qu&rsquo;il y avait dedans si c&rsquo;\u00e9tait pas de l&rsquo;alcool&#8230; Parce que tu n&rsquo;en savais rien si elle ne s&rsquo;\u00e9tait pas tromp\u00e9e&#8230; Enfin on en rigolait !<\/p>\n\n\n\n<p class=\"wp-block-paragraph\">Je l&rsquo;aimais beaucoup&#8230;<\/p>\n\n\n\n<p class=\"wp-block-paragraph\">Merci Gracias<\/p>\n","protected":false},"excerpt":{"rendered":"<p>&lt;Enregistr\u00e9 le 30 D\u00e9cembre 2015&gt; On \u00e9tait plusieurs filles, mais les seules qu&rsquo;il avait invit\u00e9es c&rsquo;\u00e9tait Monique et moi&#8230; C&rsquo;\u00e9tait un coiffeur qui finissait la saison&#8230; et l\u00e0, je me suis dit :&#8211; Oh mais l\u00e0, \u00e7a s&rsquo;annonce bien&#8230; Elle m&rsquo;annonce qu&rsquo;elle sort&#8230; Mais c&rsquo;est dr\u00f4le, parce que je ne voyais jamais les coups tordus&#8230; [&hellip;]<\/p>\n","protected":false},"author":1,"featured_media":0,"parent":0,"menu_order":0,"comment_status":"open","ping_status":"closed","template":"pages-chapitre-07","meta":{"footnotes":""},"class_list":["post-1759","page","type-page","status-publish","hentry"],"jetpack_sharing_enabled":true,"_links":{"self":[{"href":"https:\/\/mercigracias.ch\/index.php?rest_route=\/wp\/v2\/pages\/1759","targetHints":{"allow":["GET"]}}],"collection":[{"href":"https:\/\/mercigracias.ch\/index.php?rest_route=\/wp\/v2\/pages"}],"about":[{"href":"https:\/\/mercigracias.ch\/index.php?rest_route=\/wp\/v2\/types\/page"}],"author":[{"embeddable":true,"href":"https:\/\/mercigracias.ch\/index.php?rest_route=\/wp\/v2\/users\/1"}],"replies":[{"embeddable":true,"href":"https:\/\/mercigracias.ch\/index.php?rest_route=%2Fwp%2Fv2%2Fcomments&post=1759"}],"version-history":[{"count":6,"href":"https:\/\/mercigracias.ch\/index.php?rest_route=\/wp\/v2\/pages\/1759\/revisions"}],"predecessor-version":[{"id":4893,"href":"https:\/\/mercigracias.ch\/index.php?rest_route=\/wp\/v2\/pages\/1759\/revisions\/4893"}],"wp:attachment":[{"href":"https:\/\/mercigracias.ch\/index.php?rest_route=%2Fwp%2Fv2%2Fmedia&parent=1759"}],"curies":[{"name":"wp","href":"https:\/\/api.w.org\/{rel}","templated":true}]}}

<p class="wp-block-paragraph">&lt;Enregistré le 30 Décembre 2015&gt;</p>



<p class="wp-block-paragraph"> On était plusieurs filles, mais les seules qu&rsquo;il avait invitées c&rsquo;était Monique et moi&#8230;</p>



<p class="wp-block-paragraph">C&rsquo;était un coiffeur qui finissait la saison&#8230; et là, je me suis dit :<br>&#8211; Oh mais là, ça s&rsquo;annonce bien&#8230;</p>



<p class="wp-block-paragraph">Elle m&rsquo;annonce qu&rsquo;elle sort&#8230; Mais c&rsquo;est drôle, parce que je ne voyais jamais les coups tordus&#8230; Pour moi, c&rsquo;était un repas, voilà&#8230; <br>T&rsquo;es jeune, tu discutes, puis ça s&rsquo;arrête là&#8230;</p>



<p class="wp-block-paragraph">Quand on se donnait rendez-vous pour prendre un verre au bar en début de saison, tu ne savais jamais qui c&rsquo;est qui venait&#8230; <br>Parce que bien souvent on était quatre mais de fois on était jusque douze&#8230; C&rsquo;était joli de se retrouver comme ça. <br>Mais tu ne savais jamais qui c&rsquo;est qui allait venir&#8230; Ça permettait de débarquer n&rsquo;importe quand et tu retrouvais ton groupe&#8230;</p>



<p class="wp-block-paragraph">Ça, c&rsquo;était bien ! Quand tu as 20 ans que tu sors de ton boulot et que tu as envie de décompresser, de voir un petit peu du monde&#8230;</p>



<p class="wp-block-paragraph">Alors moi, je buvais toujours mon OVO chaude. A l&rsquo;époque c&rsquo;était mon truc&#8230;</p>



<p class="wp-block-paragraph">Tu savais que si tu allais là, que tu ne serais pas seule. Tu y allais n&rsquo;importe quand, tu n&rsquo;étais jamais seule&#8230; Il y en avait toujours un ou deux qui trainaient&#8230; Alors c&rsquo;était ça, ce que j&rsquo;ai le plus apprécié dans les saisons, ce partage, ces rencontres !</p>



<p class="wp-block-paragraph">C&rsquo;est ce que j&rsquo;avais appréciée le plus, et la complicité avec ma copine Rose-Marie, la coiffeuse qui était là quand je suis arrivée&#8230; <br>Celle qui ma commandé encore des produits, il n&rsquo;y a pas si longtemps depuis Zürich&#8230;</p>



<p class="wp-block-paragraph">Directement quand je suis arrivée, elle, qui habitait Moudon&#8230; nous deux, ça a tout de suite croché&#8230; On s&rsquo;est tout de suite entendue. Elle m&rsquo;a dit :<br>&#8211; Ecoute, viens je t&#8217;emmène&#8230;</p>



<p class="wp-block-paragraph">Alors c&rsquo;était bien&#8230; Elle a fait une saison et puis après elle est partie&#8230;</p>



<p class="wp-block-paragraph">Ah oui&#8230; On travaillait ensemble, et j&rsquo;avais à peine commencé ma première cliente, qu&rsquo;elle me tape et qu&rsquo;elle me dit : <br>&#8211; Oh il y a Roger Moore là-bas&#8230; Va vite au magasin, il est parti à côté&#8230;</p>



<p class="wp-block-paragraph">Je la regarde comme ça et puis je lui dis :<br>&#8211; T&rsquo;es gentille, mais ça va pas, je viens de commencer une cliente !<br>&#8211; Mais oui, vas y, qu&rsquo;elle me dit&#8230;</p>



<p class="wp-block-paragraph">La seconde d&rsquo;après,  Ferdinand arrive&#8230; Il l&rsquo;avait vu aussi, et il me dit :<br>&#8211; Allez, allez vite&#8230; il est au magasin d&rsquo;à côté&#8230;</p>



<p class="wp-block-paragraph">Qu&rsquo;est ce qu&rsquo;il me raconte, il ne veut pas que je fasse ma cliente ?<br>&#8211; Mais si, allez y&#8230; qu&rsquo;il me dit&#8230; (Rire)</p>



<p class="wp-block-paragraph">Après il m&rsquo;a raconté son histoire..</p>



<p class="wp-block-paragraph">Eux, ils connaissaient tous les grands, hein&#8230; Puisque sa femme Ilsé coiffait Grace Kelly à l&rsquo;époque&#8230; Ils avaient toute la grande famille de Monaco qui venait. Ils ont eu du tout grand monde&#8230; Ils allaient au Palace, ils étaient très connus&#8230;</p>



<p class="wp-block-paragraph">Un jour Ilsé m&rsquo;a dit :<br>&#8211; Ah mon Dieu avec Ferdinand, on a tourné les deux ! <br>A mais, qu&rsquo;est ce qu&rsquo;on a festoyé les deux&#8230;!</p>



<p class="wp-block-paragraph">Ils ont eu une belle époque, ils avaient côtoyé tout ce beau monde&#8230; et rencontré plein de vedettes&#8230; <br>Ça m&rsquo;a fait de la peine la dernière fois quand j&rsquo;ai vu Ferdinand&#8230;</p>



<ul class="wp-block-list">
<li>Ah la vieillesse&#8230; !</li>
</ul>



<p class="wp-block-paragraph">Mais quand je l&rsquo;ai vu, je l&rsquo;ai toujours trouvé aussi beau. <br>Toujours avec son côté plein de charme, plein de douceur, plein de douceur&#8230;</p>



<p class="wp-block-paragraph">Alors Ferdinand, je crois que je n&rsquo;ai jamais connu quelqu&rsquo;un comme lui,  toujours content et qui te dit les choses en chantant&#8230;</p>



<ul class="wp-block-list">
<li>Toujours content, heureux de vivre !</li>
</ul>



<p class="wp-block-paragraph">Il y a eu beaucoup de femmes qui lui ont tourné autour en tant que coiffeur, et il disait : <br>&#8211; Ces femmes qui me tournent autour, mais j&rsquo;ai ma femme&#8230; Qu&rsquo;est ce qu&rsquo;elles veulent me chercher&#8230; ? J&rsquo;ai une femme, pourquoi elles ne respectent pas les gens ?</p>



<p class="wp-block-paragraph">Moi je suis content, j&rsquo;ai ma femme et j&rsquo;aime ma femme !<br>Ben ma foi, moi aussi je vieilli&#8230; Je suis content, on est content avec Ilsé&#8230; </p>



<p class="wp-block-paragraph">Il acceptait pleinement comme elle était, hein&#8230; Il disait, oui bon ben&#8230; Ilsé, elle a quelques problèmes avec l&rsquo;alcool. Je sais bien qu&rsquo;elle a des problèmes avec l&rsquo;alcool&#8230;</p>



<p class="wp-block-paragraph">Mais en quoi ça les regarde, qu&rsquo;on lui foute la paix !</p>



<p class="wp-block-paragraph">Des fois il me disait : <br>&#8211; Elle me fait rire, elle me défend de manger une pâtisserie&#8230; et elle contrôle mes assiettes et puis elle&#8230;? Elle fume comme un pompier !</p>



<p class="wp-block-paragraph">Tu sais que quand elle te préparait la neutralisation d&rsquo;une permanente&#8230; Tu devais faire attention à ce qu&rsquo;il y avait dedans si c&rsquo;était pas de l&rsquo;alcool&#8230; Parce que tu n&rsquo;en savais rien si elle ne s&rsquo;était pas trompée&#8230; Enfin on en rigolait !</p>



<p class="wp-block-paragraph">Je l&rsquo;aimais beaucoup&#8230;</p>



<p class="wp-block-paragraph">Merci Gracias</p>

<p>&lt;Enregistré le 30 Décembre 2015&gt; On était plusieurs filles, mais les seules qu&rsquo;il avait invitées c&rsquo;était Monique et moi&#8230; C&rsquo;était un coiffeur qui finissait la saison&#8230; et là, je me suis dit :&#8211; Oh mais là, ça s&rsquo;annonce bien&#8230; Elle m&rsquo;annonce qu&rsquo;elle sort&#8230; Mais c&rsquo;est drôle, parce que je ne voyais jamais les coups tordus&#8230; [&hellip;]</p>
