{"id":1771,"date":"2026-02-25T13:44:27","date_gmt":"2026-02-25T13:44:27","guid":{"rendered":"https:\/\/mercigracias.ch\/?page_id=1771"},"modified":"2026-06-26T08:36:13","modified_gmt":"2026-06-26T08:36:13","slug":"le-partage","status":"publish","type":"page","link":"https:\/\/mercigracias.ch\/?page_id=1771","title":{"rendered":"Le partage"},"content":{"rendered":"\n<p class=\"wp-block-paragraph\">&lt;Enregistr\u00e9 le 03 D\u00e9cembre 2016&gt;<\/p>\n\n\n\n<p class=\"wp-block-paragraph\">Ferdinand et sa femme, ce qu&rsquo;ils aimaient quand j&rsquo;\u00e9tais chez eux, c&rsquo;est qu&rsquo;on partageait les choses ensemble&#8230; Tu vois, eux c&rsquo;\u00e9tait un couple, ils n&rsquo;avaient pas eu d&rsquo;enfant, alors quand ils avaient des coiffeuses, ils \u00e9taient contents de partager, c&rsquo;\u00e9tait leur entreprise et c&rsquo;\u00e9tait tout chaleureux, l\u00e0-bas dedans&#8230;<\/p>\n\n\n\n<p class=\"wp-block-paragraph\">Ils voulaient du partage&#8230; <br>Mais  les gens qui venaient travailler ne voulaient pas vivre au salon, dans la coiffure. Tous ceux qui travaillaient l\u00e0-bas dedans&#8230; ils ne voulaient pas partager leur intimit\u00e9&#8230; <br>Nous, on travaille&#8230; et puis voil\u00e0. Tandis qu&rsquo;avec moi ils avaient tout de suite compris&#8230; alors on partageait, on se racontait&#8230;<\/p>\n\n\n\n<p class=\"wp-block-paragraph\">Ce qui veut dire qu&rsquo;on a eu des partages magnifiques&#8230;<\/p>\n\n\n\n<p class=\"wp-block-paragraph\">La premi\u00e8re fois, quand je suis arriv\u00e9e, il y avait une romande, une qui venait du canton de Fribourg&#8230; Rose Marie, et elle m&rsquo;avait dit :<br>&#8211; Attention, tu verras avec la vieille&#8230; et puis ci et puis \u00e7a&#8230;<br>Mais elle \u00e9tait sympathique, c&rsquo;\u00e9tait encore une romande&#8230;<\/p>\n\n\n\n<p class=\"wp-block-paragraph\">Mais apr\u00e8s, il y avait eu des suisses allemandes et Josette, celle qui habitait en haut&#8230; Il y avait m\u00eame eu une fois, un coiffeur anglais&#8230; Mais lui n&rsquo;\u00e9tait pas tr\u00e8s chaleureux, hein&#8230; Pas tr\u00e8s chaleureux, et puis ce que voulaient Ferdinand et sa femme, c&rsquo;\u00e9tait justement, avoir des partages !<\/p>\n\n\n\n<p class=\"wp-block-paragraph\">Tous ces coiffeurs avaient leur vie et \u00e7a leur avait manqu\u00e9 de ne pas avoir eu d&rsquo;enfants&#8230; m\u00eame s&rsquo;ils avaient leur chien, leur caniche noir&#8230; <br>Il s&rsquo;appelait Jimmy&#8230; ou Gypsy&#8230; Oui, Jimmy et c&rsquo;\u00e9tait son b\u00e9b\u00e9 !<\/p>\n\n\n\n<p class=\"wp-block-paragraph\">Oh&#8230; mais elle \u00e9tait tr\u00e8s affectueuse, d\u00e9j\u00e0 rien que quand elle prenait son chien ou quand elle arrivait avec, tu pouvais imaginer combien ce qu&rsquo;elle avait&#8230; Tu comprenais que derri\u00e8re son c\u00f4t\u00e9 comme \u00e7a&#8230; et bien ce n&rsquo;\u00e9tait pas \u00e7a !<\/p>\n\n\n\n<p class=\"wp-block-paragraph\">Quand elle arrivait, les coiffeuses la regardaient aussi comme \u00e7a, l&rsquo;\u0153il en coin&#8230; Oh la vieille ! <br>Voil\u00e0 ils ne l&rsquo;aimaient pas&#8230; Alors automatiquement \u00e7a fermait les relations&#8230; C&rsquo;est fou, tu cr\u00e9es un commerce, il y a tout pour faire quelque chose de chaleureux et tu ne r\u00e9ussis pas \u00e0 faire quelque chose de chaleureux&#8230; C&rsquo;est impensable hein&#8230;?<\/p>\n\n\n\n<p class=\"wp-block-paragraph\">il y avait eu aussi&#8230; Tu sais celui qui \u00e9tait tomb\u00e9 en automobile&#8230; <br>Jo Siffert&#8230; Je ne sais pas si tu connais&#8230; Il \u00e9tait tr\u00e8s connu dans le canton de Fribourg, il avait mari\u00e9 aussi une mannequin&#8230; Sa femme avait des cheveux longs, blonds jusqu&rsquo;ici&#8230; Comme Sylvie Vartan ! Enfin le style mannequin, grande et quand elle s&rsquo;\u00e9tait divorc\u00e9e, elle avait fini chez sa tante.<br>Alors elle \u00e9tait venue \u00e0 Gstaad avec ses deux gamines&#8230; et en hiver elle venait faire les ongles, au salon de coiffure en pleine saison.<\/p>\n\n\n\n<p class=\"wp-block-paragraph\">Mais avec elle aussi, la m\u00eame chose, c&rsquo;\u00e9tait tr\u00e8s chaleureux&#8230; <br>Elle arrivait, elle s&rsquo;en foutait&#8230; Elle venait travailler ici. <br>Elle voulait le contact avec le monde, elle voulait le partage&#8230;<\/p>\n\n\n\n<p class=\"wp-block-paragraph\">Donc elle arrivait et elle disait :<br>&#8211; Bon demain matin, je vous apporte des boules de Berlin, et pour tout le monde&#8230; Nous aussi on a le droit aux boules de Berlin !<\/p>\n\n\n\n<p class=\"wp-block-paragraph\">Je lui avais dit qu&rsquo;on mangeait des boules de Berlin, alors voil\u00e0, elle amenait des boules de Berlin&#8230; Elle venait travailler pour le plaisir, \u00e7a donnait tout \u00e0 fait autre chose qu&rsquo;avec ces gens qui ne veulent pas de famille&#8230; Et il y en a beaucoup o\u00f9 c&rsquo;est comme \u00e7a&#8230; C&rsquo;est fou quand m\u00eame, non ?<\/p>\n\n\n\n<p class=\"wp-block-paragraph\">Par chance il y avait plusieurs personnes, des vendeurs qui travaillaient dans les magasins de sport de Gstaad&#8230; <br>Monique ma copine, elle \u00e9tait aussi venue avec sa maman qui \u00e9tait aussi une femme divorc\u00e9e&#8230; On avait de beaux partages ensemble. <br>A midi on se retrouvait dans un petit Tea room, ou \u00e0 la patinoire, parfois le soir \u00e0 l&rsquo;ap\u00e9ritif, on avait toujours nos endroits, nos points cl\u00e9s&#8230;<\/p>\n\n\n\n<p class=\"wp-block-paragraph\">Quand on voulait avoir du contact, on s&rsquo;y retrouvait&#8230; Mais c&rsquo;\u00e9tait toujours les romands&#8230; C&rsquo;\u00e9tait toujours les m\u00eames qui \u00e9tions l\u00e0.<\/p>\n\n\n\n<p class=\"wp-block-paragraph\">On avait ce c\u00f4t\u00e9 tr\u00e8s chaleureux&#8230; et Dominique ma copine, la parisienne, l\u00e0&#8230; qui sont venus \u00e0 mon mariage, apr\u00e8s l&rsquo;ouverture de mon salon de coiffure et Monique qui venait en vacances avec sa m\u00e8re, elle me disait :<br>&#8211; J&rsquo;ai des vacances&#8230; je viens passer des vacances chez toi&#8230;<\/p>\n\n\n\n<p class=\"wp-block-paragraph\">Elle continuait de venir, c&rsquo;\u00e9tait tr\u00e8s chouette.<\/p>\n\n\n\n<p class=\"wp-block-paragraph\">Si j&rsquo;ai besoin de faire ma permanente, c&rsquo;est les vacances, je viens faire ma permanente chez toi&#8230; Est ce que je peux aussi passer quelques jours chez toi, apr\u00e8s ?<\/p>\n\n\n\n<p class=\"wp-block-paragraph\">Des moments de jeunesse tr\u00e8s enrichissants !<\/p>\n\n\n\n<p class=\"wp-block-paragraph\">Merci Gracias<\/p>\n","protected":false},"excerpt":{"rendered":"<p>&lt;Enregistr\u00e9 le 03 D\u00e9cembre 2016&gt; Ferdinand et sa femme, ce qu&rsquo;ils aimaient quand j&rsquo;\u00e9tais chez eux, c&rsquo;est qu&rsquo;on partageait les choses ensemble&#8230; Tu vois, eux c&rsquo;\u00e9tait un couple, ils n&rsquo;avaient pas eu d&rsquo;enfant, alors quand ils avaient des coiffeuses, ils \u00e9taient contents de partager, c&rsquo;\u00e9tait leur entreprise et c&rsquo;\u00e9tait tout chaleureux, l\u00e0-bas dedans&#8230; Ils voulaient [&hellip;]<\/p>\n","protected":false},"author":1,"featured_media":0,"parent":0,"menu_order":0,"comment_status":"open","ping_status":"closed","template":"pages-chapitre-07","meta":{"footnotes":""},"class_list":["post-1771","page","type-page","status-publish","hentry"],"jetpack_sharing_enabled":true,"_links":{"self":[{"href":"https:\/\/mercigracias.ch\/index.php?rest_route=\/wp\/v2\/pages\/1771","targetHints":{"allow":["GET"]}}],"collection":[{"href":"https:\/\/mercigracias.ch\/index.php?rest_route=\/wp\/v2\/pages"}],"about":[{"href":"https:\/\/mercigracias.ch\/index.php?rest_route=\/wp\/v2\/types\/page"}],"author":[{"embeddable":true,"href":"https:\/\/mercigracias.ch\/index.php?rest_route=\/wp\/v2\/users\/1"}],"replies":[{"embeddable":true,"href":"https:\/\/mercigracias.ch\/index.php?rest_route=%2Fwp%2Fv2%2Fcomments&post=1771"}],"version-history":[{"count":6,"href":"https:\/\/mercigracias.ch\/index.php?rest_route=\/wp\/v2\/pages\/1771\/revisions"}],"predecessor-version":[{"id":4897,"href":"https:\/\/mercigracias.ch\/index.php?rest_route=\/wp\/v2\/pages\/1771\/revisions\/4897"}],"wp:attachment":[{"href":"https:\/\/mercigracias.ch\/index.php?rest_route=%2Fwp%2Fv2%2Fmedia&parent=1771"}],"curies":[{"name":"wp","href":"https:\/\/api.w.org\/{rel}","templated":true}]}}

<p class="wp-block-paragraph">&lt;Enregistré le 03 Décembre 2016&gt;</p>



<p class="wp-block-paragraph">Ferdinand et sa femme, ce qu&rsquo;ils aimaient quand j&rsquo;étais chez eux, c&rsquo;est qu&rsquo;on partageait les choses ensemble&#8230; Tu vois, eux c&rsquo;était un couple, ils n&rsquo;avaient pas eu d&rsquo;enfant, alors quand ils avaient des coiffeuses, ils étaient contents de partager, c&rsquo;était leur entreprise et c&rsquo;était tout chaleureux, là-bas dedans&#8230;</p>



<p class="wp-block-paragraph">Ils voulaient du partage&#8230; <br>Mais  les gens qui venaient travailler ne voulaient pas vivre au salon, dans la coiffure. Tous ceux qui travaillaient là-bas dedans&#8230; ils ne voulaient pas partager leur intimité&#8230; <br>Nous, on travaille&#8230; et puis voilà. Tandis qu&rsquo;avec moi ils avaient tout de suite compris&#8230; alors on partageait, on se racontait&#8230;</p>



<p class="wp-block-paragraph">Ce qui veut dire qu&rsquo;on a eu des partages magnifiques&#8230;</p>



<p class="wp-block-paragraph">La première fois, quand je suis arrivée, il y avait une romande, une qui venait du canton de Fribourg&#8230; Rose Marie, et elle m&rsquo;avait dit :<br>&#8211; Attention, tu verras avec la vieille&#8230; et puis ci et puis ça&#8230;<br>Mais elle était sympathique, c&rsquo;était encore une romande&#8230;</p>



<p class="wp-block-paragraph">Mais après, il y avait eu des suisses allemandes et Josette, celle qui habitait en haut&#8230; Il y avait même eu une fois, un coiffeur anglais&#8230; Mais lui n&rsquo;était pas très chaleureux, hein&#8230; Pas très chaleureux, et puis ce que voulaient Ferdinand et sa femme, c&rsquo;était justement, avoir des partages !</p>



<p class="wp-block-paragraph">Tous ces coiffeurs avaient leur vie et ça leur avait manqué de ne pas avoir eu d&rsquo;enfants&#8230; même s&rsquo;ils avaient leur chien, leur caniche noir&#8230; <br>Il s&rsquo;appelait Jimmy&#8230; ou Gypsy&#8230; Oui, Jimmy et c&rsquo;était son bébé !</p>



<p class="wp-block-paragraph">Oh&#8230; mais elle était très affectueuse, déjà rien que quand elle prenait son chien ou quand elle arrivait avec, tu pouvais imaginer combien ce qu&rsquo;elle avait&#8230; Tu comprenais que derrière son côté comme ça&#8230; et bien ce n&rsquo;était pas ça !</p>



<p class="wp-block-paragraph">Quand elle arrivait, les coiffeuses la regardaient aussi comme ça, l&rsquo;œil en coin&#8230; Oh la vieille ! <br>Voilà ils ne l&rsquo;aimaient pas&#8230; Alors automatiquement ça fermait les relations&#8230; C&rsquo;est fou, tu crées un commerce, il y a tout pour faire quelque chose de chaleureux et tu ne réussis pas à faire quelque chose de chaleureux&#8230; C&rsquo;est impensable hein&#8230;?</p>



<p class="wp-block-paragraph">il y avait eu aussi&#8230; Tu sais celui qui était tombé en automobile&#8230; <br>Jo Siffert&#8230; Je ne sais pas si tu connais&#8230; Il était très connu dans le canton de Fribourg, il avait marié aussi une mannequin&#8230; Sa femme avait des cheveux longs, blonds jusqu&rsquo;ici&#8230; Comme Sylvie Vartan ! Enfin le style mannequin, grande et quand elle s&rsquo;était divorcée, elle avait fini chez sa tante.<br>Alors elle était venue à Gstaad avec ses deux gamines&#8230; et en hiver elle venait faire les ongles, au salon de coiffure en pleine saison.</p>



<p class="wp-block-paragraph">Mais avec elle aussi, la même chose, c&rsquo;était très chaleureux&#8230; <br>Elle arrivait, elle s&rsquo;en foutait&#8230; Elle venait travailler ici. <br>Elle voulait le contact avec le monde, elle voulait le partage&#8230;</p>



<p class="wp-block-paragraph">Donc elle arrivait et elle disait :<br>&#8211; Bon demain matin, je vous apporte des boules de Berlin, et pour tout le monde&#8230; Nous aussi on a le droit aux boules de Berlin !</p>



<p class="wp-block-paragraph">Je lui avais dit qu&rsquo;on mangeait des boules de Berlin, alors voilà, elle amenait des boules de Berlin&#8230; Elle venait travailler pour le plaisir, ça donnait tout à fait autre chose qu&rsquo;avec ces gens qui ne veulent pas de famille&#8230; Et il y en a beaucoup où c&rsquo;est comme ça&#8230; C&rsquo;est fou quand même, non ?</p>



<p class="wp-block-paragraph">Par chance il y avait plusieurs personnes, des vendeurs qui travaillaient dans les magasins de sport de Gstaad&#8230; <br>Monique ma copine, elle était aussi venue avec sa maman qui était aussi une femme divorcée&#8230; On avait de beaux partages ensemble. <br>A midi on se retrouvait dans un petit Tea room, ou à la patinoire, parfois le soir à l&rsquo;apéritif, on avait toujours nos endroits, nos points clés&#8230;</p>



<p class="wp-block-paragraph">Quand on voulait avoir du contact, on s&rsquo;y retrouvait&#8230; Mais c&rsquo;était toujours les romands&#8230; C&rsquo;était toujours les mêmes qui étions là.</p>



<p class="wp-block-paragraph">On avait ce côté très chaleureux&#8230; et Dominique ma copine, la parisienne, là&#8230; qui sont venus à mon mariage, après l&rsquo;ouverture de mon salon de coiffure et Monique qui venait en vacances avec sa mère, elle me disait :<br>&#8211; J&rsquo;ai des vacances&#8230; je viens passer des vacances chez toi&#8230;</p>



<p class="wp-block-paragraph">Elle continuait de venir, c&rsquo;était très chouette.</p>



<p class="wp-block-paragraph">Si j&rsquo;ai besoin de faire ma permanente, c&rsquo;est les vacances, je viens faire ma permanente chez toi&#8230; Est ce que je peux aussi passer quelques jours chez toi, après ?</p>



<p class="wp-block-paragraph">Des moments de jeunesse très enrichissants !</p>



<p class="wp-block-paragraph">Merci Gracias</p>

<p>&lt;Enregistré le 03 Décembre 2016&gt; Ferdinand et sa femme, ce qu&rsquo;ils aimaient quand j&rsquo;étais chez eux, c&rsquo;est qu&rsquo;on partageait les choses ensemble&#8230; Tu vois, eux c&rsquo;était un couple, ils n&rsquo;avaient pas eu d&rsquo;enfant, alors quand ils avaient des coiffeuses, ils étaient contents de partager, c&rsquo;était leur entreprise et c&rsquo;était tout chaleureux, là-bas dedans&#8230; Ils voulaient [&hellip;]</p>
