{"id":1789,"date":"2026-02-25T17:16:56","date_gmt":"2026-02-25T17:16:56","guid":{"rendered":"https:\/\/mercigracias.ch\/?page_id=1789"},"modified":"2026-06-26T12:18:18","modified_gmt":"2026-06-26T12:18:18","slug":"a-tord-la-rigole","status":"publish","type":"page","link":"https:\/\/mercigracias.ch\/?page_id=1789","title":{"rendered":"A tord la rigole&#8230;"},"content":{"rendered":"\n<p class=\"wp-block-paragraph\">&lt;Enregistr\u00e9 le 04 D\u00e9cembre 2016&gt;<\/p>\n\n\n\n<p class=\"wp-block-paragraph\">C&rsquo;est marrant parce que quand je suis revenue du Costa Rica, et que mes enfants ne voulaient pas manger, \u00e0 cause de toutes les histoires que nous avions v\u00e9cues&#8230; Mon fils, ne voulait pas de l\u00e9gumes&#8230; Il ne mangeait rien du tout \u00e0 l&rsquo;\u00e9poque&#8230; Il ne voulait manger que des pates, il ne voulait rien manger d&rsquo;autre&#8230;<\/p>\n\n\n\n<p class=\"wp-block-paragraph\">Alors tu vois dans les pates, je saupoudrais partout du Zumbol&#8230;<\/p>\n\n\n\n<p class=\"wp-block-paragraph\">Je partais quelque part, je prenais mon Zumbol et je saupoudrais par dessus&#8230; Voil\u00e0, et quand je mettais du Zumbol, il mangeait deux trois l\u00e9gumes&#8230; Alors syst\u00e9matiquement, j&rsquo;en mettais partout !<\/p>\n\n\n\n<p class=\"wp-block-paragraph\">Je partais aux Canaris en vacances avec mes beaux parents, partout o\u00f9 j&rsquo;allais, j&rsquo;avais ma boite de Zumbol avec&#8230;<\/p>\n\n\n\n<p class=\"wp-block-paragraph\">Mon fils ?&#8230; Il a \u00e9t\u00e9 nourri au Zumbol&#8230; Et quand je suis arriv\u00e9e dans la maison apr\u00e8s avoir v\u00e9cu quelques mois chez mes beaux parents et bien ma voisine, elle aussi prenait aussi du Zumbol&#8230;<\/p>\n\n\n\n<p class=\"wp-block-paragraph\"> On prenait la m\u00eame chose ! <\/p>\n\n\n\n<p class=\"wp-block-paragraph\">Elle m&rsquo;avait dit :<br>&#8211; Mais comment \u00e7a se fait que tu prends du Zumbol ? <br>En effet, c&rsquo;est complet, si tu ne manges pas trop autrement, c&rsquo;est complet, tu as tout dedans !<\/p>\n\n\n\n<p class=\"wp-block-paragraph\">Mais maintenant ils l&rsquo;ont arr\u00eat\u00e9, tellement c&rsquo;\u00e9tait complet !<br>\u00c7a n&rsquo;existe plus. C&rsquo;\u00e9tait trop complet&#8230;<\/p>\n\n\n\n<p class=\"wp-block-paragraph\">Elle m&rsquo;avait dit :<br>&#8211; Ben c&rsquo;est vraiment marrant parce qu&rsquo;on connait vraiment personne qui fait \u00e7a !<\/p>\n\n\n\n<p class=\"wp-block-paragraph\">Et chez elle, il y avait toujours la boite de Zumbol dehors&#8230; <br>On \u00e9tait les seules \u00e0 l&rsquo;avoir, je n&rsquo;ai pas connu quelqu&rsquo;un d&rsquo;autre \u00e0 utiliser ce produit \u00e0 tord la rigole&#8230; \u00e0 tord la rigole !<\/p>\n\n\n\n<ul class=\"wp-block-list\">\n<li><em>Tu me fais rigoler&#8230;<\/em>!<\/li>\n<\/ul>\n","protected":false},"excerpt":{"rendered":"<p>&lt;Enregistr\u00e9 le 04 D\u00e9cembre 2016&gt; C&rsquo;est marrant parce que quand je suis revenue du Costa Rica, et que mes enfants ne voulaient pas manger, \u00e0 cause de toutes les histoires que nous avions v\u00e9cues&#8230; Mon fils, ne voulait pas de l\u00e9gumes&#8230; Il ne mangeait rien du tout \u00e0 l&rsquo;\u00e9poque&#8230; Il ne voulait manger que des [&hellip;]<\/p>\n","protected":false},"author":1,"featured_media":0,"parent":0,"menu_order":0,"comment_status":"open","ping_status":"closed","template":"pages-chapitre-07","meta":{"footnotes":""},"class_list":["post-1789","page","type-page","status-publish","hentry"],"jetpack_sharing_enabled":true,"_links":{"self":[{"href":"https:\/\/mercigracias.ch\/index.php?rest_route=\/wp\/v2\/pages\/1789","targetHints":{"allow":["GET"]}}],"collection":[{"href":"https:\/\/mercigracias.ch\/index.php?rest_route=\/wp\/v2\/pages"}],"about":[{"href":"https:\/\/mercigracias.ch\/index.php?rest_route=\/wp\/v2\/types\/page"}],"author":[{"embeddable":true,"href":"https:\/\/mercigracias.ch\/index.php?rest_route=\/wp\/v2\/users\/1"}],"replies":[{"embeddable":true,"href":"https:\/\/mercigracias.ch\/index.php?rest_route=%2Fwp%2Fv2%2Fcomments&post=1789"}],"version-history":[{"count":5,"href":"https:\/\/mercigracias.ch\/index.php?rest_route=\/wp\/v2\/pages\/1789\/revisions"}],"predecessor-version":[{"id":4904,"href":"https:\/\/mercigracias.ch\/index.php?rest_route=\/wp\/v2\/pages\/1789\/revisions\/4904"}],"wp:attachment":[{"href":"https:\/\/mercigracias.ch\/index.php?rest_route=%2Fwp%2Fv2%2Fmedia&parent=1789"}],"curies":[{"name":"wp","href":"https:\/\/api.w.org\/{rel}","templated":true}]}}

<p class="wp-block-paragraph">&lt;Enregistré le 04 Décembre 2016&gt;</p>



<p class="wp-block-paragraph">C&rsquo;est marrant parce que quand je suis revenue du Costa Rica, et que mes enfants ne voulaient pas manger, à cause de toutes les histoires que nous avions vécues&#8230; Mon fils, ne voulait pas de légumes&#8230; Il ne mangeait rien du tout à l&rsquo;époque&#8230; Il ne voulait manger que des pates, il ne voulait rien manger d&rsquo;autre&#8230;</p>



<p class="wp-block-paragraph">Alors tu vois dans les pates, je saupoudrais partout du Zumbol&#8230;</p>



<p class="wp-block-paragraph">Je partais quelque part, je prenais mon Zumbol et je saupoudrais par dessus&#8230; Voilà, et quand je mettais du Zumbol, il mangeait deux trois légumes&#8230; Alors systématiquement, j&rsquo;en mettais partout !</p>



<p class="wp-block-paragraph">Je partais aux Canaris en vacances avec mes beaux parents, partout où j&rsquo;allais, j&rsquo;avais ma boite de Zumbol avec&#8230;</p>



<p class="wp-block-paragraph">Mon fils ?&#8230; Il a été nourri au Zumbol&#8230; Et quand je suis arrivée dans la maison après avoir vécu quelques mois chez mes beaux parents et bien ma voisine, elle aussi prenait aussi du Zumbol&#8230;</p>



<p class="wp-block-paragraph"> On prenait la même chose ! </p>



<p class="wp-block-paragraph">Elle m&rsquo;avait dit :<br>&#8211; Mais comment ça se fait que tu prends du Zumbol ? <br>En effet, c&rsquo;est complet, si tu ne manges pas trop autrement, c&rsquo;est complet, tu as tout dedans !</p>



<p class="wp-block-paragraph">Mais maintenant ils l&rsquo;ont arrêté, tellement c&rsquo;était complet !<br>Ça n&rsquo;existe plus. C&rsquo;était trop complet&#8230;</p>



<p class="wp-block-paragraph">Elle m&rsquo;avait dit :<br>&#8211; Ben c&rsquo;est vraiment marrant parce qu&rsquo;on connait vraiment personne qui fait ça !</p>



<p class="wp-block-paragraph">Et chez elle, il y avait toujours la boite de Zumbol dehors&#8230; <br>On était les seules à l&rsquo;avoir, je n&rsquo;ai pas connu quelqu&rsquo;un d&rsquo;autre à utiliser ce produit à tord la rigole&#8230; à tord la rigole !</p>



<ul class="wp-block-list">
<li><em>Tu me fais rigoler&#8230;</em>!</li>
</ul>

<p>&lt;Enregistré le 04 Décembre 2016&gt; C&rsquo;est marrant parce que quand je suis revenue du Costa Rica, et que mes enfants ne voulaient pas manger, à cause de toutes les histoires que nous avions vécues&#8230; Mon fils, ne voulait pas de légumes&#8230; Il ne mangeait rien du tout à l&rsquo;époque&#8230; Il ne voulait manger que des [&hellip;]</p>
