{"id":1794,"date":"2026-02-25T17:50:10","date_gmt":"2026-02-25T17:50:10","guid":{"rendered":"https:\/\/mercigracias.ch\/?page_id=1794"},"modified":"2026-06-26T12:27:00","modified_gmt":"2026-06-26T12:27:00","slug":"mon-pere-passe","status":"publish","type":"page","link":"https:\/\/mercigracias.ch\/?page_id=1794","title":{"rendered":"Mon p\u00e8re passe&#8230;"},"content":{"rendered":"\n<p class=\"wp-block-paragraph\">&lt;Enregistr\u00e9 le 20 F\u00e9vrier 2015&#8230;&gt;<\/p>\n\n\n\n<p class=\"wp-block-paragraph\">Quand t&rsquo;es fait autrement&#8230; Tu n&rsquo;arrives pas \u00e0 comprendre !<\/p>\n\n\n\n<p class=\"wp-block-paragraph\">D\u00e9j\u00e0 quand je voyais mes parents, j&rsquo;\u00e9tais triste pour eux, mais je me disais : <br>&#8211; Non mais quand m\u00eame&#8230;<\/p>\n\n\n\n<p class=\"wp-block-paragraph\">Je me souviens quand on a quitt\u00e9 le Buffet, je me disais&#8230;<br>&#8211; Mais il vont quand m\u00eame r\u00e9ussir \u00e0 se rencontrer&#8230;? <br>Ils vont quand m\u00eame r\u00e9ussir \u00e0 s&rsquo;entendre ?<\/p>\n\n\n\n<p class=\"wp-block-paragraph\">Il y avait toujours cet espoir ! <br>&#8211; Non mais c&rsquo;est b\u00eate&#8230; Il y avait toujours ce c\u00f4t\u00e9, d&rsquo;espoir.<\/p>\n\n\n\n<p class=\"wp-block-paragraph\">&#8211; <em>Cette conscience, de la futilit\u00e9 de leurs chicaneries&#8230;?<\/em><br>&#8211; Oui, mais il y avait une telle pression de Maman, que quand il est venu \u00e0 Gstaad me voir, moi qui n&rsquo;osais m\u00eame pas rencontrer mon P\u00e8re&#8230;<\/p>\n\n\n\n<p class=\"wp-block-paragraph\">Quand il est entr\u00e9, je ne l&rsquo;avais pas vu, mais c&rsquo;est Ferdinand qui s&rsquo;approche de moi et qui me dit :<br>&#8211; Votre P\u00e8re est venu vous voir&#8230;<\/p>\n\n\n\n<p class=\"wp-block-paragraph\">Je n&rsquo;en croyais pas mes yeux&#8230;<br>&#8211; Mais comment vous savez que c&rsquo;est mon P\u00e8re ?<br>&#8211; Oh mais il n&rsquo;y a pas photo, quand je l&rsquo;ai vu dans mon miroir, ouvrir la porte, son sourire m&rsquo;a tout de suite dit que c&rsquo;\u00e9tait lui&#8230;<\/p>\n\n\n\n<ul class=\"wp-block-list\">\n<li>Vous avez le m\u00eame !<\/li>\n<\/ul>\n\n\n\n<p class=\"wp-block-paragraph\">On a mang\u00e9 ensemble et il m&rsquo;a achet\u00e9 des skis, des skis rouges et une combinaison de ski Rouge&#8230; Il souvenait du Rouge de ma communion&#8230; Je l&rsquo;ai encore au galetas ! Je ne peux pas m&rsquo;en s\u00e9parer&#8230;<\/p>\n\n\n\n<p class=\"wp-block-paragraph\">Mais j&rsquo;\u00e9tais g\u00ean\u00e9e&#8230; Moi qui n&rsquo;avait pas le droit de lui parler&#8230;<br>Et l\u00e0, j&rsquo;en \u00e9tais malade, comme un chien quand il est arriv\u00e9, il m&rsquo;a dit : &#8211; Oh&#8230; mais je vois que tu es malade&#8230;<br>Et il est all\u00e9 chercher des m\u00e9dicaments \u00e0 la pharmacie, enfin ce qu&rsquo;il fallait, et il m&rsquo;a dit : <br>&#8211; Tiens, prends \u00e7a&#8230;<\/p>\n\n\n\n<p class=\"wp-block-paragraph\">Et Maman, si elle \u00e9tait venue me trouver \u00e0 Gstaad&#8230; est ce qu&rsquo;elle serait all\u00e9e me chercher un m\u00e9dicament&#8230;? Pourquoi &#8230;? <br>Alors qu&rsquo;elle disait de lui que c&rsquo;\u00e9tait une vieille r\u00e2pe, que c&rsquo;\u00e9tait une saloperie de gaillard&#8230; Est ce qu&rsquo;elle serait all\u00e9e me chercher des m\u00e9dicaments&#8230; ?<\/p>\n\n\n\n<p class=\"wp-block-paragraph\">Il m&rsquo;avait apport\u00e9 une boite pour sucer, une boite pour machin, une boite pour&#8230; hein hein&#8230; M\u00eame moi, je n&rsquo;y serais pas all\u00e9e en acheter parce qu&rsquo;avec Maman on n&rsquo;avait jamais un truc&#8230; <br>Tu avais la grippe jusqu&rsquo;ici&#8230; mais ta gueule ! Va travailler&#8230; !<\/p>\n\n\n\n<p class=\"wp-block-paragraph\">Tu te souviens ? Toi au d\u00e9but, quand t&rsquo;\u00e9tais malade, je me disais :<br>&#8211; Non mais&#8230; On ne vas pas s&rsquo;arr\u00eater pour une grippe ! <br>Non, mais deux paires de claques ! (Rire)<\/p>\n\n\n\n<p class=\"wp-block-paragraph\">Chez nous c&rsquo;\u00e9tait \u00e7a&#8230; C&rsquo;\u00e9tait \u00e7a ! <br>On avance et on ne va pas se faire rattraper par le mal&#8230; la fuite en avant.<\/p>\n\n\n\n<p class=\"wp-block-paragraph\">Alors c&rsquo;\u00e9tait comme si avec ce stress je ne pouvais pas le rencontrer ce jour l\u00e0. Sans compter la culpabilit\u00e9 que j&rsquo;avais&#8230; J&rsquo;\u00e9tais devant lui, et je ne pouvais m\u00eame pas parler, tellement j&rsquo;\u00e9tais coupable&#8230;<\/p>\n\n\n\n<p class=\"wp-block-paragraph\">Tu sais quand je l&rsquo;avais rencontr\u00e9 une fois \u00e0 Fribourg \u00e0 l&rsquo;institut de coiffure, quand je l&rsquo;ai rencontr\u00e9, \u00e7a me d\u00e9goulinait en bas des bras&#8230; tellement \u00e7a me faisait un stress !<\/p>\n\n\n\n<p class=\"wp-block-paragraph\">Imagine le stress qu&rsquo;on m&rsquo;avait mis l\u00e0-dedans&#8230;!<\/p>\n\n\n\n<p class=\"wp-block-paragraph\">C&rsquo;est pour \u00e7a, que je n&rsquo;ai jamais voulu faire obstruction \u00e0 mes enfants pour qu&rsquo;ils puissent rencontrer leur p\u00e8re&#8230; M\u00eame si c&rsquo;\u00e9tait lui laisser une porte ouverte pour d\u00e9truire tout ce qu&rsquo;il touchait&#8230; <\/p>\n\n\n\n<p class=\"wp-block-paragraph\">Je ne m&rsquo;autorisais pas le droit de juger et surtout pas de faire ce qu&rsquo;on avait fait avec moi&#8230;<\/p>\n","protected":false},"excerpt":{"rendered":"<p>&lt;Enregistr\u00e9 le 20 F\u00e9vrier 2015&#8230;&gt; Quand t&rsquo;es fait autrement&#8230; Tu n&rsquo;arrives pas \u00e0 comprendre ! D\u00e9j\u00e0 quand je voyais mes parents, j&rsquo;\u00e9tais triste pour eux, mais je me disais : &#8211; Non mais quand m\u00eame&#8230; Je me souviens quand on a quitt\u00e9 le Buffet, je me disais&#8230;&#8211; Mais il vont quand m\u00eame r\u00e9ussir \u00e0 se [&hellip;]<\/p>\n","protected":false},"author":1,"featured_media":0,"parent":0,"menu_order":0,"comment_status":"open","ping_status":"closed","template":"pages-chapitre-07","meta":{"footnotes":""},"class_list":["post-1794","page","type-page","status-publish","hentry"],"jetpack_sharing_enabled":true,"_links":{"self":[{"href":"https:\/\/mercigracias.ch\/index.php?rest_route=\/wp\/v2\/pages\/1794","targetHints":{"allow":["GET"]}}],"collection":[{"href":"https:\/\/mercigracias.ch\/index.php?rest_route=\/wp\/v2\/pages"}],"about":[{"href":"https:\/\/mercigracias.ch\/index.php?rest_route=\/wp\/v2\/types\/page"}],"author":[{"embeddable":true,"href":"https:\/\/mercigracias.ch\/index.php?rest_route=\/wp\/v2\/users\/1"}],"replies":[{"embeddable":true,"href":"https:\/\/mercigracias.ch\/index.php?rest_route=%2Fwp%2Fv2%2Fcomments&post=1794"}],"version-history":[{"count":6,"href":"https:\/\/mercigracias.ch\/index.php?rest_route=\/wp\/v2\/pages\/1794\/revisions"}],"predecessor-version":[{"id":4906,"href":"https:\/\/mercigracias.ch\/index.php?rest_route=\/wp\/v2\/pages\/1794\/revisions\/4906"}],"wp:attachment":[{"href":"https:\/\/mercigracias.ch\/index.php?rest_route=%2Fwp%2Fv2%2Fmedia&parent=1794"}],"curies":[{"name":"wp","href":"https:\/\/api.w.org\/{rel}","templated":true}]}}

Mon père passe&#8230;

<p class="wp-block-paragraph">&lt;Enregistré le 20 Février 2015&#8230;&gt;</p>



<p class="wp-block-paragraph">Quand t&rsquo;es fait autrement&#8230; Tu n&rsquo;arrives pas à comprendre !</p>



<p class="wp-block-paragraph">Déjà quand je voyais mes parents, j&rsquo;étais triste pour eux, mais je me disais : <br>&#8211; Non mais quand même&#8230;</p>



<p class="wp-block-paragraph">Je me souviens quand on a quitté le Buffet, je me disais&#8230;<br>&#8211; Mais il vont quand même réussir à se rencontrer&#8230;? <br>Ils vont quand même réussir à s&rsquo;entendre ?</p>



<p class="wp-block-paragraph">Il y avait toujours cet espoir ! <br>&#8211; Non mais c&rsquo;est bête&#8230; Il y avait toujours ce côté, d&rsquo;espoir.</p>



<p class="wp-block-paragraph">&#8211; <em>Cette conscience, de la futilité de leurs chicaneries&#8230;?</em><br>&#8211; Oui, mais il y avait une telle pression de Maman, que quand il est venu à Gstaad me voir, moi qui n&rsquo;osais même pas rencontrer mon Père&#8230;</p>



<p class="wp-block-paragraph">Quand il est entré, je ne l&rsquo;avais pas vu, mais c&rsquo;est Ferdinand qui s&rsquo;approche de moi et qui me dit :<br>&#8211; Votre Père est venu vous voir&#8230;</p>



<p class="wp-block-paragraph">Je n&rsquo;en croyais pas mes yeux&#8230;<br>&#8211; Mais comment vous savez que c&rsquo;est mon Père ?<br>&#8211; Oh mais il n&rsquo;y a pas photo, quand je l&rsquo;ai vu dans mon miroir, ouvrir la porte, son sourire m&rsquo;a tout de suite dit que c&rsquo;était lui&#8230;</p>



<ul class="wp-block-list">
<li>Vous avez le même !</li>
</ul>



<p class="wp-block-paragraph">On a mangé ensemble et il m&rsquo;a acheté des skis, des skis rouges et une combinaison de ski Rouge&#8230; Il souvenait du Rouge de ma communion&#8230; Je l&rsquo;ai encore au galetas ! Je ne peux pas m&rsquo;en séparer&#8230;</p>



<p class="wp-block-paragraph">Mais j&rsquo;étais gênée&#8230; Moi qui n&rsquo;avait pas le droit de lui parler&#8230;<br>Et là, j&rsquo;en étais malade, comme un chien quand il est arrivé, il m&rsquo;a dit : &#8211; Oh&#8230; mais je vois que tu es malade&#8230;<br>Et il est allé chercher des médicaments à la pharmacie, enfin ce qu&rsquo;il fallait, et il m&rsquo;a dit : <br>&#8211; Tiens, prends ça&#8230;</p>



<p class="wp-block-paragraph">Et Maman, si elle était venue me trouver à Gstaad&#8230; est ce qu&rsquo;elle serait allée me chercher un médicament&#8230;? Pourquoi &#8230;? <br>Alors qu&rsquo;elle disait de lui que c&rsquo;était une vieille râpe, que c&rsquo;était une saloperie de gaillard&#8230; Est ce qu&rsquo;elle serait allée me chercher des médicaments&#8230; ?</p>



<p class="wp-block-paragraph">Il m&rsquo;avait apporté une boite pour sucer, une boite pour machin, une boite pour&#8230; hein hein&#8230; Même moi, je n&rsquo;y serais pas allée en acheter parce qu&rsquo;avec Maman on n&rsquo;avait jamais un truc&#8230; <br>Tu avais la grippe jusqu&rsquo;ici&#8230; mais ta gueule ! Va travailler&#8230; !</p>



<p class="wp-block-paragraph">Tu te souviens ? Toi au début, quand t&rsquo;étais malade, je me disais :<br>&#8211; Non mais&#8230; On ne vas pas s&rsquo;arrêter pour une grippe ! <br>Non, mais deux paires de claques ! (Rire)</p>



<p class="wp-block-paragraph">Chez nous c&rsquo;était ça&#8230; C&rsquo;était ça ! <br>On avance et on ne va pas se faire rattraper par le mal&#8230; la fuite en avant.</p>



<p class="wp-block-paragraph">Alors c&rsquo;était comme si avec ce stress je ne pouvais pas le rencontrer ce jour là. Sans compter la culpabilité que j&rsquo;avais&#8230; J&rsquo;étais devant lui, et je ne pouvais même pas parler, tellement j&rsquo;étais coupable&#8230;</p>



<p class="wp-block-paragraph">Tu sais quand je l&rsquo;avais rencontré une fois à Fribourg à l&rsquo;institut de coiffure, quand je l&rsquo;ai rencontré, ça me dégoulinait en bas des bras&#8230; tellement ça me faisait un stress !</p>



<p class="wp-block-paragraph">Imagine le stress qu&rsquo;on m&rsquo;avait mis là-dedans&#8230;!</p>



<p class="wp-block-paragraph">C&rsquo;est pour ça, que je n&rsquo;ai jamais voulu faire obstruction à mes enfants pour qu&rsquo;ils puissent rencontrer leur père&#8230; Même si c&rsquo;était lui laisser une porte ouverte pour détruire tout ce qu&rsquo;il touchait&#8230; </p>



<p class="wp-block-paragraph">Je ne m&rsquo;autorisais pas le droit de juger et surtout pas de faire ce qu&rsquo;on avait fait avec moi&#8230;</p>

<p>&lt;Enregistré le 20 Février 2015&#8230;&gt; Quand t&rsquo;es fait autrement&#8230; Tu n&rsquo;arrives pas à comprendre ! Déjà quand je voyais mes parents, j&rsquo;étais triste pour eux, mais je me disais : &#8211; Non mais quand même&#8230; Je me souviens quand on a quitté le Buffet, je me disais&#8230;&#8211; Mais il vont quand même réussir à se [&hellip;]</p>
