{"id":1808,"date":"2026-02-25T21:51:50","date_gmt":"2026-02-25T21:51:50","guid":{"rendered":"https:\/\/mercigracias.ch\/?page_id=1808"},"modified":"2026-07-13T05:48:44","modified_gmt":"2026-07-13T05:48:44","slug":"yves-montant","status":"publish","type":"page","link":"https:\/\/mercigracias.ch\/?page_id=1808","title":{"rendered":"Ah, ces personnalit\u00e9s !"},"content":{"rendered":"\n<p class=\"wp-block-paragraph\">&lt;Enregistr\u00e9 le 15 Septembre 2015&gt;<\/p>\n\n\n\n<p class=\"wp-block-paragraph\">Je n&rsquo;ai jamais compris comment on pouvait se mettre dans des \u00e9tats pareils devant des c\u00e9l\u00e9brit\u00e9s, c&rsquo;\u00e9tait comme avec ma s\u0153ur devant Claude Fran\u00e7ois, qu&rsquo;elle ne le connaissait ni en blanc ni en noir, mais qui lui faisait un tel effet&#8230; Elle occupait toute la paroi de son lit avec tous ses posters&#8230; et puis elle voulait occuper toute ma partie&#8230; de mon c\u00f4t\u00e9 aussi !<\/p>\n\n\n\n<p class=\"wp-block-paragraph\">J&rsquo;\u00e9tais compl\u00e8tement retourn\u00e9e, que cet homme puisse lui faire un tel effet&#8230; Je me suis bien demand\u00e9e, jusqu&rsquo;o\u00f9 elle pouvait aller ?<\/p>\n\n\n\n<p class=\"wp-block-paragraph\">Je ne comprenais pas cet engouement, cette hyst\u00e9rie devant des c\u00e9l\u00e9brit\u00e9s&#8230;<\/p>\n\n\n\n<p class=\"wp-block-paragraph\">Qu&rsquo;est ce que \u00e7a pouvait bien m&rsquo;apporter et me faire&#8230;?<br>M\u00eame aussi quand \u00e0 Gstaad, on m&rsquo;a dit :<br>&#8211; Quoi ? Yves Montant ?&#8230; Tu vas voir Yves Montant ?<br>&#8211; Ben oui&#8230; Yves Montant, Yves Montant&#8230; Euhhh&#8230;<\/p>\n\n\n\n<p class=\"wp-block-paragraph\">&#8211; Quoi, il a voulu t&rsquo;inviter \u00e0 manger et t&rsquo;as refus\u00e9 ?<br>&#8211; Yves Montant, Yves Montant&#8230; Mais qu&rsquo;est ce que je m&rsquo;en fous d&rsquo;Yves Montant&#8230; Il ne m&rsquo;a rien fait Yves Montant, hein !<\/p>\n\n\n\n<p class=\"wp-block-paragraph\">Moi, je suis beaucoup plus admirative envers une s\u0153ur Emmanuelle qui a fait quelque chose que j&rsquo;ai vu, qui a fait quelque chose pour le monde, qui a fait une recherche et en fin de compte, qui a encore l&rsquo;humilit\u00e9 de dire au tout au fond de sa vie, \u00e0 nonante ans, son dernier livre qu&rsquo;elle a \u00e9crit \u00e0 92 ans&#8230; je crois bien et qui dit :<br>&#8211; J&rsquo;ai vraiment appris la vie, qu&rsquo;\u00e0 partir de 80 ans !<br>Quand on m&rsquo;a retir\u00e9 la possibilit\u00e9 d&rsquo;agir, et d&rsquo;aller \u00e0 la t\u00e9l\u00e9vision&#8230;<br>Et combien j&rsquo;\u00e9tais vaniteuse, capricieuse et envieuse ! <br>Maintenant j&rsquo;ai appris \u00e0 faire bouger le monde, sans me d\u00e9placer&#8230; comme \u00e7a.<\/p>\n\n\n\n<p class=\"wp-block-paragraph\">&#8211; <em>C&rsquo;est dr\u00f4le, parce que finalement, le fait que tu n&rsquo;avais pas de moi marqu\u00e9 dans ton enfance, tu ne mettais pas de valeur, sur les gens par rapport \u00e0 ce qu&rsquo;ils faisaient ou ce qu&rsquo;ils avaient fait, mais par rapport \u00e0 leur \u00eatre&#8230; profond.<\/em><br>&#8211; Ouais !<\/p>\n\n\n\n<p class=\"wp-block-paragraph\">&#8211;<em>D\u00e9j\u00e0 tr\u00e8s t\u00f4t&#8230;<\/em><br>Ouais&#8230;<\/p>\n\n\n\n<p class=\"wp-block-paragraph\">&#8211; <em>Tu ne pouvais pas comprendre pourquoi ta s\u0153ur pouvait accorder autant d&rsquo;importance \u00e0 des chanteurs, par rapport \u00e0 ce qu&rsquo;ils avaient fait&#8230; C&rsquo;est profond, parce que g\u00e9n\u00e9ralement les gens<\/em> <em>sont valoris\u00e9s par ce qu&rsquo;ils font, par leurs actes&#8230; et pas par ce qu&rsquo;ils sont&#8230;!<\/em><\/p>\n\n\n\n<p class=\"wp-block-paragraph\">&#8211; Oui je me souviens quand j&rsquo;\u00e9tais enfant, assez petite, on avait une sommeli\u00e8re Antoinette qui venait, et le bonheur qu&rsquo;elle avait&#8230;<br>Elle disait :<br>&#8211; Tiens j&rsquo;ai un peu d&rsquo;argent de poche&#8230; C&rsquo;\u00e9tait la seule fois o\u00f9 elle allait chercher un petit cake \u00e0 la boulangerie d&rsquo;\u00e0 c\u00f4t\u00e9 et elle nous offrait un dessert. Mais la joie qu&rsquo;elle avait de nous offrir un g\u00e2teau&#8230; et je me disais :<br>&#8211; C&rsquo;est magnifique, elle gagne ici seulement avec les pourboires, et avec ses pourboires, elle vient offrir \u00e0 tout le monde, \u00e0 la famille un petit morceau de cake&#8230; et la joie qu&rsquo;elle en avait&#8230; Et quand je lavais les verres, elle me disait :<br>&#8211; Ecoute maintenant, tu as fait deux ou trois fois les verres, et \u00e7a revient toujours&#8230; Alors va jouer dehors, c&rsquo;est ton heure, maintenant d&rsquo;aller jouer, va un petit peu jouer avec tes copines&#8230;<\/p>\n\n\n\n<p class=\"wp-block-paragraph\">Son \u00e2me, \u00e9tait d&rsquo;une transparence pour moi&#8230;parce qu&rsquo;elle avait quelque chose&#8230; Elle avait la bont\u00e9 dans le c\u0153ur, quoi !<\/p>\n\n\n\n<p class=\"wp-block-paragraph\">C&rsquo;\u00e9tait l&rsquo;\u00eatre, pour moi c&rsquo;\u00e9tait des gens qui avaient fait quelque chose&#8230; des m\u00e8res Th\u00e9resa&#8230;<\/p>\n\n\n\n<p class=\"wp-block-paragraph\">\u00c7a j&rsquo;ai lu les livres de ces gens, parce que j&rsquo;ai trouv\u00e9 que c&rsquo;\u00e9tait des Gandhi&#8230; Ouais, voil\u00e0 c&rsquo;\u00e9taient des vrais personnalit\u00e9s o\u00f9 tu peux avoir quelque chose, o\u00f9 tu peux dire que ces gens ont apport\u00e9 quelque chose \u00e0 l&rsquo;humanit\u00e9 \u00e0 cause de ce qu&rsquo;ils \u00e9taient&#8230;<\/p>\n\n\n\n<p class=\"wp-block-paragraph\">Voil\u00e0 pour ceux-l\u00e0, je comprends, qu&rsquo;on puisse \u00eatre admiratif&#8230;<\/p>\n\n\n\n<p class=\"wp-block-paragraph\">Mais pour un acteur, un chanteur, mais qu&rsquo;est ce qu&rsquo;il a fait celui-l\u00e0&#8230;?<\/p>\n\n\n\n<p class=\"wp-block-paragraph\">Tu vois, quand j&rsquo;\u00e9tais all\u00e9 voir Yves Montant&#8230; le r\u00f4le qu&rsquo;il jouait quand j&rsquo;\u00e9tais l\u00e0 \u00e0 regarder et attendre&#8230; Il \u00e9tait l\u00e0 avec Isabelle Adjani, et il disait toute la journ\u00e9e :<\/p>\n\n\n\n<p class=\"wp-block-paragraph\">&#8211; Tu viennnns ?&#8230;<\/p>\n\n\n\n<p class=\"wp-block-paragraph\">et Isabelle Adjani, elle arrivait et elle disait&#8230;<\/p>\n\n\n\n<p class=\"wp-block-paragraph\">Ouiiii&#8230; J&rsquo;arrive&#8230; ! (Rire)<\/p>\n\n\n\n<p class=\"wp-block-paragraph\">Alors apr\u00e8s, on me demandait&#8230; :<br>&#8211; Mais qu&rsquo;est ce qui s&rsquo;est pass\u00e9 ?<\/p>\n\n\n\n<p class=\"wp-block-paragraph\">&#8230;Alors, je leur r\u00e9pondais :<br>&#8211; Tu viennnns ?&#8230;.Ouiiii&#8230; J&rsquo;arrive&#8230; (Rire)<\/p>\n\n\n\n<p class=\"wp-block-paragraph\">Pour moi \u00e7a repr\u00e9sentait \u00e7a&#8230; ! <br>Je me disais :<br>&#8211; Ouf, c&rsquo;est fantastique !  <\/p>\n\n\n\n<p class=\"wp-block-paragraph\">On leur fait toute une histoire pour : Tu viens ?&#8230;.Oui&#8230;J&rsquo;arrive&#8230; ? <br>et on est en admiration pour \u00e7a&#8230;!?<br>Je me disais&#8230; mais moi aussi je sais dire : <br>&#8211; Tu viens ?&#8230;.Oui&#8230; J&rsquo;arrive.. (Rire)<\/p>\n\n\n\n<p class=\"wp-block-paragraph\">Et \u00e7a s&rsquo;arr\u00eatait \u00e0 \u00e7a ! Voil\u00e0, Yves Montant et Isabelle Adjani&#8230; et les gens \u00e9taient en adoration, par un truc, aahhhh (Soufflement) pas possible&#8230; !<\/p>\n\n\n\n<p class=\"wp-block-paragraph\">&#8211; Aah, mais quand m\u00eame, c&rsquo;est d\u00e9gueulasse, qu&rsquo;elle me disait Rose-Marie, et l&rsquo;autre&#8230; Ooh, mais je ne sais pas, pourquoi tu ne nous a pas dit&#8230; !<br>Elle en ramassait plein la figure, celle qui se prenait pour la reine de Gstaad&#8230; Parce qu&rsquo;elle avait \u00e9t\u00e9 \u00e0 c\u00f4t\u00e9 de moi quand ils sont venus me demander, \u00e0 Moi&#8230; pour aller tourner avec Yves Montant, et Isabelle Adjani ! <br>&#8211; Mais qu&rsquo;est ce qu&rsquo;ils te voulaient qu&rsquo;elle m&rsquo;a demand\u00e9 ? <br>&#8211; Ils m&rsquo;ont demand\u00e9e pour jouer dans le film, quoi&#8230;<\/p>\n\n\n\n<p class=\"wp-block-paragraph\">&#8211; Ouais, Ouais&#8230; Mais c&rsquo;est qui celui-l\u00e0? que je leur disais&#8230;<\/p>\n\n\n\n<p class=\"wp-block-paragraph\">Ben je ne les connais pas moi&#8230; Je ne les connais pas, ils n&rsquo;\u00e9taient pas dans ma classe&#8230;(Rire) Je n&rsquo;ai rien fait avec eux&#8230;<\/p>\n\n\n\n<p class=\"wp-block-paragraph\"><\/p>\n","protected":false},"excerpt":{"rendered":"<p>&lt;Enregistr\u00e9 le 15 Septembre 2015&gt; Je n&rsquo;ai jamais compris comment on pouvait se mettre dans des \u00e9tats pareils devant des c\u00e9l\u00e9brit\u00e9s, c&rsquo;\u00e9tait comme avec ma s\u0153ur devant Claude Fran\u00e7ois, qu&rsquo;elle ne le connaissait ni en blanc ni en noir, mais qui lui faisait un tel effet&#8230; Elle occupait toute la paroi de son lit avec [&hellip;]<\/p>\n","protected":false},"author":1,"featured_media":0,"parent":0,"menu_order":0,"comment_status":"open","ping_status":"closed","template":"pages-chapitre-07","meta":{"footnotes":""},"class_list":["post-1808","page","type-page","status-publish","hentry"],"jetpack_sharing_enabled":true,"_links":{"self":[{"href":"https:\/\/mercigracias.ch\/index.php?rest_route=\/wp\/v2\/pages\/1808","targetHints":{"allow":["GET"]}}],"collection":[{"href":"https:\/\/mercigracias.ch\/index.php?rest_route=\/wp\/v2\/pages"}],"about":[{"href":"https:\/\/mercigracias.ch\/index.php?rest_route=\/wp\/v2\/types\/page"}],"author":[{"embeddable":true,"href":"https:\/\/mercigracias.ch\/index.php?rest_route=\/wp\/v2\/users\/1"}],"replies":[{"embeddable":true,"href":"https:\/\/mercigracias.ch\/index.php?rest_route=%2Fwp%2Fv2%2Fcomments&post=1808"}],"version-history":[{"count":10,"href":"https:\/\/mercigracias.ch\/index.php?rest_route=\/wp\/v2\/pages\/1808\/revisions"}],"predecessor-version":[{"id":5672,"href":"https:\/\/mercigracias.ch\/index.php?rest_route=\/wp\/v2\/pages\/1808\/revisions\/5672"}],"wp:attachment":[{"href":"https:\/\/mercigracias.ch\/index.php?rest_route=%2Fwp%2Fv2%2Fmedia&parent=1808"}],"curies":[{"name":"wp","href":"https:\/\/api.w.org\/{rel}","templated":true}]}}

Ah, ces personnalités !

<p class="wp-block-paragraph">&lt;Enregistré le 15 Septembre 2015&gt;</p>



<p class="wp-block-paragraph">Je n&rsquo;ai jamais compris comment on pouvait se mettre dans des états pareils devant des célébrités, c&rsquo;était comme avec ma sœur devant Claude François, qu&rsquo;elle ne le connaissait ni en blanc ni en noir, mais qui lui faisait un tel effet&#8230; Elle occupait toute la paroi de son lit avec tous ses posters&#8230; et puis elle voulait occuper toute ma partie&#8230; de mon côté aussi !</p>



<p class="wp-block-paragraph">J&rsquo;étais complètement retournée, que cet homme puisse lui faire un tel effet&#8230; Je me suis bien demandée, jusqu&rsquo;où elle pouvait aller ?</p>



<p class="wp-block-paragraph">Je ne comprenais pas cet engouement, cette hystérie devant des célébrités&#8230;</p>



<p class="wp-block-paragraph">Qu&rsquo;est ce que ça pouvait bien m&rsquo;apporter et me faire&#8230;?<br>Même aussi quand à Gstaad, on m&rsquo;a dit :<br>&#8211; Quoi ? Yves Montant ?&#8230; Tu vas voir Yves Montant ?<br>&#8211; Ben oui&#8230; Yves Montant, Yves Montant&#8230; Euhhh&#8230;</p>



<p class="wp-block-paragraph">&#8211; Quoi, il a voulu t&rsquo;inviter à manger et t&rsquo;as refusé ?<br>&#8211; Yves Montant, Yves Montant&#8230; Mais qu&rsquo;est ce que je m&rsquo;en fous d&rsquo;Yves Montant&#8230; Il ne m&rsquo;a rien fait Yves Montant, hein !</p>



<p class="wp-block-paragraph">Moi, je suis beaucoup plus admirative envers une sœur Emmanuelle qui a fait quelque chose que j&rsquo;ai vu, qui a fait quelque chose pour le monde, qui a fait une recherche et en fin de compte, qui a encore l&rsquo;humilité de dire au tout au fond de sa vie, à nonante ans, son dernier livre qu&rsquo;elle a écrit à 92 ans&#8230; je crois bien et qui dit :<br>&#8211; J&rsquo;ai vraiment appris la vie, qu&rsquo;à partir de 80 ans !<br>Quand on m&rsquo;a retiré la possibilité d&rsquo;agir, et d&rsquo;aller à la télévision&#8230;<br>Et combien j&rsquo;étais vaniteuse, capricieuse et envieuse ! <br>Maintenant j&rsquo;ai appris à faire bouger le monde, sans me déplacer&#8230; comme ça.</p>



<p class="wp-block-paragraph">&#8211; <em>C&rsquo;est drôle, parce que finalement, le fait que tu n&rsquo;avais pas de moi marqué dans ton enfance, tu ne mettais pas de valeur, sur les gens par rapport à ce qu&rsquo;ils faisaient ou ce qu&rsquo;ils avaient fait, mais par rapport à leur être&#8230; profond.</em><br>&#8211; Ouais !</p>



<p class="wp-block-paragraph">&#8211;<em>Déjà très tôt&#8230;</em><br>Ouais&#8230;</p>



<p class="wp-block-paragraph">&#8211; <em>Tu ne pouvais pas comprendre pourquoi ta sœur pouvait accorder autant d&rsquo;importance à des chanteurs, par rapport à ce qu&rsquo;ils avaient fait&#8230; C&rsquo;est profond, parce que généralement les gens</em> <em>sont valorisés par ce qu&rsquo;ils font, par leurs actes&#8230; et pas par ce qu&rsquo;ils sont&#8230;!</em></p>



<p class="wp-block-paragraph">&#8211; Oui je me souviens quand j&rsquo;étais enfant, assez petite, on avait une sommelière Antoinette qui venait, et le bonheur qu&rsquo;elle avait&#8230;<br>Elle disait :<br>&#8211; Tiens j&rsquo;ai un peu d&rsquo;argent de poche&#8230; C&rsquo;était la seule fois où elle allait chercher un petit cake à la boulangerie d&rsquo;à côté et elle nous offrait un dessert. Mais la joie qu&rsquo;elle avait de nous offrir un gâteau&#8230; et je me disais :<br>&#8211; C&rsquo;est magnifique, elle gagne ici seulement avec les pourboires, et avec ses pourboires, elle vient offrir à tout le monde, à la famille un petit morceau de cake&#8230; et la joie qu&rsquo;elle en avait&#8230; Et quand je lavais les verres, elle me disait :<br>&#8211; Ecoute maintenant, tu as fait deux ou trois fois les verres, et ça revient toujours&#8230; Alors va jouer dehors, c&rsquo;est ton heure, maintenant d&rsquo;aller jouer, va un petit peu jouer avec tes copines&#8230;</p>



<p class="wp-block-paragraph">Son âme, était d&rsquo;une transparence pour moi&#8230;parce qu&rsquo;elle avait quelque chose&#8230; Elle avait la bonté dans le cœur, quoi !</p>



<p class="wp-block-paragraph">C&rsquo;était l&rsquo;être, pour moi c&rsquo;était des gens qui avaient fait quelque chose&#8230; des mères Théresa&#8230;</p>



<p class="wp-block-paragraph">Ça j&rsquo;ai lu les livres de ces gens, parce que j&rsquo;ai trouvé que c&rsquo;était des Gandhi&#8230; Ouais, voilà c&rsquo;étaient des vrais personnalités où tu peux avoir quelque chose, où tu peux dire que ces gens ont apporté quelque chose à l&rsquo;humanité à cause de ce qu&rsquo;ils étaient&#8230;</p>



<p class="wp-block-paragraph">Voilà pour ceux-là, je comprends, qu&rsquo;on puisse être admiratif&#8230;</p>



<p class="wp-block-paragraph">Mais pour un acteur, un chanteur, mais qu&rsquo;est ce qu&rsquo;il a fait celui-là&#8230;?</p>



<p class="wp-block-paragraph">Tu vois, quand j&rsquo;étais allé voir Yves Montant&#8230; le rôle qu&rsquo;il jouait quand j&rsquo;étais là à regarder et attendre&#8230; Il était là avec Isabelle Adjani, et il disait toute la journée :</p>



<p class="wp-block-paragraph">&#8211; Tu viennnns ?&#8230;</p>



<p class="wp-block-paragraph">et Isabelle Adjani, elle arrivait et elle disait&#8230;</p>



<p class="wp-block-paragraph">Ouiiii&#8230; J&rsquo;arrive&#8230; ! (Rire)</p>



<p class="wp-block-paragraph">Alors après, on me demandait&#8230; :<br>&#8211; Mais qu&rsquo;est ce qui s&rsquo;est passé ?</p>



<p class="wp-block-paragraph">&#8230;Alors, je leur répondais :<br>&#8211; Tu viennnns ?&#8230;.Ouiiii&#8230; J&rsquo;arrive&#8230; (Rire)</p>



<p class="wp-block-paragraph">Pour moi ça représentait ça&#8230; ! <br>Je me disais :<br>&#8211; Ouf, c&rsquo;est fantastique !  </p>



<p class="wp-block-paragraph">On leur fait toute une histoire pour : Tu viens ?&#8230;.Oui&#8230;J&rsquo;arrive&#8230; ? <br>et on est en admiration pour ça&#8230;!?<br>Je me disais&#8230; mais moi aussi je sais dire : <br>&#8211; Tu viens ?&#8230;.Oui&#8230; J&rsquo;arrive.. (Rire)</p>



<p class="wp-block-paragraph">Et ça s&rsquo;arrêtait à ça ! Voilà, Yves Montant et Isabelle Adjani&#8230; et les gens étaient en adoration, par un truc, aahhhh (Soufflement) pas possible&#8230; !</p>



<p class="wp-block-paragraph">&#8211; Aah, mais quand même, c&rsquo;est dégueulasse, qu&rsquo;elle me disait Rose-Marie, et l&rsquo;autre&#8230; Ooh, mais je ne sais pas, pourquoi tu ne nous a pas dit&#8230; !<br>Elle en ramassait plein la figure, celle qui se prenait pour la reine de Gstaad&#8230; Parce qu&rsquo;elle avait été à côté de moi quand ils sont venus me demander, à Moi&#8230; pour aller tourner avec Yves Montant, et Isabelle Adjani ! <br>&#8211; Mais qu&rsquo;est ce qu&rsquo;ils te voulaient qu&rsquo;elle m&rsquo;a demandé ? <br>&#8211; Ils m&rsquo;ont demandée pour jouer dans le film, quoi&#8230;</p>



<p class="wp-block-paragraph">&#8211; Ouais, Ouais&#8230; Mais c&rsquo;est qui celui-là? que je leur disais&#8230;</p>



<p class="wp-block-paragraph">Ben je ne les connais pas moi&#8230; Je ne les connais pas, ils n&rsquo;étaient pas dans ma classe&#8230;(Rire) Je n&rsquo;ai rien fait avec eux&#8230;</p>



<p class="wp-block-paragraph"></p>

<p>&lt;Enregistré le 15 Septembre 2015&gt; Je n&rsquo;ai jamais compris comment on pouvait se mettre dans des états pareils devant des célébrités, c&rsquo;était comme avec ma sœur devant Claude François, qu&rsquo;elle ne le connaissait ni en blanc ni en noir, mais qui lui faisait un tel effet&#8230; Elle occupait toute la paroi de son lit avec [&hellip;]</p>
