{"id":1839,"date":"2026-02-26T21:00:44","date_gmt":"2026-02-26T21:00:44","guid":{"rendered":"https:\/\/mercigracias.ch\/?page_id=1839"},"modified":"2026-06-26T13:03:45","modified_gmt":"2026-06-26T13:03:45","slug":"les-uniformes","status":"publish","type":"page","link":"https:\/\/mercigracias.ch\/?page_id=1839","title":{"rendered":"Les uniformes"},"content":{"rendered":"\n<p class=\"wp-block-paragraph\">&lt;Enregistr\u00e9 le 28 Ao\u00fbt 2014&gt;<\/p>\n\n\n\n<p class=\"wp-block-paragraph\">Madame \u00ab\u00a0J&rsquo;occupe toute la place\u00a0\u00bb disait :<br>&#8211; Ah, mais moi je sais bien&#8230; Je suis grande, j&rsquo;ai les yeux magnifiques, Je parles quatre langues&#8230; et Ferdinand est bien content de m&rsquo;avoir parce que si je n&rsquo;\u00e9tais pas l\u00e0, euh&#8230; qui c&rsquo;est qui s&rsquo;occuperait de ci et de \u00e7a quand ils partent en vacances ? Qui c&rsquo;est qui peut rester avec la caisse&#8230;?<\/p>\n\n\n\n<p class=\"wp-block-paragraph\">Enfin bref, c&rsquo;\u00e9tait la personne qui savait qu&rsquo;elle occupait la place !<br>Et Madame \u00ab\u00a0J&rsquo;occupe toute la place\u00a0\u00bb, je suis bien l\u00e0, quand je suis l\u00e0&#8230;<\/p>\n\n\n\n<p class=\"wp-block-paragraph\">D&rsquo;ailleurs, elle avait \u00e9t\u00e9 tr\u00e8s en col\u00e8re lorsque je suis arriv\u00e9e la premi\u00e8re ann\u00e9e, parce que tout le monde \u00e9tait habill\u00e9 en Jeans, n&rsquo;importe comment et comme on \u00e9tait deux, quatre, cinq, on \u00e9tait m\u00eame six en pleine saison !<\/p>\n\n\n\n<p class=\"wp-block-paragraph\">Alors quand les clients arrivaient, tu vois&#8230; beaucoup arrivaient avec leurs souliers de montagne dans le salon de coiffure, et ils cherchaient \u00e0 savoir qui \u00e9tait le coiffeur&#8230; <br>Tu vois, puisqu&rsquo;on \u00e9tait habill\u00e9 en Jeans, et que chacun avait son habit personnel&#8230;<\/p>\n\n\n\n<p class=\"wp-block-paragraph\">Tout le monde s&rsquo;habillait comme il voulait, et personne ne disait rien du tout, il n&rsquo;y avait pas d&rsquo;uniforme. Alors j&rsquo;ai dit \u00e0 Ferdinand :<br>&#8211; C&rsquo;est pas \u00ab\u00a0Classe\u00a0\u00bb ce n&rsquo;est pas joli, on pourrait faire un salon beaucoup plus joli&#8230; !<\/p>\n\n\n\n<p class=\"wp-block-paragraph\">Tu vois, c&rsquo;\u00e9tait joli, ce petit salon de coiffure avec ses petites fen\u00eatres en bois, c&rsquo;\u00e9tait tout mignon, c&rsquo;\u00e9tait \u00e0 bouffer&#8230; C&rsquo;\u00e9tait un endroit avec un charme fou !<\/p>\n\n\n\n<p class=\"wp-block-paragraph\">Quelques jours avant, j&rsquo;avais d\u00e9j\u00e0 demand\u00e9 \u00e0 Ils\u00e9, en t\u00eate \u00e0 t\u00eate&#8230; <br>&#8211; Mais comment \u00e7a se fait qu&rsquo;on n&rsquo;ait pas un habit de travail, ici ?<br>Qu&rsquo;on soit en Jeans n&rsquo;importe comment ? <br>\u00c7a ressemble \u00e0 n&rsquo;importe quoi, mais comment \u00e7a se fait&#8230; ?<\/p>\n\n\n\n<p class=\"wp-block-paragraph\">Alors \u00e0 Ferdinand, je lui ai dit :<br>&#8211; Mais on devrait avoir un uniforme&#8230; une marque !<br>Vous, on vous reconnait, on sait que vous \u00eates le coiffeur, mais nous, les autres&#8230; comment est ce qu&rsquo;on nous reconnait ?<br>Vous, les gens vous connaissent bien depuis toutes ces ann\u00e9es, mais nous\u00a0? Parce que quand les gens rentrent, il devraient directement savoir \u00e0 qui ils ont \u00e0 faire&#8230; Et on est plusieurs personnes \u00e0 travailler ici&#8230; Quand ils rentrent ils doivent pouvoir se dire :<br>&#8211; Ben tiens celle-l\u00e0, c&rsquo;est avec celle-l\u00e0 que je m&rsquo;adresse&#8230;<\/p>\n\n\n\n<p class=\"wp-block-paragraph\">On devrait avoir quelque chose qui fait qu&rsquo;ils savent qu&rsquo;ils s&rsquo;adressent \u00e0 des professionnels&#8230; et puis l\u00e0-dessus il me dit\u00a0:<br>&#8211; Ouais, mais vous pensez \u00e0 quoi\u00a0?<\/p>\n\n\n\n<p class=\"wp-block-paragraph\">Et Ils\u00e9 avait rajout\u00e9 :<br>&#8211; Ben oui, c&rsquo;est vrai, vous avez raison, vous verriez quoi ?<\/p>\n\n\n\n<p class=\"wp-block-paragraph\">Alors je leur dis : <br>&#8211; On pourrait porter un ensemble&#8230; On pourrait porter un costume, un costume comme vous voulez, hein&#8230; C&rsquo;est \u00e9gal&#8230; Un uniforme qui repr\u00e9sente, la montagne, qui repr\u00e9sente votre salon&#8230; Mais on peut regarder ensemble, ce qu&rsquo;on peut trouver comme uniforme, et on peut en discuter tous ensemble&#8230;<\/p>\n\n\n\n<p class=\"wp-block-paragraph\">Alors sa femme, pendant le week-end, elle a directement regard\u00e9, et puis le lundi matin, elle est arriv\u00e9e avec des prospectus, et elle ma dit\u00a0: <br>&#8211; Regardez ce que j&rsquo;ai vu&#8230; il y aurait plus ou moins \u00e7a&#8230; et \u00e7a&#8230; ou \u00e7a qui me plairait&#8230;<br>&#8211; Voil\u00e0, c&rsquo;est une bonne id\u00e9e ! que je lui dis&#8230; <br>Et ah, ben \u00e7a c&rsquo;est pas mal, et puis \u00e7a aussi&#8230; Mais vous savez, ce qui est important, c&rsquo;est qu&rsquo;on nous reconnaisse&#8230;<\/p>\n\n\n\n<p class=\"wp-block-paragraph\">C&rsquo;est vrai que \u00e7a allait bien avec le chalet, ce qu&rsquo;elle avait choisi. <br>Alors elle me dit :<br>&#8211; Alors si je commande \u00e7a, qu&rsquo;est ce que vous en pensez ?<br>&#8211; C&rsquo;est tr\u00e8s bien&nbsp;! \u00c7a va tr\u00e8s tr\u00e8s bien&nbsp;!<\/p>\n\n\n\n<p class=\"wp-block-paragraph\">Et puis l\u00e0-dessus elle a d\u00e9cid\u00e9 de prendre les tailles de tout le monde, puis elle a command\u00e9&#8230;<\/p>\n\n\n\n<p class=\"wp-block-paragraph\">Tu penses bien que Madame \u00ab\u00a0J&rsquo;occupe toute la place\u00a0\u00bb, quand elle est arriv\u00e9e, elle a dit\u00a0: <br>&#8211; C&rsquo;est quoi ces machins&#8230;! Maintenant depuis que celle-l\u00e0 est arriv\u00e9e, on doit mettre des uniformes !?<\/p>\n\n\n\n<p class=\"wp-block-paragraph\">Alors qu&rsquo;elle, elle \u00e9tait fille du \u00ab\u00a0Maitre d&rsquo;h\u00f4tel\u00a0\u00bb, elle qui coiffait les femmes, les Jeudi, Vendredi, Samedi&#8230; Elle qui avait des habits de marques&#8230; Bien s\u00fbr, c&rsquo;\u00e9tait aussi quelqu&rsquo;un, elle avait fait aussi des saisons sur des bateaux, elle avait un mari important&#8230; <br>Elle \u00e9tait grande, taille mannequin, les cheveux noirs, la peau basan\u00e9e, des yeux bleus qui sortaient \u00ab\u00a0Cara\u00efbe\u00a0\u00bb c&rsquo;\u00e9tait une tr\u00e8s belle femme&#8230;!<\/p>\n\n\n\n<p class=\"wp-block-paragraph\">&#8211; C&rsquo;est un monde, quand m\u00eame, on ne se demande pas qui c&rsquo;est qui a mis \u00e7a de nouveau dans la t\u00eate du patron !<br>Voil\u00e0&#8230; et sa femme ne nous a m\u00eame pas demand\u00e9 pour choisir, les costumes\u00a0! <br>Et maintenant on nous impose&#8230; On est habill\u00e9 comme des clodos, comme des guignols ! <br>Tiens on aurait pu marquer \u00ab\u00a0Machin\u00a0\u00bb ici &#8230;et tout ce qui s&rsquo;ensuit, <br>on n&rsquo;a pas tous les moyens de se payer tous ces trucs&#8230;<\/p>\n\n\n\n<ul class=\"wp-block-list\">\n<li>Alors elle \u00e9tait furax&#8230;!<\/li>\n<\/ul>\n\n\n\n<p class=\"wp-block-paragraph\">Mais moi, jamais je ne m&rsquo;\u00e9tais mesur\u00e9e \u00e0 elle, absolument pas&#8230;<br>Rien du tout !<\/p>\n","protected":false},"excerpt":{"rendered":"<p>&lt;Enregistr\u00e9 le 28 Ao\u00fbt 2014&gt; Madame \u00ab\u00a0J&rsquo;occupe toute la place\u00a0\u00bb disait :&#8211; Ah, mais moi je sais bien&#8230; Je suis grande, j&rsquo;ai les yeux magnifiques, Je parles quatre langues&#8230; et Ferdinand est bien content de m&rsquo;avoir parce que si je n&rsquo;\u00e9tais pas l\u00e0, euh&#8230; qui c&rsquo;est qui s&rsquo;occuperait de ci et de \u00e7a quand ils [&hellip;]<\/p>\n","protected":false},"author":1,"featured_media":0,"parent":0,"menu_order":0,"comment_status":"open","ping_status":"closed","template":"pages-chapitre-07","meta":{"footnotes":""},"class_list":["post-1839","page","type-page","status-publish","hentry"],"jetpack_sharing_enabled":true,"_links":{"self":[{"href":"https:\/\/mercigracias.ch\/index.php?rest_route=\/wp\/v2\/pages\/1839","targetHints":{"allow":["GET"]}}],"collection":[{"href":"https:\/\/mercigracias.ch\/index.php?rest_route=\/wp\/v2\/pages"}],"about":[{"href":"https:\/\/mercigracias.ch\/index.php?rest_route=\/wp\/v2\/types\/page"}],"author":[{"embeddable":true,"href":"https:\/\/mercigracias.ch\/index.php?rest_route=\/wp\/v2\/users\/1"}],"replies":[{"embeddable":true,"href":"https:\/\/mercigracias.ch\/index.php?rest_route=%2Fwp%2Fv2%2Fcomments&post=1839"}],"version-history":[{"count":8,"href":"https:\/\/mercigracias.ch\/index.php?rest_route=\/wp\/v2\/pages\/1839\/revisions"}],"predecessor-version":[{"id":4914,"href":"https:\/\/mercigracias.ch\/index.php?rest_route=\/wp\/v2\/pages\/1839\/revisions\/4914"}],"wp:attachment":[{"href":"https:\/\/mercigracias.ch\/index.php?rest_route=%2Fwp%2Fv2%2Fmedia&parent=1839"}],"curies":[{"name":"wp","href":"https:\/\/api.w.org\/{rel}","templated":true}]}}

<p class="wp-block-paragraph">&lt;Enregistré le 28 Août 2014&gt;</p>



<p class="wp-block-paragraph">Madame « J&rsquo;occupe toute la place » disait :<br>&#8211; Ah, mais moi je sais bien&#8230; Je suis grande, j&rsquo;ai les yeux magnifiques, Je parles quatre langues&#8230; et Ferdinand est bien content de m&rsquo;avoir parce que si je n&rsquo;étais pas là, euh&#8230; qui c&rsquo;est qui s&rsquo;occuperait de ci et de ça quand ils partent en vacances ? Qui c&rsquo;est qui peut rester avec la caisse&#8230;?</p>



<p class="wp-block-paragraph">Enfin bref, c&rsquo;était la personne qui savait qu&rsquo;elle occupait la place !<br>Et Madame « J&rsquo;occupe toute la place », je suis bien là, quand je suis là&#8230;</p>



<p class="wp-block-paragraph">D&rsquo;ailleurs, elle avait été très en colère lorsque je suis arrivée la première année, parce que tout le monde était habillé en Jeans, n&rsquo;importe comment et comme on était deux, quatre, cinq, on était même six en pleine saison !</p>



<p class="wp-block-paragraph">Alors quand les clients arrivaient, tu vois&#8230; beaucoup arrivaient avec leurs souliers de montagne dans le salon de coiffure, et ils cherchaient à savoir qui était le coiffeur&#8230; <br>Tu vois, puisqu&rsquo;on était habillé en Jeans, et que chacun avait son habit personnel&#8230;</p>



<p class="wp-block-paragraph">Tout le monde s&rsquo;habillait comme il voulait, et personne ne disait rien du tout, il n&rsquo;y avait pas d&rsquo;uniforme. Alors j&rsquo;ai dit à Ferdinand :<br>&#8211; C&rsquo;est pas « Classe » ce n&rsquo;est pas joli, on pourrait faire un salon beaucoup plus joli&#8230; !</p>



<p class="wp-block-paragraph">Tu vois, c&rsquo;était joli, ce petit salon de coiffure avec ses petites fenêtres en bois, c&rsquo;était tout mignon, c&rsquo;était à bouffer&#8230; C&rsquo;était un endroit avec un charme fou !</p>



<p class="wp-block-paragraph">Quelques jours avant, j&rsquo;avais déjà demandé à Ilsé, en tête à tête&#8230; <br>&#8211; Mais comment ça se fait qu&rsquo;on n&rsquo;ait pas un habit de travail, ici ?<br>Qu&rsquo;on soit en Jeans n&rsquo;importe comment ? <br>Ça ressemble à n&rsquo;importe quoi, mais comment ça se fait&#8230; ?</p>



<p class="wp-block-paragraph">Alors à Ferdinand, je lui ai dit :<br>&#8211; Mais on devrait avoir un uniforme&#8230; une marque !<br>Vous, on vous reconnait, on sait que vous êtes le coiffeur, mais nous, les autres&#8230; comment est ce qu&rsquo;on nous reconnait ?<br>Vous, les gens vous connaissent bien depuis toutes ces années, mais nous ? Parce que quand les gens rentrent, il devraient directement savoir à qui ils ont à faire&#8230; Et on est plusieurs personnes à travailler ici&#8230; Quand ils rentrent ils doivent pouvoir se dire :<br>&#8211; Ben tiens celle-là, c&rsquo;est avec celle-là que je m&rsquo;adresse&#8230;</p>



<p class="wp-block-paragraph">On devrait avoir quelque chose qui fait qu&rsquo;ils savent qu&rsquo;ils s&rsquo;adressent à des professionnels&#8230; et puis là-dessus il me dit :<br>&#8211; Ouais, mais vous pensez à quoi ?</p>



<p class="wp-block-paragraph">Et Ilsé avait rajouté :<br>&#8211; Ben oui, c&rsquo;est vrai, vous avez raison, vous verriez quoi ?</p>



<p class="wp-block-paragraph">Alors je leur dis : <br>&#8211; On pourrait porter un ensemble&#8230; On pourrait porter un costume, un costume comme vous voulez, hein&#8230; C&rsquo;est égal&#8230; Un uniforme qui représente, la montagne, qui représente votre salon&#8230; Mais on peut regarder ensemble, ce qu&rsquo;on peut trouver comme uniforme, et on peut en discuter tous ensemble&#8230;</p>



<p class="wp-block-paragraph">Alors sa femme, pendant le week-end, elle a directement regardé, et puis le lundi matin, elle est arrivée avec des prospectus, et elle ma dit : <br>&#8211; Regardez ce que j&rsquo;ai vu&#8230; il y aurait plus ou moins ça&#8230; et ça&#8230; ou ça qui me plairait&#8230;<br>&#8211; Voilà, c&rsquo;est une bonne idée ! que je lui dis&#8230; <br>Et ah, ben ça c&rsquo;est pas mal, et puis ça aussi&#8230; Mais vous savez, ce qui est important, c&rsquo;est qu&rsquo;on nous reconnaisse&#8230;</p>



<p class="wp-block-paragraph">C&rsquo;est vrai que ça allait bien avec le chalet, ce qu&rsquo;elle avait choisi. <br>Alors elle me dit :<br>&#8211; Alors si je commande ça, qu&rsquo;est ce que vous en pensez ?<br>&#8211; C&rsquo;est très bien&nbsp;! Ça va très très bien&nbsp;!</p>



<p class="wp-block-paragraph">Et puis là-dessus elle a décidé de prendre les tailles de tout le monde, puis elle a commandé&#8230;</p>



<p class="wp-block-paragraph">Tu penses bien que Madame « J&rsquo;occupe toute la place », quand elle est arrivée, elle a dit : <br>&#8211; C&rsquo;est quoi ces machins&#8230;! Maintenant depuis que celle-là est arrivée, on doit mettre des uniformes !?</p>



<p class="wp-block-paragraph">Alors qu&rsquo;elle, elle était fille du « Maitre d&rsquo;hôtel », elle qui coiffait les femmes, les Jeudi, Vendredi, Samedi&#8230; Elle qui avait des habits de marques&#8230; Bien sûr, c&rsquo;était aussi quelqu&rsquo;un, elle avait fait aussi des saisons sur des bateaux, elle avait un mari important&#8230; <br>Elle était grande, taille mannequin, les cheveux noirs, la peau basanée, des yeux bleus qui sortaient « Caraïbe » c&rsquo;était une très belle femme&#8230;!</p>



<p class="wp-block-paragraph">&#8211; C&rsquo;est un monde, quand même, on ne se demande pas qui c&rsquo;est qui a mis ça de nouveau dans la tête du patron !<br>Voilà&#8230; et sa femme ne nous a même pas demandé pour choisir, les costumes ! <br>Et maintenant on nous impose&#8230; On est habillé comme des clodos, comme des guignols ! <br>Tiens on aurait pu marquer « Machin » ici &#8230;et tout ce qui s&rsquo;ensuit, <br>on n&rsquo;a pas tous les moyens de se payer tous ces trucs&#8230;</p>



<ul class="wp-block-list">
<li>Alors elle était furax&#8230;!</li>
</ul>



<p class="wp-block-paragraph">Mais moi, jamais je ne m&rsquo;étais mesurée à elle, absolument pas&#8230;<br>Rien du tout !</p>

<p>&lt;Enregistré le 28 Août 2014&gt; Madame « J&rsquo;occupe toute la place » disait :&#8211; Ah, mais moi je sais bien&#8230; Je suis grande, j&rsquo;ai les yeux magnifiques, Je parles quatre langues&#8230; et Ferdinand est bien content de m&rsquo;avoir parce que si je n&rsquo;étais pas là, euh&#8230; qui c&rsquo;est qui s&rsquo;occuperait de ci et de ça quand ils [&hellip;]</p>
