{"id":1864,"date":"2026-02-27T10:22:00","date_gmt":"2026-02-27T10:22:00","guid":{"rendered":"https:\/\/mercigracias.ch\/?page_id=1864"},"modified":"2026-07-12T17:45:13","modified_gmt":"2026-07-12T17:45:13","slug":"jaurais-du-comprendre","status":"publish","type":"page","link":"https:\/\/mercigracias.ch\/?page_id=1864","title":{"rendered":"J&rsquo;aurais d\u00fb comprendre !"},"content":{"rendered":"\n<p class=\"wp-block-paragraph\">&lt;Enregistr\u00e9 le 03 Juin 2014&gt;<\/p>\n\n\n\n<p class=\"wp-block-paragraph\">Alors quand j&rsquo;\u00e9tais en haut et qu&rsquo;il y avait eu cette \u00e9quipe d&rsquo;artistes de cin\u00e9ma, et qu&rsquo;il avait piqu\u00e9 sa col\u00e8re, parce qu&rsquo;on avait fait la f\u00eate toute la semaine et parce que j&rsquo;avais \u00e9t\u00e9 prise pour faire du cin\u00e9ma&#8230;<\/p>\n\n\n\n<p class=\"wp-block-paragraph\">Bien s\u00fbr il n&rsquo;avait pas support\u00e9 \u00e7a&#8230; Il m&rsquo;avait fait une sc\u00e8ne pas possible, je lui avais dit :<br>&#8211; Non, alors \u00e9coute&#8230; je n&rsquo;accepte pas ce que tu me fais l\u00e0 !<br>Je ne suis pas ta propri\u00e9t\u00e9, je ne suis pas ton chien, je n&rsquo;ai rien fait de mal, je ne t&rsquo;ai pas trahi, je n&rsquo;ai pas \u00e9t\u00e9 infid\u00e8le, j&rsquo;ai fait ma jeunesse une semaine, c&rsquo;est vrai&#8230; J&rsquo;ai rigol\u00e9, j&rsquo;ai \u00e9t\u00e9 manger avec un groupe, mais alors si tu ne me fais pas plus confiance, alors oublie !<\/p>\n\n\n\n<p class=\"wp-block-paragraph\">J&rsquo;ai demand\u00e9 \u00e0 Ilse un grand carton&#8230;  J&rsquo;ai pris le carton, et j&rsquo;ai envoy\u00e9 le carton par la poste&#8230; <\/p>\n\n\n\n<p class=\"wp-block-paragraph\">Apr\u00e8s, quand il a eu fini de rembourser ses dettes&#8230; 50&rsquo;000 Francs de dettes parce qu&rsquo;il ne payait pas les pensions pour sa fille ! <br>Alors tu vois, comme il venait de rembourser ses dettes en vendant de la r\u00e9cup\u00e9ration des produits issus de la photo argentique, il me dit :<br>&#8211; Oui, on va faire la f\u00eate, j&rsquo;ai organis\u00e9&#8230; J&rsquo;ai invit\u00e9 tout le monde pour faire une f\u00eate&#8230;<\/p>\n\n\n\n<p class=\"wp-block-paragraph\">Alors je lui dis :<br>&#8211; Alors ce week-end je ne descend pas, je vais rester ! <br>Il me dit&nbsp;: <br>&#8211; Mais nom de bleu, je ne comprends pas &#8230;!?<\/p>\n\n\n\n<p class=\"wp-block-paragraph\">&#8211; Mais c&rsquo;est tout \u00e0 fait normal&#8230; Il est grand temps, que tu r\u00e8gles tes affaires. Comment \u00e7a se fait que tu puisses vouloir m&rsquo;inviter pour une chose comme \u00e7a et faire une f\u00eate&nbsp;? <\/p>\n\n\n\n<p class=\"wp-block-paragraph\">D&rsquo;avoir de la fiert\u00e9 par rapport \u00e0 des choses qu&rsquo;il n&rsquo;arrivait pas \u00e0 g\u00e9rer, \u00e7a me d\u00e9passait&#8230; C&rsquo;est juste aberrant de vouloir fr\u00e9quenter une fille quand on se trouve dans une situation comme \u00e7a et qu&rsquo;on n&rsquo;a rien \u00e0 lui apporter, rien \u00e0 faire pour elle&#8230; Non merci, \u00e7a ne m&rsquo;int\u00e9resse pas !<\/p>\n\n\n\n<p class=\"wp-block-paragraph\">Moi je n&rsquo;en veux pas, peut-\u00eatre que j&rsquo;ai une autre estime de moi, mais j&rsquo;attends autre chose&#8230;<\/p>\n\n\n\n<ul class=\"wp-block-list\">\n<li>J&rsquo;attendais autre chose !<\/li>\n<\/ul>\n\n\n\n<p class=\"wp-block-paragraph\">C&rsquo;\u00e9tait ma vision de femme, ma valeur, je la veux avec quelqu&rsquo;un qui a de la valeur, qui en jette !<\/p>\n\n\n\n<p class=\"wp-block-paragraph\">C&rsquo;\u00e9tait encore quelque chose de similaire \u00e0 Sasha, o\u00f9 il s&rsquo;attribuait de la fiert\u00e9 d&rsquo;avoir fait quelque chose qui relevait du normal, du minimum des choses qu&rsquo;on puisse faire&#8230;<\/p>\n\n\n\n<p class=\"wp-block-paragraph\">Je ne sais pas si mon niveau d&rsquo;exigence \u00e9tait trop \u00e9lev\u00e9 mais il n&rsquo;\u00e9tait pas moins que celui que j&rsquo;avais pour moi-m\u00eame&#8230;<\/p>\n\n\n\n<p class=\"wp-block-paragraph\">C&rsquo;est vrai que je l&rsquo;ai pouss\u00e9 \u00e0 fond, et la situation qu&rsquo;il a eu apr\u00e8s c&rsquo;est bien parce que j&rsquo;\u00e9tais toujours derri\u00e8re&#8230;<\/p>\n\n\n\n<p class=\"wp-block-paragraph\">Je me souviens que quand il avait deux francs, il en d\u00e9pensait un !<br>Alors je lui demandais :<br>&#8211; Mais comment tu penses acheter tes machines&nbsp;?<br>&#8230;Tes machines \u00e0 patates, tes cuves pour faire&nbsp;?<\/p>\n\n\n\n<ul class=\"wp-block-list\">\n<li>Je ne croyais pas si bien dire.<\/li>\n<\/ul>\n\n\n\n<p class=\"wp-block-paragraph\">Un jour Ferdinand, et Ilse sont venus me voir, tout attrit\u00e9s&#8230; et ils me disent :<br>&#8211; Alors vous avez d\u00e9cid\u00e9 de partir ?<br>&#8211; Ah bon ?<\/p>\n\n\n\n<p class=\"wp-block-paragraph\">&#8211; Oui, on a re\u00e7u votre cong\u00e9 par la poste !<\/p>\n\n\n\n<p class=\"wp-block-paragraph\">C&rsquo;\u00e9tait mon fianc\u00e9 qui leur avait envoy\u00e9 une lettre disant que j&rsquo;allais le retrouver et que je partais de Gstaad&#8230; du grand n&rsquo;importe quoi !<\/p>\n\n\n\n<p class=\"wp-block-paragraph\">Ce n&rsquo;\u00e9tait pas de moi, je n&rsquo;avais pas \u00e9t\u00e9 au courant de son initiative !<br>On voyait d\u00e9j\u00e0 ce qu&rsquo;il \u00e9tait pr\u00eat \u00e0 faire pour me mettre sous cloche&#8230;<\/p>\n\n\n\n<p class=\"wp-block-paragraph\">Mais l&rsquo;amour et le respect, il \u00e9tait o\u00f9 l\u00e0-dedans ? <br>J&rsquo;aurai du comprendre ce qui allait m&rsquo;arriver&#8230;<\/p>\n\n\n\n<p class=\"wp-block-paragraph\">Mais je devais suivre mon chemin&#8230; L&rsquo; appel \u00e9tait l\u00e0 ! <\/p>\n\n\n\n<p class=\"wp-block-paragraph\">Alors du coup, je suis rest\u00e9e une saison de plus&#8230; Tu vois, je l&rsquo;avais rencontr\u00e9 par l&rsquo;interm\u00e9diaire de ma s\u0153ur&#8230; La rencontre c&rsquo;\u00e9tait faite \u00e0 un cours de coaching o\u00f9 ma s\u0153ur m&rsquo;avait oblig\u00e9e de l&rsquo;accompagner, comme quoi&#8230; <\/p>\n\n\n\n<p class=\"wp-block-paragraph\">Et \u00e0 ce cours, il \u00e9tait venu s&rsquo;assoir juste \u00e0 c\u00f4t\u00e9 de moi, comme Yves Montant&#8230; pour m&rsquo;apporter un caf\u00e9. Il m&rsquo;avait rep\u00e9r\u00e9e, dans l&rsquo;amphi et je m&rsquo;\u00e9tais dit :<br>&#8211; Aah&#8230; C&rsquo;est donc lui&#8230;?<\/p>\n\n\n\n<p class=\"wp-block-paragraph\">Une petite voix m&rsquo;avait dit que ce serait avec lui que je me marierais&#8230;<\/p>\n\n\n\n<p class=\"wp-block-paragraph\">Mais au fond je ne savais pas encore que c&rsquo;\u00e9tait un narcissique&#8230; pervers. <\/p>\n\n\n\n<p class=\"wp-block-paragraph\">Si Je n&rsquo;avais d\u00e9j\u00e0 pas le droit de prendre du plaisir sans passer par lui, je ne savais pas pourquoi il \u00e9tait endett\u00e9 et sans travail, mais apr\u00e8s j&rsquo;ai compris&#8230; quand \u00e7a a \u00e9t\u00e9 pareil pour moi.<\/p>\n\n\n\n<ul class=\"wp-block-list\">\n<li>C&rsquo;\u00e9tait pour ne pas devoir payer de pension au divorce, s&rsquo;il n&rsquo;avait pas de fortune&#8230; c&rsquo;\u00e9tait pour faire piti\u00e9 au juge.<\/li>\n<\/ul>\n","protected":false},"excerpt":{"rendered":"<p>&lt;Enregistr\u00e9 le 03 Juin 2014&gt; Alors quand j&rsquo;\u00e9tais en haut et qu&rsquo;il y avait eu cette \u00e9quipe d&rsquo;artistes de cin\u00e9ma, et qu&rsquo;il avait piqu\u00e9 sa col\u00e8re, parce qu&rsquo;on avait fait la f\u00eate toute la semaine et parce que j&rsquo;avais \u00e9t\u00e9 prise pour faire du cin\u00e9ma&#8230; Bien s\u00fbr il n&rsquo;avait pas support\u00e9 \u00e7a&#8230; Il m&rsquo;avait fait [&hellip;]<\/p>\n","protected":false},"author":1,"featured_media":0,"parent":0,"menu_order":0,"comment_status":"open","ping_status":"closed","template":"pages-chapitre-07","meta":{"footnotes":""},"class_list":["post-1864","page","type-page","status-publish","hentry"],"jetpack_sharing_enabled":true,"_links":{"self":[{"href":"https:\/\/mercigracias.ch\/index.php?rest_route=\/wp\/v2\/pages\/1864","targetHints":{"allow":["GET"]}}],"collection":[{"href":"https:\/\/mercigracias.ch\/index.php?rest_route=\/wp\/v2\/pages"}],"about":[{"href":"https:\/\/mercigracias.ch\/index.php?rest_route=\/wp\/v2\/types\/page"}],"author":[{"embeddable":true,"href":"https:\/\/mercigracias.ch\/index.php?rest_route=\/wp\/v2\/users\/1"}],"replies":[{"embeddable":true,"href":"https:\/\/mercigracias.ch\/index.php?rest_route=%2Fwp%2Fv2%2Fcomments&post=1864"}],"version-history":[{"count":11,"href":"https:\/\/mercigracias.ch\/index.php?rest_route=\/wp\/v2\/pages\/1864\/revisions"}],"predecessor-version":[{"id":5584,"href":"https:\/\/mercigracias.ch\/index.php?rest_route=\/wp\/v2\/pages\/1864\/revisions\/5584"}],"wp:attachment":[{"href":"https:\/\/mercigracias.ch\/index.php?rest_route=%2Fwp%2Fv2%2Fmedia&parent=1864"}],"curies":[{"name":"wp","href":"https:\/\/api.w.org\/{rel}","templated":true}]}}

J&rsquo;aurais dû comprendre !

<p class="wp-block-paragraph">&lt;Enregistré le 03 Juin 2014&gt;</p>



<p class="wp-block-paragraph">Alors quand j&rsquo;étais en haut et qu&rsquo;il y avait eu cette équipe d&rsquo;artistes de cinéma, et qu&rsquo;il avait piqué sa colère, parce qu&rsquo;on avait fait la fête toute la semaine et parce que j&rsquo;avais été prise pour faire du cinéma&#8230;</p>



<p class="wp-block-paragraph">Bien sûr il n&rsquo;avait pas supporté ça&#8230; Il m&rsquo;avait fait une scène pas possible, je lui avais dit :<br>&#8211; Non, alors écoute&#8230; je n&rsquo;accepte pas ce que tu me fais là !<br>Je ne suis pas ta propriété, je ne suis pas ton chien, je n&rsquo;ai rien fait de mal, je ne t&rsquo;ai pas trahi, je n&rsquo;ai pas été infidèle, j&rsquo;ai fait ma jeunesse une semaine, c&rsquo;est vrai&#8230; J&rsquo;ai rigolé, j&rsquo;ai été manger avec un groupe, mais alors si tu ne me fais pas plus confiance, alors oublie !</p>



<p class="wp-block-paragraph">J&rsquo;ai demandé à Ilse un grand carton&#8230;  J&rsquo;ai pris le carton, et j&rsquo;ai envoyé le carton par la poste&#8230; </p>



<p class="wp-block-paragraph">Après, quand il a eu fini de rembourser ses dettes&#8230; 50&rsquo;000 Francs de dettes parce qu&rsquo;il ne payait pas les pensions pour sa fille ! <br>Alors tu vois, comme il venait de rembourser ses dettes en vendant de la récupération des produits issus de la photo argentique, il me dit :<br>&#8211; Oui, on va faire la fête, j&rsquo;ai organisé&#8230; J&rsquo;ai invité tout le monde pour faire une fête&#8230;</p>



<p class="wp-block-paragraph">Alors je lui dis :<br>&#8211; Alors ce week-end je ne descend pas, je vais rester ! <br>Il me dit&nbsp;: <br>&#8211; Mais nom de bleu, je ne comprends pas &#8230;!?</p>



<p class="wp-block-paragraph">&#8211; Mais c&rsquo;est tout à fait normal&#8230; Il est grand temps, que tu règles tes affaires. Comment ça se fait que tu puisses vouloir m&rsquo;inviter pour une chose comme ça et faire une fête&nbsp;? </p>



<p class="wp-block-paragraph">D&rsquo;avoir de la fierté par rapport à des choses qu&rsquo;il n&rsquo;arrivait pas à gérer, ça me dépassait&#8230; C&rsquo;est juste aberrant de vouloir fréquenter une fille quand on se trouve dans une situation comme ça et qu&rsquo;on n&rsquo;a rien à lui apporter, rien à faire pour elle&#8230; Non merci, ça ne m&rsquo;intéresse pas !</p>



<p class="wp-block-paragraph">Moi je n&rsquo;en veux pas, peut-être que j&rsquo;ai une autre estime de moi, mais j&rsquo;attends autre chose&#8230;</p>



<ul class="wp-block-list">
<li>J&rsquo;attendais autre chose !</li>
</ul>



<p class="wp-block-paragraph">C&rsquo;était ma vision de femme, ma valeur, je la veux avec quelqu&rsquo;un qui a de la valeur, qui en jette !</p>



<p class="wp-block-paragraph">C&rsquo;était encore quelque chose de similaire à Sasha, où il s&rsquo;attribuait de la fierté d&rsquo;avoir fait quelque chose qui relevait du normal, du minimum des choses qu&rsquo;on puisse faire&#8230;</p>



<p class="wp-block-paragraph">Je ne sais pas si mon niveau d&rsquo;exigence était trop élevé mais il n&rsquo;était pas moins que celui que j&rsquo;avais pour moi-même&#8230;</p>



<p class="wp-block-paragraph">C&rsquo;est vrai que je l&rsquo;ai poussé à fond, et la situation qu&rsquo;il a eu après c&rsquo;est bien parce que j&rsquo;étais toujours derrière&#8230;</p>



<p class="wp-block-paragraph">Je me souviens que quand il avait deux francs, il en dépensait un !<br>Alors je lui demandais :<br>&#8211; Mais comment tu penses acheter tes machines&nbsp;?<br>&#8230;Tes machines à patates, tes cuves pour faire&nbsp;?</p>



<ul class="wp-block-list">
<li>Je ne croyais pas si bien dire.</li>
</ul>



<p class="wp-block-paragraph">Un jour Ferdinand, et Ilse sont venus me voir, tout attrités&#8230; et ils me disent :<br>&#8211; Alors vous avez décidé de partir ?<br>&#8211; Ah bon ?</p>



<p class="wp-block-paragraph">&#8211; Oui, on a reçu votre congé par la poste !</p>



<p class="wp-block-paragraph">C&rsquo;était mon fiancé qui leur avait envoyé une lettre disant que j&rsquo;allais le retrouver et que je partais de Gstaad&#8230; du grand n&rsquo;importe quoi !</p>



<p class="wp-block-paragraph">Ce n&rsquo;était pas de moi, je n&rsquo;avais pas été au courant de son initiative !<br>On voyait déjà ce qu&rsquo;il était prêt à faire pour me mettre sous cloche&#8230;</p>



<p class="wp-block-paragraph">Mais l&rsquo;amour et le respect, il était où là-dedans ? <br>J&rsquo;aurai du comprendre ce qui allait m&rsquo;arriver&#8230;</p>



<p class="wp-block-paragraph">Mais je devais suivre mon chemin&#8230; L&rsquo; appel était là ! </p>



<p class="wp-block-paragraph">Alors du coup, je suis restée une saison de plus&#8230; Tu vois, je l&rsquo;avais rencontré par l&rsquo;intermédiaire de ma sœur&#8230; La rencontre c&rsquo;était faite à un cours de coaching où ma sœur m&rsquo;avait obligée de l&rsquo;accompagner, comme quoi&#8230; </p>



<p class="wp-block-paragraph">Et à ce cours, il était venu s&rsquo;assoir juste à côté de moi, comme Yves Montant&#8230; pour m&rsquo;apporter un café. Il m&rsquo;avait repérée, dans l&rsquo;amphi et je m&rsquo;étais dit :<br>&#8211; Aah&#8230; C&rsquo;est donc lui&#8230;?</p>



<p class="wp-block-paragraph">Une petite voix m&rsquo;avait dit que ce serait avec lui que je me marierais&#8230;</p>



<p class="wp-block-paragraph">Mais au fond je ne savais pas encore que c&rsquo;était un narcissique&#8230; pervers. </p>



<p class="wp-block-paragraph">Si Je n&rsquo;avais déjà pas le droit de prendre du plaisir sans passer par lui, je ne savais pas pourquoi il était endetté et sans travail, mais après j&rsquo;ai compris&#8230; quand ça a été pareil pour moi.</p>



<ul class="wp-block-list">
<li>C&rsquo;était pour ne pas devoir payer de pension au divorce, s&rsquo;il n&rsquo;avait pas de fortune&#8230; c&rsquo;était pour faire pitié au juge.</li>
</ul>

<p>&lt;Enregistré le 03 Juin 2014&gt; Alors quand j&rsquo;étais en haut et qu&rsquo;il y avait eu cette équipe d&rsquo;artistes de cinéma, et qu&rsquo;il avait piqué sa colère, parce qu&rsquo;on avait fait la fête toute la semaine et parce que j&rsquo;avais été prise pour faire du cinéma&#8230; Bien sûr il n&rsquo;avait pas supporté ça&#8230; Il m&rsquo;avait fait [&hellip;]</p>
