{"id":1898,"date":"2026-02-27T15:15:56","date_gmt":"2026-02-27T15:15:56","guid":{"rendered":"https:\/\/mercigracias.ch\/?page_id=1898"},"modified":"2026-06-27T16:29:24","modified_gmt":"2026-06-27T16:29:24","slug":"voila-les-clefs","status":"publish","type":"page","link":"https:\/\/mercigracias.ch\/?page_id=1898","title":{"rendered":"Voil\u00e0 les clefs !"},"content":{"rendered":"\n<p class=\"wp-block-paragraph\">&lt;Enregistr\u00e9 le 03 D\u00e9cembre 2016&gt;<\/p>\n\n\n\n<p class=\"wp-block-paragraph\">Quand ils sont partis en vacances et ils m&rsquo;avaient laiss\u00e9 leur appartement, et Maman \u00e9tait venue quelques jours \u00e0 Gstaad. <br>&#8211; On vous a rempli le frigo pour que vous puissiez manger, qu&rsquo;Ils\u00e9 m&rsquo;avait dit&#8230;<\/p>\n\n\n\n<p class=\"wp-block-paragraph\">Un immense frigo comme chez ma filleule, tout \u00e9tait plein&#8230; Elle m&rsquo;avait dit&#8230;<br>&#8211; Tout est plein, dedans, et quand je reviens je veux que \u00e7a soit vide&#8230; !<\/p>\n\n\n\n<p class=\"wp-block-paragraph\"><em>&#8211; Elle te remerciait tellement de tenir leur salon de coiffure pendant le temps qu&rsquo;ils pouvaient partir en vacances&#8230;<\/em><br>&#8211; Oui&#8230;<\/p>\n\n\n\n<p class=\"wp-block-paragraph\">&#8211; <em>Parce qu&rsquo;ils ne devaient pas partir souvent&#8230; <\/em><br>&#8211; Ah non, ils ne pouvaient pas partir&#8230; Ils partaient avec Madame \u00ab\u00a0J&rsquo;occupe toute la place\u00a0\u00bb&#8230; mais ils l&rsquo;avaient mise dehors&#8230; C&rsquo;\u00e9tait elle qui reprenait le salon.<\/p>\n\n\n\n<p class=\"wp-block-paragraph\">Mais quand ils ont vir\u00e9s Madame \u00ab\u00a0J&rsquo;occupe toute la place\u00a0\u00bb, je leur avais dit :<br>&#8211; Mais ne faites pas \u00e7a !&#8230; Vous allez faire comment ?<\/p>\n\n\n\n<p class=\"wp-block-paragraph\">Et un jour, ils m&rsquo;avaient dit :<br>&#8211; On aimerait bien partir en vacances&#8230;<br>&#8211; &#8230;Mais bien s\u00fbr, vous pouvez partir !<\/p>\n\n\n\n<p class=\"wp-block-paragraph\">&#8211; Oui, qu&rsquo;ils mont dit&#8230; Oui, mais la caisse, les machins les trucs&#8230; ?<br>&#8211; Mais ce n&rsquo;est pas un souci&#8230;<\/p>\n\n\n\n<p class=\"wp-block-paragraph\">Je pense qu&rsquo;Ils\u00e9, elle m&rsquo;\u00e9tait reconnaissante tu vois, quand j&rsquo;ai voulu apporter les produits Furterer&#8230; Ferdinand m&rsquo;avait dit :<br>&#8211; Oui oui&#8230; bien s\u00fbr ! Si vous voulez les produits Furterer, si vous g\u00e9rez il n&rsquo;y a pas de souci&#8230; Mais pour passer les commandes, c&rsquo;\u00e9tait un poids pour lui, il d\u00e9testait faire \u00e7a&#8230; Alors moi je lui ai dit :<br>&#8211; Je veux bien faire, et de faire le contr\u00f4le&#8230; l&rsquo;inventaire, de faire la liste de ce qu&rsquo;il y avait et de ce qu&rsquo;il n&rsquo;y a plus&#8230;<\/p>\n\n\n\n<p class=\"wp-block-paragraph\">Il \u00e9tait content parce qu&rsquo;il d\u00e9testait faire \u00e7a&#8230; <br>&#8211; Je ne sais jamais combien il faut commander&#8230; J&rsquo;ai ci, j&rsquo;ai \u00e7a, qu&rsquo;il m&rsquo;avait dit&#8230; <br>&#8211; Oui mais il y a les trucs de base qu&rsquo;on prend toujours et on fait avec la base&#8230; Donc apr\u00e8s \u00e7a, quand les gens veulent sortir de la base, <br>c&rsquo;est une autre histoire, ils reviennent, si on n&rsquo;a pas le produit tout de suite&#8230; Comme \u00e7a, il n&rsquo;y a rien de perdu.<\/p>\n\n\n\n<p class=\"wp-block-paragraph\">Alors \u00e7a s&rsquo;\u00e9tait mis en place tout seul&#8230;<\/p>\n\n\n\n<p class=\"wp-block-paragraph\"><\/p>\n","protected":false},"excerpt":{"rendered":"<p>&lt;Enregistr\u00e9 le 03 D\u00e9cembre 2016&gt; Quand ils sont partis en vacances et ils m&rsquo;avaient laiss\u00e9 leur appartement, et Maman \u00e9tait venue quelques jours \u00e0 Gstaad. &#8211; On vous a rempli le frigo pour que vous puissiez manger, qu&rsquo;Ils\u00e9 m&rsquo;avait dit&#8230; Un immense frigo comme chez ma filleule, tout \u00e9tait plein&#8230; Elle m&rsquo;avait dit&#8230;&#8211; Tout est [&hellip;]<\/p>\n","protected":false},"author":1,"featured_media":0,"parent":0,"menu_order":0,"comment_status":"open","ping_status":"closed","template":"pages-chapitre-07","meta":{"footnotes":""},"class_list":["post-1898","page","type-page","status-publish","hentry"],"jetpack_sharing_enabled":true,"_links":{"self":[{"href":"https:\/\/mercigracias.ch\/index.php?rest_route=\/wp\/v2\/pages\/1898","targetHints":{"allow":["GET"]}}],"collection":[{"href":"https:\/\/mercigracias.ch\/index.php?rest_route=\/wp\/v2\/pages"}],"about":[{"href":"https:\/\/mercigracias.ch\/index.php?rest_route=\/wp\/v2\/types\/page"}],"author":[{"embeddable":true,"href":"https:\/\/mercigracias.ch\/index.php?rest_route=\/wp\/v2\/users\/1"}],"replies":[{"embeddable":true,"href":"https:\/\/mercigracias.ch\/index.php?rest_route=%2Fwp%2Fv2%2Fcomments&post=1898"}],"version-history":[{"count":6,"href":"https:\/\/mercigracias.ch\/index.php?rest_route=\/wp\/v2\/pages\/1898\/revisions"}],"predecessor-version":[{"id":4931,"href":"https:\/\/mercigracias.ch\/index.php?rest_route=\/wp\/v2\/pages\/1898\/revisions\/4931"}],"wp:attachment":[{"href":"https:\/\/mercigracias.ch\/index.php?rest_route=%2Fwp%2Fv2%2Fmedia&parent=1898"}],"curies":[{"name":"wp","href":"https:\/\/api.w.org\/{rel}","templated":true}]}}

Voilà les clefs !

<p class="wp-block-paragraph">&lt;Enregistré le 03 Décembre 2016&gt;</p>



<p class="wp-block-paragraph">Quand ils sont partis en vacances et ils m&rsquo;avaient laissé leur appartement, et Maman était venue quelques jours à Gstaad. <br>&#8211; On vous a rempli le frigo pour que vous puissiez manger, qu&rsquo;Ilsé m&rsquo;avait dit&#8230;</p>



<p class="wp-block-paragraph">Un immense frigo comme chez ma filleule, tout était plein&#8230; Elle m&rsquo;avait dit&#8230;<br>&#8211; Tout est plein, dedans, et quand je reviens je veux que ça soit vide&#8230; !</p>



<p class="wp-block-paragraph"><em>&#8211; Elle te remerciait tellement de tenir leur salon de coiffure pendant le temps qu&rsquo;ils pouvaient partir en vacances&#8230;</em><br>&#8211; Oui&#8230;</p>



<p class="wp-block-paragraph">&#8211; <em>Parce qu&rsquo;ils ne devaient pas partir souvent&#8230; </em><br>&#8211; Ah non, ils ne pouvaient pas partir&#8230; Ils partaient avec Madame « J&rsquo;occupe toute la place »&#8230; mais ils l&rsquo;avaient mise dehors&#8230; C&rsquo;était elle qui reprenait le salon.</p>



<p class="wp-block-paragraph">Mais quand ils ont virés Madame « J&rsquo;occupe toute la place », je leur avais dit :<br>&#8211; Mais ne faites pas ça !&#8230; Vous allez faire comment ?</p>



<p class="wp-block-paragraph">Et un jour, ils m&rsquo;avaient dit :<br>&#8211; On aimerait bien partir en vacances&#8230;<br>&#8211; &#8230;Mais bien sûr, vous pouvez partir !</p>



<p class="wp-block-paragraph">&#8211; Oui, qu&rsquo;ils mont dit&#8230; Oui, mais la caisse, les machins les trucs&#8230; ?<br>&#8211; Mais ce n&rsquo;est pas un souci&#8230;</p>



<p class="wp-block-paragraph">Je pense qu&rsquo;Ilsé, elle m&rsquo;était reconnaissante tu vois, quand j&rsquo;ai voulu apporter les produits Furterer&#8230; Ferdinand m&rsquo;avait dit :<br>&#8211; Oui oui&#8230; bien sûr ! Si vous voulez les produits Furterer, si vous gérez il n&rsquo;y a pas de souci&#8230; Mais pour passer les commandes, c&rsquo;était un poids pour lui, il détestait faire ça&#8230; Alors moi je lui ai dit :<br>&#8211; Je veux bien faire, et de faire le contrôle&#8230; l&rsquo;inventaire, de faire la liste de ce qu&rsquo;il y avait et de ce qu&rsquo;il n&rsquo;y a plus&#8230;</p>



<p class="wp-block-paragraph">Il était content parce qu&rsquo;il détestait faire ça&#8230; <br>&#8211; Je ne sais jamais combien il faut commander&#8230; J&rsquo;ai ci, j&rsquo;ai ça, qu&rsquo;il m&rsquo;avait dit&#8230; <br>&#8211; Oui mais il y a les trucs de base qu&rsquo;on prend toujours et on fait avec la base&#8230; Donc après ça, quand les gens veulent sortir de la base, <br>c&rsquo;est une autre histoire, ils reviennent, si on n&rsquo;a pas le produit tout de suite&#8230; Comme ça, il n&rsquo;y a rien de perdu.</p>



<p class="wp-block-paragraph">Alors ça s&rsquo;était mis en place tout seul&#8230;</p>



<p class="wp-block-paragraph"></p>

<p>&lt;Enregistré le 03 Décembre 2016&gt; Quand ils sont partis en vacances et ils m&rsquo;avaient laissé leur appartement, et Maman était venue quelques jours à Gstaad. &#8211; On vous a rempli le frigo pour que vous puissiez manger, qu&rsquo;Ilsé m&rsquo;avait dit&#8230; Un immense frigo comme chez ma filleule, tout était plein&#8230; Elle m&rsquo;avait dit&#8230;&#8211; Tout est [&hellip;]</p>
